(21344,160628,177599,'2018-08-23 10:19:42','2018-08-23 02:19:42'),(21345,160693,177600,'2018-08-23 10:36:12','2018-08-23 02:36:12'),(21346,160694,177609,'2018-08-23 10:36:51','2018-08-23 02:36:51'),(21347,160703,177620,'2018-08-23 10:38:15','2018-08-23 02:38:15'),(21348,160704,177628,'2018-08-23 10:38:15','2018-08-23 02:38:15'),(21349,160705,177633,'2018-08-23 10:38:15','2018-08-23 02:38:15'),(21350,160706,177639,'2018-08-23 10:38:49','2018-08-23 02:38:49'),(21351,160709,177658,'2018-08-23 10:39:22','2018-08-23 02:39:22'),(21352,160710,177665,'2018-08-23 10:40:19','2018-08-23 02:40:19'),(21353,160711,177667,'2018-08-23 10:40:19','2018-08-23 02:40:19'),(21354,160712,177681,'2018-08-23 10:41:11','2018-08-23 02:41:11'),(21355,160721,177694,'2018-08-23 10:41:52','2018-08-23 02:41:52'),(21356,160756,177700,'2018-08-23 10:54:18','2018-08-23 02:54:18'),(21357,160760,177709,'2018-08-23 10:54:59','2018-08-23 02:54:59'),(21358,160765,177721,'2018-08-23 10:56:39','2018-08-23 02:56:39'),(21359,160766,177728,'2018-08-23 10:56:39','2018-08-23 02:56:39'),(21360,160767,177751,'2018-08-23 10:57:30','2018-08-23 02:57:30'),(21361,160768,177767,'2018-08-23 10:57:57','2018-08-23 02:57:57'),(21362,160770,177803,'2018-08-23 11:00:16','2018-08-23 03:00:16'),(21363,160771,177809,'2018-08-23 11:00:16','2018-08-23 03:00:16'),(21364,160797,177820,'2018-08-23 11:25:27','2018-08-23 03:25:27'),(21365,160798,177828,'2018-08-23 11:25:51','2018-08-23 03:25:51'),(21366,160801,177829,'2018-08-23 11:30:23','2018-08-23 03:30:23'),(21367,160802,177834,'2018-08-23 11:30:58','2018-08-23 03:30:58'),(21368,160803,177839,'2018-08-23 11:31:00','2018-08-23 03:31:00'),(21369,160804,177841,'2018-08-23 11:32:21','2018-08-23 03:32:21'),(21370,160805,177844,'2018-08-23 11:32:21','2018-08-23 03:32:21'),(21371,160806,177853,'2018-08-23 11:32:21','2018-08-23 03:32:21'),(21372,160815,177859,'2018-08-23 11:33:39','2018-08-23 03:33:39'),(21373,160816,177860,'2018-08-23 11:33:39','2018-08-23 03:33:39'),(21374,160817,177861,'2018-08-23 11:33:39','2018-08-23 03:33:39'),(21375,160818,177862,'2018-08-23 11:33:39','2018-08-23 03:33:39'),(21376,160819,177869,'2018-08-23 11:33:39','2018-08-23 03:33:39'),(21377,160820,177871,'2018-08-23 11:35:20','2018-08-23 03:35:20'),(21378,160821,177872,'2018-08-23 11:35:20','2018-08-23 03:35:20'),(21379,160822,177876,'2018-08-23 11:35:20','2018-08-23 03:35:20'),(21380,160823,177877,'2018-08-23 11:35:20','2018-08-23 03:35:20'),(21381,160824,177884,'2018-08-23 11:35:20','2018-08-23 03:35:20'),(21382,160825,177886,'2018-08-23 11:37:52','2018-08-23 03:37:52'),(21383,160826,177887,'2018-08-23 11:37:52','2018-08-23 03:37:52'),(21384,160827,177889,'2018-08-23 11:37:53','2018-08-23 03:37:53'),(21385,160828,177893,'2018-08-23 11:37:53','2018-08-23 03:37:53'),(21386,160829,177895,'2018-08-23 11:37:53','2018-08-23 03:37:53'),(21387,160830,177897,'2018-08-23 11:37:53','2018-08-23 03:37:53'),(21388,160831,177902,'2018-08-23 11:39:49','2018-08-23 03:39:49'),(21389,160832,177907,'2018-08-23 11:39:49','2018-08-23 03:39:49'),(21390,160833,177908,'2018-08-23 11:39:49','2018-08-23 03:39:49'),(21391,160834,177913,'2018-08-23 11:41:14','2018-08-23 03:41:14'),(21392,160835,177919,'2018-08-23 11:41:14','2018-08-23 03:41:14'),(21393,160920,177930,'2018-08-23 11:57:22','2018-08-23 03:57:22'),(21394,160921,177939,'2018-08-23 11:57:58','2018-08-23 03:57:58'),(21395,160930,177950,'2018-08-23 11:58:50','2018-08-23 03:58:50'),(21396,160931,177963,'2018-08-23 11:58:50','2018-08-23 03:58:50'),(21397,160932,177969,'2018-08-23 11:59:23','2018-08-23 03:59:23'),(21398,160944,178029,'2018-08-23 12:02:21','2018-08-23 04:02:21'),(21399,160997,178040,'2018-08-23 12:19:27','2018-08-23 04:19:27'),(21400,160999,178046,'2018-08-23 12:19:51','2018-08-23 04:19:51'),(21401,161009,178060,'2018-08-23 12:27:13','2018-08-23 04:27:13'),(21402,161010,178068,'2018-08-23 12:27:13','2018-08-23 04:27:13'),(21403,161011,178073,'2018-08-23 12:27:17','2018-08-23 04:27:17'),(21404,161012,178091,'2018-08-23 12:29:04','2018-08-23 04:29:04'),(21405,161013,178097,'2018-08-23 12:29:04','2018-08-23 04:29:04'),(21406,161014,178109,'2018-08-23 12:30:20','2018-08-23 04:30:20'),(21407,161213,178153,'2018-08-23 13:38:39','2018-08-23 05:38:39'),(21408,161214,178154,'2018-08-23 13:38:39','2018-08-23 05:38:39'),(21409,161215,178158,'2018-08-23 13:39:39','2018-08-23 05:39:39'),(21410,161216,178161,'2018-08-23 13:41:24','2018-08-23 05:41:24'),(21411,161217,178164,'2018-08-23 13:42:20','2018-08-23 05:42:20'),(21412,161218,178169,'2018-08-23 13:42:20','2018-08-23 05:42:20'),(21413,161219,178171,'2018-08-23 13:43:19','2018-08-23 05:43:19'),(21414,161220,178176,'2018-08-23 13:43:19','2018-08-23 05:43:19'),(21415,161221,178178,'2018-08-23 13:43:20','2018-08-23 05:43:20'),(21416,161222,178183,'2018-08-23 13:43:20','2018-08-23 05:43:20'),(21417,161223,178189,'2018-08-23 13:47:47','2018-08-23 05:47:47'),(21418,161224,178190,'2018-08-23 13:47:47','2018-08-23 05:47:47'),(21419,161225,178191,'2018-08-23 13:47:47','2018-08-23 05:47:47'),(21420,161226,178198,'2018-08-23 13:47:47','2018-08-23 05:47:47'),(21421,161227,178199,'2018-08-23 13:47:47','2018-08-23 05:47:47'),(21422,161228,178200,'2018-08-23 13:47:47','2018-08-23 05:47:47'),(21423,161229,178203,'2018-08-23 13:49:52','2018-08-23 05:49:52'),(21424,161230,178205,'2018-08-23 13:49:52','2018-08-23 05:49:52'),(21425,161231,178206,'2018-08-23 13:49:52','2018-08-23 05:49:52'),(21426,161232,178209,'2018-08-23 13:49:52','2018-08-23 05:49:52'),(21427,161233,178216,'2018-08-23 13:52:17','2018-08-23 05:52:17'),(21428,161234,178217,'2018-08-23 13:52:17','2018-08-23 05:52:17'),(21429,161235,178219,'2018-08-23 13:52:17','2018-08-23 05:52:17'),(21430,161236,178223,'2018-08-23 13:52:18','2018-08-23 05:52:18'),(21431,161237,178225,'2018-08-23 13:52:18','2018-08-23 05:52:18'),(21432,161238,178232,'2018-08-23 13:55:23','2018-08-23 05:55:23'),(21433,161239,178237,'2018-08-23 13:55:23','2018-08-23 05:55:23'),(21434,161240,178238,'2018-08-23 13:55:23','2018-08-23 05:55:23'),(21435,161241,178241,'2018-08-23 13:55:24','2018-08-23 05:55:24'),(21436,161242,178249,'2018-08-23 13:56:37','2018-08-23 05:56:37'),(21437,161243,178251,'2018-08-23 13:56:37','2018-08-23 05:56:37'),(21438,161244,178255,'2018-08-23 13:56:37','2018-08-23 05:56:37'),(21439,161245,178256,'2018-08-23 13:56:53','2018-08-23 05:56:53'),(21440,161247,178280,'2018-08-23 14:00:36','2018-08-23 06:00:36'),(21441,161248,178288,'2018-08-23 14:00:36','2018-08-23 06:00:36'),(21442,161249,178293,'2018-08-23 14:00:36','2018-08-23 06:00:36'),(21443,161250,178299,'2018-08-23 14:01:22','2018-08-23 06:01:22'),(21444,161251,178311,'2018-08-23 14:02:43','2018-08-23 06:02:43'),(21445,161252,178325,'2018-08-23 14:03:28','2018-08-23 06:03:28'),(21446,161253,178353,'2018-08-23 14:04:46','2018-08-23 06:04:46'),(21447,161451,178370,'2018-08-23 15:07:45','2018-08-23 07:07:45'),(21448,161452,178376,'2018-08-23 15:08:21','2018-08-23 07:08:21'),(21449,161453,178382,'2018-08-23 15:09:07','2018-08-23 07:09:07'),(21450,161454,178389,'2018-08-23 15:09:31','2018-08-23 07:09:31'),(21451,161455,178391,'2018-08-23 15:11:24','2018-08-23 07:11:24'),(21452,161456,178396,'2018-08-23 15:11:24','2018-08-23 07:11:24'),(21453,161457,178403,'2018-08-23 15:11:24','2018-08-23 07:11:24'),(21454,161458,178409,'2018-08-23 15:13:20','2018-08-23 07:13:20'),(21455,161459,178410,'2018-08-23 15:13:20','2018-08-23 07:13:20'),(21456,161460,178412,'2018-08-23 15:13:20','2018-08-23 07:13:20'),(21457,161461,178419,'2018-08-23 15:13:20','2018-08-23 07:13:20'),(21458,161462,178420,'2018-08-23 15:13:20','2018-08-23 07:13:20'),(21459,161463,178421,'2018-08-23 15:15:10','2018-08-23 07:15:10'),(21460,161464,178422,'2018-08-23 15:15:10','2018-08-23 07:15:10'),(21461,161465,178426,'2018-08-23 15:15:10','2018-08-23 07:15:10'),(21462,161466,178429,'2018-08-23 15:15:10','2018-08-23 07:15:10'),(21463,161467,178436,'2018-08-23 15:17:00','2018-08-23 07:17:00'),(21464,161468,178440,'2018-08-23 15:17:00','2018-08-23 07:17:00'),(21465,161469,178443,'2018-08-23 15:17:01','2018-08-23 07:17:01'),(21466,161470,178445,'2018-08-23 15:17:01','2018-08-23 07:17:01'),(21467,161479,178452,'2018-08-23 15:21:01','2018-08-23 07:21:01'),(21468,161481,178457,'2018-08-23 15:21:01','2018-08-23 07:21:01'),(21469,161482,178459,'2018-08-23 15:21:01','2018-08-23 07:21:01'),(21470,161483,178464,'2018-08-23 15:21:53','2018-08-23 07:21:53'),(21471,161484,178465,'2018-08-23 15:21:53','2018-08-23 07:21:53'),(21472,161485,178469,'2018-08-23 15:21:53','2018-08-23 07:21:53'),(21473,161534,178480,'2018-08-23 15:30:08','2018-08-23 07:30:08'),(21474,161544,178486,'2018-08-23 15:30:42','2018-08-23 07:30:42'),(21475,161569,178500,'2018-08-23 15:33:12','2018-08-23 07:33:12'),(21476,161570,178508,'2018-08-23 15:33:12','2018-08-23 07:33:12'),(21477,161571,178513,'2018-08-23 15:33:12','2018-08-23 07:33:12'),(21478,161575,178539,'2018-08-23 15:34:02','2018-08-23 07:34:02'),(21479,161582,178561,'2018-08-23 15:34:47','2018-08-23 07:34:47'),(21480,161583,178573,'2018-08-23 15:35:16','2018-08-23 07:35:16'),(21481,161708,178590,'2018-08-23 16:19:32','2018-08-23 08:19:32'),(21482,161709,178604,'2018-08-23 16:20:44','2018-08-23 08:20:44'),(21483,161710,178623,'2018-08-23 16:21:19','2018-08-23 08:21:19'),(21484,161711,178629,'2018-08-23 16:21:52','2018-08-23 08:21:52'),(21485,161720,178643,'2018-08-23 16:25:57','2018-08-23 08:25:57'),(21486,161729,178677,'2018-08-23 16:28:02','2018-08-23 08:28:02'),(21487,161730,178689,'2018-08-23 16:28:30','2018-08-23 08:28:30'),(21488,161789,178720,'2018-08-23 17:24:47','2018-08-23 09:24:47'),(21489,161790,178728,'2018-08-23 17:24:50','2018-08-23 09:24:50'),(21490,161791,178733,'2018-08-23 17:24:50','2018-08-23 09:24:50'),(21491,161792,178751,'2018-08-23 17:26:00','2018-08-23 09:26:00'),(21492,161793,178760,'2018-08-23 17:27:11','2018-08-23 09:27:11'),(21493,161794,178771,'2018-08-23 17:28:20','2018-08-23 09:28:20'),(21494,161795,178779,'2018-08-23 17:28:20','2018-08-23 09:28:20'),(21495,161796,178780,'2018-08-23 17:28:21','2018-08-23 09:28:21'),(21496,161797,178785,'2018-08-23 17:29:25','2018-08-23 09:29:25'),(21497,161798,178798,'2018-08-23 17:29:25','2018-08-23 09:29:25'),(21498,161799,178804,'2018-08-23 17:30:01','2018-08-23 09:30:01'),(21499,161800,178818,'2018-08-23 17:30:30','2018-08-23 09:30:30'),(21500,161801,178857,'2018-08-23 17:32:58','2018-08-23 09:32:58'),(21501,161802,178862,'2018-08-23 17:32:58','2018-08-23 09:32:58'),(21502,161803,178867,'2018-08-23 17:32:59','2018-08-23 09:32:59'),(21503,161804,178880,'2018-08-23 17:33:24','2018-08-23 09:33:24'),(21510,161910,179030,'2018-08-23 18:28:56','2018-08-23 10:28:56'),(21511,161911,179039,'2018-08-23 18:29:13','2018-08-23 10:29:13'),(21512,161912,179063,'2018-08-23 18:29:41','2018-08-23 10:29:41'),(21513,161913,179069,'2018-08-23 18:29:58','2018-08-23 10:29:58'),(21514,161914,179129,'2018-08-23 18:30:38','2018-08-23 10:30:38'),(21515,162015,179140,'2018-08-23 19:17:12','2018-08-23 11:17:12'),(21516,162016,179149,'2018-08-23 19:17:43','2018-08-23 11:17:43'),(21517,162017,179173,'2018-08-23 19:19:10','2018-08-23 11:19:10'),(21518,162018,179179,'2018-08-23 19:20:46','2018-08-23 11:20:46'),(21519,162019,179180,'2018-08-23 19:20:46','2018-08-23 11:20:46'),(21520,162020,179187,'2018-08-23 19:20:46','2018-08-23 11:20:46'),(21521,162021,179199,'2018-08-23 19:21:50','2018-08-23 11:21:50'),(21522,162022,179239,'2018-08-23 19:24:23','2018-08-23 11:24:23'),(21523,162219,179251,'2018-08-24 09:03:56','2018-08-24 01:03:56'),(21524,162221,179258,'2018-08-24 09:04:34','2018-08-24 01:04:34'),(21525,162222,179279,'2018-08-24 09:08:41','2018-08-24 01:08:41'),(21526,162223,179287,'2018-08-24 09:08:41','2018-08-24 01:08:41'),(21527,162224,179292,'2018-08-24 09:08:42','2018-08-24 01:08:42'),(21528,162225,179298,'2018-08-24 09:10:11','2018-08-24 01:10:11'),(21529,162226,179301,'2018-08-24 09:10:12','2018-08-24 01:10:12'),(21530,162227,179310,'2018-08-24 09:12:03','2018-08-24 01:12:03'),(21531,162228,179317,'2018-08-24 09:12:40','2018-08-24 01:12:40'),(21532,162229,179321,'2018-08-24 09:12:40','2018-08-24 01:12:40'),(21533,162230,179322,'2018-08-24 09:12:40','2018-08-24 01:12:40'),(21534,162231,179323,'2018-08-24 09:12:41','2018-08-24 01:12:41'),(21535,162232,179329,'2018-08-24 09:13:18','2018-08-24 01:13:18'),(21536,162233,179333,'2018-08-24 09:13:18','2018-08-24 01:13:18'),(21537,162234,179335,'2018-08-24 09:14:10','2018-08-24 01:14:10'),(21538,162235,179339,'2018-08-24 09:14:10','2018-08-24 01:14:10'),(21539,162236,179371,'2018-08-24 09:16:37','2018-08-24 01:16:37'),(21540,162237,179374,'2018-08-24 09:16:38','2018-08-24 01:16:38'),(21541,162238,179383,'2018-08-24 09:16:38','2018-08-24 01:16:38'),(21542,162239,179384,'2018-08-24 09:16:38','2018-08-24 01:16:38'),(21543,162240,179389,'2018-08-24 09:18:15','2018-08-24 01:18:15'),(21544,162241,179390,'2018-08-24 09:18:15','2018-08-24 01:18:15'),(21545,162242,179391,'2018-08-24 09:18:15','2018-08-24 01:18:15'),(21546,162243,179398,'2018-08-24 09:18:15','2018-08-24 01:18:15'),(21547,162244,179399,'2018-08-24 09:18:15','2018-08-24 01:18:15'),(21548,162245,179401,'2018-08-24 09:19:28','2018-08-24 01:19:28'),(21549,162246,179403,'2018-08-24 09:19:29','2018-08-24 01:19:29'),(21550,162247,179406,'2018-08-24 09:19:29','2018-08-24 01:19:29'),(21551,162248,179409,'2018-08-24 09:19:29','2018-08-24 01:19:29'),(21552,162249,179416,'2018-08-24 09:20:44','2018-08-24 01:20:44'),(21553,162250,179417,'2018-08-24 09:20:44','2018-08-24 01:20:44'),(21554,162251,179420,'2018-08-24 09:20:44','2018-08-24 01:20:44'),(21555,162252,179425,'2018-08-24 09:20:44','2018-08-24 01:20:44'),(21556,162253,179441,'2018-08-24 09:25:58','2018-08-24 01:25:58'),(21557,162254,179442,'2018-08-24 09:25:58','2018-08-24 01:25:58'),(21558,162255,179449,'2018-08-24 09:25:58','2018-08-24 01:25:58'),(21559,162257,179455,'2018-08-24 09:27:06','2018-08-24 01:27:06'),(21560,162258,179459,'2018-08-24 09:27:06','2018-08-24 01:27:06'),(21561,162260,179484,'2018-08-24 09:55:48','2018-08-24 01:55:48'),(21562,162261,179490,'2018-08-24 09:57:07','2018-08-24 01:57:07'),(21563,162262,179498,'2018-08-24 09:57:08','2018-08-24 01:57:08'),(21564,162263,179503,'2018-08-24 09:57:08','2018-08-24 01:57:08'),(21565,162264,179509,'2018-08-24 09:58:03','2018-08-24 01:58:03'),(21566,162265,179521,'2018-08-24 09:59:18','2018-08-24 01:59:18'),(21567,162266,179523,'2018-08-24 09:59:19','2018-08-24 01:59:19'),(21568,162267,179529,'2018-08-24 09:59:19','2018-08-24 01:59:19'),(21569,162268,179536,'2018-08-24 10:00:31','2018-08-24 02:00:31'),(21570,162269,179537,'2018-08-24 10:00:31','2018-08-24 02:00:31'),(21571,162270,179563,'2018-08-24 10:02:57','2018-08-24 02:02:57'),(21572,162342,179580,'2018-08-24 10:46:46','2018-08-24 02:46:46'),(21573,162343,179585,'2018-08-24 10:46:46','2018-08-24 02:46:46'),(21574,162344,179586,'2018-08-24 10:47:02','2018-08-24 02:47:02'),(21575,162345,179589,'2018-08-24 10:47:32','2018-08-24 02:47:32'),(21576,162346,179594,'2018-08-24 10:49:34','2018-08-24 02:49:34'),(21577,162355,179600,'2018-08-24 10:51:35','2018-08-24 02:51:35'),(21578,162356,179610,'2018-08-24 10:52:02','2018-08-24 02:52:02'),(21579,162357,179612,'2018-08-24 10:52:02','2018-08-24 02:52:02'),(21580,162358,179613,'2018-08-24 10:52:02','2018-08-24 02:52:02'),(21581,162359,179622,'2018-08-24 10:52:03','2018-08-24 02:52:03'),(21582,162360,179639,'2018-08-24 10:53:21','2018-08-24 02:53:21'),(21583,162361,179640,'2018-08-24 10:53:21','2018-08-24 02:53:21'),(21584,162362,179642,'2018-08-24 10:53:21','2018-08-24 02:53:21'),(21585,162363,179649,'2018-08-24 10:53:21','2018-08-24 02:53:21'),(21586,162364,179651,'2018-08-24 10:54:27','2018-08-24 02:54:27'),(21587,162365,179656,'2018-08-24 10:54:27','2018-08-24 02:54:27'),(21588,162366,179659,'2018-08-24 10:54:27','2018-08-24 02:54:27'),(21589,162367,179665,'2018-08-24 10:56:37','2018-08-24 02:56:37'),(21590,162368,179669,'2018-08-24 10:56:38','2018-08-24 02:56:38'),(21591,162369,179670,'2018-08-24 10:56:38','2018-08-24 02:56:38'),(21592,162370,179675,'2018-08-24 10:56:38','2018-08-24 02:56:38'),(21593,162371,179682,'2018-08-24 10:59:40','2018-08-24 02:59:40'),(21594,162372,179687,'2018-08-24 10:59:40','2018-08-24 02:59:40'),(21595,162373,179688,'2018-08-24 10:59:40','2018-08-24 02:59:40'),(21596,162374,179689,'2018-08-24 10:59:40','2018-08-24 02:59:40'),(21597,162375,179692,'2018-08-24 10:59:49','2018-08-24 02:59:49'),(21598,162376,179695,'2018-08-24 10:59:49','2018-08-24 02:59:49'),(21599,162377,179697,'2018-08-24 10:59:49','2018-08-24 02:59:49'),(21600,162378,179701,'2018-08-24 10:59:50','2018-08-24 02:59:50'),(21601,162379,179705,'2018-08-24 10:59:50','2018-08-24 02:59:50'),(21602,162389,179713,'2018-08-24 11:00:36','2018-08-24 03:00:36'),(21603,162390,179718,'2018-08-24 11:00:36','2018-08-24 03:00:36'),(21604,162401,179731,'2018-08-24 11:05:08','2018-08-24 03:05:08'),(21605,162402,179752,'2018-08-24 11:05:40','2018-08-24 03:05:40'),(21606,162404,179775,'2018-08-24 11:07:42','2018-08-24 03:07:42'),(21607,162405,179776,'2018-08-24 11:07:42','2018-08-24 03:07:42'),(21608,162406,179779,'2018-08-24 11:07:42','2018-08-24 03:07:42'),(21610,162506,179809,'2018-08-24 12:01:10','2018-08-24 04:01:10'),(21611,162508,179831,'2018-08-24 12:04:12','2018-08-24 04:04:12'),(21612,162510,179855,'2018-08-24 12:08:11','2018-08-24 04:08:11'),(21613,162511,179874,'2018-08-24 12:10:36','2018-08-24 04:10:36'),(21614,162512,179880,'2018-08-24 12:12:02','2018-08-24 04:12:02'),(21615,162513,179881,'2018-08-24 12:12:04','2018-08-24 04:12:04'),(21616,162514,179888,'2018-08-24 12:12:04','2018-08-24 04:12:04'),(21617,162515,179893,'2018-08-24 12:12:05','2018-08-24 04:12:05'),(21618,162516,179913,'2018-08-24 12:13:08','2018-08-24 04:13:08'),(21619,162517,179921,'2018-08-24 12:13:08','2018-08-24 04:13:08'),(21620,162518,179941,'2018-08-24 12:14:23','2018-08-24 04:14:23'),(21621,162519,179945,'2018-08-24 12:14:23','2018-08-24 04:14:23'),(21622,162520,179949,'2018-08-24 12:14:23','2018-08-24 04:14:23'),(21623,162521,179959,'2018-08-24 12:16:48','2018-08-24 04:16:48'),(21624,162522,179960,'2018-08-24 12:16:48','2018-08-24 04:16:48'),(21625,162523,180002,'2018-08-24 12:19:36','2018-08-24 04:19:36'),(21626,162524,180008,'2018-08-24 12:19:36','2018-08-24 04:19:36'),(21627,162723,180029,'2018-08-24 13:52:04','2018-08-24 05:52:04'),(21628,162724,180038,'2018-08-24 13:53:58','2018-08-24 05:53:58'),(21629,162725,180063,'2018-08-24 13:57:30','2018-08-24 05:57:30'),(21630,162726,180064,'2018-08-24 13:57:30','2018-08-24 05:57:30'),(21631,162727,180065,'2018-08-24 13:57:30','2018-08-24 05:57:30'),(21632,162728,180068,'2018-08-24 13:57:48','2018-08-24 05:57:48'),(21633,162729,180082,'2018-08-24 13:58:48','2018-08-24 05:58:48'),(21634,162730,180088,'2018-08-24 13:58:48','2018-08-24 05:58:48'),(21635,162731,180122,'2018-08-24 14:03:24','2018-08-24 06:03:24'),(21636,162732,180128,'2018-08-24 14:03:24','2018-08-24 06:03:24'),(21637,162733,180149,'2018-08-24 14:15:01','2018-08-24 06:15:01'),(21638,162734,180158,'2018-08-24 14:15:02','2018-08-24 06:15:02'),(21639,162735,180178,'2018-08-24 14:16:38','2018-08-24 06:16:38'),(21640,162736,180182,'2018-08-24 14:16:38','2018-08-24 06:16:38'),(21641,162738,180190,'2018-08-24 14:20:35','2018-08-24 06:20:35'),(21642,162739,180193,'2018-08-24 14:20:35','2018-08-24 06:20:35'),(21643,162740,180194,'2018-08-24 14:20:35','2018-08-24 06:20:35'),(21644,162741,180196,'2018-08-24 14:20:36','2018-08-24 06:20:36'),(21645,162742,180208,'2018-08-24 14:22:31','2018-08-24 06:22:31'),(21646,162743,180220,'2018-08-24 14:25:36','2018-08-24 06:25:36'),(21647,162744,180237,'2018-08-24 14:25:53','2018-08-24 06:25:53'),(21648,162745,180241,'2018-08-24 14:26:17','2018-08-24 06:26:17'),(21649,162746,180248,'2018-08-24 14:30:04','2018-08-24 06:30:04'),(21650,162747,180253,'2018-08-24 14:30:26','2018-08-24 06:30:26'),(21651,162748,180260,'2018-08-24 14:31:21','2018-08-24 06:31:21'),(21652,162749,180265,'2018-08-24 14:31:22','2018-08-24 06:31:22'),(21653,162750,180273,'2018-08-24 14:31:22','2018-08-24 06:31:22'),(21654,162751,180288,'2018-08-24 14:33:20','2018-08-24 06:33:20'),(21655,162752,180289,'2018-08-24 14:33:20','2018-08-24 06:33:20'),(21656,162753,180291,'2018-08-24 14:33:21','2018-08-24 06:33:21'),(21657,162754,180298,'2018-08-24 14:33:21','2018-08-24 06:33:21'),(21658,162756,180300,'2018-08-24 14:35:07','2018-08-24 06:35:07'),(21659,162757,180303,'2018-08-24 14:35:07','2018-08-24 06:35:07'),(21660,162758,180305,'2018-08-24 14:35:07','2018-08-24 06:35:07'),(21661,162759,180310,'2018-08-24 14:35:08','2018-08-24 06:35:08'),(21662,162760,180315,'2018-08-24 14:36:41','2018-08-24 06:36:41'),(21663,162761,180318,'2018-08-24 14:36:41','2018-08-24 06:36:41'),(21664,162762,180319,'2018-08-24 14:36:41','2018-08-24 06:36:41'),(21665,162763,180322,'2018-08-24 14:36:41','2018-08-24 06:36:41'),(21666,162764,180324,'2018-08-24 14:36:42','2018-08-24 06:36:42'),(21667,162765,180331,'2018-08-24 14:38:16','2018-08-24 06:38:16'),(21668,162766,180336,'2018-08-24 14:38:16','2018-08-24 06:38:16'),(21669,162767,180337,'2018-08-24 14:38:16','2018-08-24 06:38:16'),(21670,162768,180338,'2018-08-24 14:38:16','2018-08-24 06:38:16'),(21671,162772,180342,'2018-08-24 14:42:01','2018-08-24 06:42:01'),(21672,162773,180348,'2018-08-24 14:42:01','2018-08-24 06:42:01'),(21673,162888,180359,'2018-08-24 15:19:27','2018-08-24 07:19:27'),(21674,162926,180380,'2018-08-24 15:25:26','2018-08-24 07:25:26'),(21675,162927,180387,'2018-08-24 15:27:14','2018-08-24 07:27:14'),(21676,162936,180401,'2018-08-24 15:29:37','2018-08-24 07:29:37'),(21677,162937,180409,'2018-08-24 15:29:37','2018-08-24 07:29:37'),(21678,162961,180439,'2018-08-24 15:39:09','2018-08-24 07:39:09'),(21679,162973,180441,'2018-08-24 15:43:04','2018-08-24 07:43:04'),(21680,162974,180447,'2018-08-24 15:43:05','2018-08-24 07:43:05'),(21681,162975,180450,'2018-08-24 15:43:45','2018-08-24 07:43:45'),(21682,162977,180469,'2018-08-24 15:54:29','2018-08-24 07:54:29'),(21683,162978,180477,'2018-08-24 15:54:29','2018-08-24 07:54:29'),(21684,162979,180482,'2018-08-24 15:54:29','2018-08-24 07:54:29'),(21685,162981,180488,'2018-08-24 15:57:35','2018-08-24 07:57:35'),(21686,162982,180500,'2018-08-24 15:58:34','2018-08-24 07:58:34'),(21687,162983,180505,'2018-08-24 15:58:35','2018-08-24 07:58:35'),(21688,162984,180530,'2018-08-24 15:59:52','2018-08-24 07:59:52'),(21689,162985,180541,'2018-08-24 16:03:54','2018-08-24 08:03:54'),(21690,162986,180542,'2018-08-24 16:03:55','2018-08-24 08:03:55'),(21691,163004,180579,'2018-08-24 16:15:43','2018-08-24 08:15:43'),(21692,163010,180585,'2018-08-24 16:15:59','2018-08-24 08:15:59'),(21693,163011,180588,'2018-08-24 16:16:56','2018-08-24 08:16:56'),(21694,163027,180593,'2018-08-24 16:23:36','2018-08-24 08:23:36'),(21695,163028,180598,'2018-08-24 16:23:36','2018-08-24 08:23:36'),(21696,163042,180600,'2018-08-24 16:25:29','2018-08-24 08:25:29'),(21697,163043,180603,'2018-08-24 16:25:29','2018-08-24 08:25:29'),(21698,163044,180612,'2018-08-24 16:25:29','2018-08-24 08:25:29'),(21699,163056,180618,'2018-08-24 16:30:23','2018-08-24 08:30:23'),(21700,163057,180619,'2018-08-24 16:30:24','2018-08-24 08:30:24'),(21701,163058,180620,'2018-08-24 16:30:24','2018-08-24 08:30:24'),(21702,163059,180626,'2018-08-24 16:30:24','2018-08-24 08:30:24'),(21703,163060,180627,'2018-08-24 16:30:24','2018-08-24 08:30:24'),(21704,163061,180628,'2018-08-24 16:30:24','2018-08-24 08:30:24'),(21705,163062,180629,'2018-08-24 16:30:24','2018-08-24 08:30:24'),(21706,163065,180630,'2018-08-24 16:31:50','2018-08-24 08:31:50'),(21707,163066,180635,'2018-08-24 16:31:50','2018-08-24 08:31:50'),(21708,163067,180638,'2018-08-24 16:31:50','2018-08-24 08:31:50'),(21709,163069,180645,'2018-08-24 16:34:14','2018-08-24 08:34:14'),(21710,163070,180648,'2018-08-24 16:34:14','2018-08-24 08:34:14'),(21711,163071,180649,'2018-08-24 16:34:15','2018-08-24 08:34:15'),(21712,163072,180652,'2018-08-24 16:34:15','2018-08-24 08:34:15'),(21713,163073,180654,'2018-08-24 16:34:15','2018-08-24 08:34:15'),(21714,163092,180661,'2018-08-24 16:36:44','2018-08-24 08:36:44'),(21715,163093,180668,'2018-08-24 16:36:44','2018-08-24 08:36:44'),(21716,163094,180672,'2018-08-24 16:37:42','2018-08-24 08:37:42'),(21717,163095,180678,'2018-08-24 16:37:42','2018-08-24 08:37:42'),(21718,163241,180689,'2018-08-24 17:16:17','2018-08-24 09:16:17'),(21719,163242,180698,'2018-08-24 17:16:39','2018-08-24 09:16:39'),(21720,163243,180788,'2018-08-24 17:20:23','2018-08-24 09:20:23'),(21721,163485,180799,'2018-08-24 19:02:13','2018-08-24 11:02:13'),(21722,163486,180808,'2018-08-24 19:03:41','2018-08-24 11:03:41'),(21723,163487,180832,'2018-08-24 19:04:27','2018-08-24 11:04:27'),(21724,163488,180838,'2018-08-24 19:04:54','2018-08-24 11:04:54'),(21725,163489,180850,'2018-08-24 19:05:29','2018-08-24 11:05:29'),(21726,163490,180892,'2018-08-24 19:06:39','2018-08-24 11:06:39'),(21727,163491,180898,'2018-08-24 19:06:39','2018-08-24 11:06:39'),(21728,163591,180919,'2018-08-25 09:15:10','2018-08-25 01:15:10'),(21729,163592,180925,'2018-08-25 09:16:05','2018-08-25 01:16:05'),(21730,163593,180939,'2018-08-25 09:19:50','2018-08-25 01:19:50'),(21731,163594,180947,'2018-08-25 09:19:50','2018-08-25 01:19:50'),(21732,163595,180952,'2018-08-25 09:19:51','2018-08-25 01:19:51'),(21733,163596,180958,'2018-08-25 09:21:55','2018-08-25 01:21:55'),(21734,163597,180966,'2018-08-25 09:21:55','2018-08-25 01:21:55'),(21735,163598,180970,'2018-08-25 09:23:39','2018-08-25 01:23:39'),(21736,163599,180976,'2018-08-25 09:23:40','2018-08-25 01:23:40'),(21737,163600,180978,'2018-08-25 09:23:40','2018-08-25 01:23:40'),(21738,163601,180986,'2018-08-25 09:25:02','2018-08-25 01:25:02'),(21739,163602,181000,'2018-08-25 09:26:06','2018-08-25 01:26:06'),(21740,163603,181011,'2018-08-25 09:27:52','2018-08-25 01:27:52'),(21741,163604,181012,'2018-08-25 09:27:52','2018-08-25 01:27:52'),(21742,163606,181039,'2018-08-25 10:54:20','2018-08-25 02:54:20'),(21743,163607,181043,'2018-08-25 10:54:20','2018-08-25 02:54:20'),(21744,163608,181047,'2018-08-25 10:54:22','2018-08-25 02:54:22'),(21745,163609,181052,'2018-08-25 10:54:22','2018-08-25 02:54:22'),(21746,163610,181058,'2018-08-25 10:55:13','2018-08-25 02:55:13'),(21747,163611,181061,'2018-08-25 10:55:13','2018-08-25 02:55:13'),(21748,163612,181086,'2018-08-25 10:57:36','2018-08-25 02:57:36'),(21749,163613,181088,'2018-08-25 10:57:36','2018-08-25 02:57:36'),(21750,163614,181100,'2018-08-25 10:58:19','2018-08-25 02:58:19'),(21751,163615,181112,'2018-08-25 10:59:09','2018-08-25 02:59:09'),(21752,163616,181121,'2018-08-25 10:59:59','2018-08-25 02:59:59'),(21753,163617,181130,'2018-08-25 11:01:12','2018-08-25 03:01:12'),(21754,163618,181147,'2018-08-25 11:03:21','2018-08-25 03:03:21'),(21755,163619,181158,'2018-08-25 11:03:39','2018-08-25 03:03:39'),(21756,163620,181170,'2018-08-25 11:04:36','2018-08-25 03:04:36'),(21757,163621,181218,'2018-08-25 11:06:12','2018-08-25 03:06:12'),(21758,163763,181239,'2018-08-25 12:08:52','2018-08-25 04:08:52'),(21759,163764,181248,'2018-08-25 12:11:07','2018-08-25 04:11:07'),(21760,163773,181266,'2018-08-25 12:16:14','2018-08-25 04:16:14'),(21761,163774,181272,'2018-08-25 12:16:30','2018-08-25 04:16:30'),(21762,163775,181284,'2018-08-25 12:17:28','2018-08-25 04:17:28'),(21763,163785,181328,'2018-08-25 12:20:01','2018-08-25 04:20:01'),(21764,163786,181332,'2018-08-25 12:20:01','2018-08-25 04:20:01'),(21765,163926,181349,'2018-08-25 14:46:27','2018-08-25 06:46:27'),(21766,163927,181358,'2018-08-25 14:46:54','2018-08-25 06:46:54'),(21767,163928,181376,'2018-08-25 14:48:04','2018-08-25 06:48:04'),(21768,163929,181382,'2018-08-25 14:48:21','2018-08-25 06:48:21'),(21769,163930,181394,'2018-08-25 14:49:09','2018-08-25 06:49:09'),(21770,163931,181442,'2018-08-25 14:52:41','2018-08-25 06:52:41'),(21771,163932,181448,'2018-08-25 14:52:41','2018-08-25 06:52:41'),(21772,163934,181459,'2018-08-25 15:55:42','2018-08-25 07:55:42'),(21773,163935,181468,'2018-08-25 15:56:13','2018-08-25 07:56:13'),(21774,163936,181486,'2018-08-25 15:56:44','2018-08-25 07:56:44'),(21775,163937,181492,'2018-08-25 15:57:32','2018-08-25 07:57:32'),(21776,163938,181504,'2018-08-25 15:57:48','2018-08-25 07:57:48'),(21777,163939,181552,'2018-08-25 16:00:30','2018-08-25 08:00:30'),(21778,163941,181569,'2018-08-25 16:46:47','2018-08-25 08:46:47'),(21779,163942,181578,'2018-08-25 16:47:37','2018-08-25 08:47:37'),(21780,163943,181595,'2018-08-25 16:49:57','2018-08-25 08:49:57'),(21781,163944,181602,'2018-08-25 16:49:57','2018-08-25 08:49:57'),(21782,163945,181608,'2018-08-25 16:50:32','2018-08-25 08:50:32'),(21783,163946,181662,'2018-08-25 16:54:51','2018-08-25 08:54:51'),(21784,163947,181668,'2018-08-25 16:54:51','2018-08-25 08:54:51'),(21785,163949,181679,'2018-08-25 17:37:30','2018-08-25 09:37:30'),(21786,163950,181688,'2018-08-25 17:38:02','2018-08-25 09:38:02'),(21787,163951,181712,'2018-08-25 17:39:26','2018-08-25 09:39:26'),(21788,163952,181718,'2018-08-25 17:39:51','2018-08-25 09:39:51'),(21789,163953,181730,'2018-08-25 17:40:25','2018-08-25 09:40:25'),(21790,163954,181778,'2018-08-25 17:42:41','2018-08-25 09:42:41'),(21791,163956,181789,'2018-08-25 18:39:01','2018-08-25 10:39:01'),(21792,163957,181798,'2018-08-25 18:40:10','2018-08-25 10:40:10'),(21793,163958,181817,'2018-08-25 18:41:32','2018-08-25 10:41:32'),(21794,163959,181822,'2018-08-25 18:41:32','2018-08-25 10:41:32'),(21795,163960,181828,'2018-08-25 18:43:19','2018-08-25 10:43:19'),(21796,163961,181838,'2018-08-25 18:43:19','2018-08-25 10:43:19'),(21797,163962,181842,'2018-08-25 18:43:59','2018-08-25 10:43:59'),(21798,163963,181888,'2018-08-25 18:47:04','2018-08-25 10:47:04'),(21799,163965,181911,'2018-08-25 19:29:40','2018-08-25 11:29:40'),(21800,163966,181932,'2018-08-25 19:32:41','2018-08-25 11:32:41'),(21801,163967,181950,'2018-08-25 19:33:54','2018-08-25 11:33:54'),(21802,163968,181998,'2018-08-25 19:36:09','2018-08-25 11:36:09'),(21803,164175,182009,'2018-08-26 09:49:07','2018-08-26 01:49:07'),(21804,164176,182020,'2018-08-26 09:49:54','2018-08-26 01:49:54'),(21805,164177,182032,'2018-08-26 09:53:39','2018-08-26 01:53:39'),(21806,164178,182048,'2018-08-26 09:56:34','2018-08-26 01:56:34'),(21807,164179,182049,'2018-08-26 09:56:34','2018-08-26 01:56:34'),(21808,164180,182054,'2018-08-26 09:56:34','2018-08-26 01:56:34'),(21809,164181,182058,'2018-08-26 09:56:35','2018-08-26 01:56:35'),(21810,164182,182060,'2018-08-26 09:58:56','2018-08-26 01:58:56'),(21811,164183,182062,'2018-08-26 09:58:56','2018-08-26 01:58:56'),(21812,164184,182063,'2018-08-26 09:58:56','2018-08-26 01:58:56'),(21813,164185,182066,'2018-08-26 09:58:56','2018-08-26 01:58:56'),(21814,164186,182107,'2018-08-26 10:03:58','2018-08-26 02:03:58'),(21815,164187,182108,'2018-08-26 10:03:58','2018-08-26 02:03:58'),(21816,164287,182119,'2018-08-26 11:23:22','2018-08-26 03:23:22'),(21817,164288,182129,'2018-08-26 11:26:06','2018-08-26 03:26:06'),(21818,164289,182159,'2018-08-26 11:28:41','2018-08-26 03:28:41'),(21819,164290,182165,'2018-08-26 11:28:41','2018-08-26 03:28:41'),(21820,164291,182201,'2018-08-26 11:34:24','2018-08-26 03:34:24'),(21821,164292,182206,'2018-08-26 11:34:25','2018-08-26 03:34:25'),(21822,164293,182207,'2018-08-26 11:34:25','2018-08-26 03:34:25'),(21823,164294,182208,'2018-08-26 11:35:20','2018-08-26 03:35:20'),(21824,164296,182229,'2018-08-26 13:13:35','2018-08-26 05:13:35'),(21825,164297,182238,'2018-08-26 13:14:46','2018-08-26 05:14:46'),(21826,164298,182250,'2018-08-26 13:16:44','2018-08-26 05:16:44'),(21827,164299,182257,'2018-08-26 13:16:44','2018-08-26 05:16:44'),(21828,164300,182268,'2018-08-26 13:19:26','2018-08-26 05:19:26'),(21829,164301,182269,'2018-08-26 13:19:27','2018-08-26 05:19:27'),(21830,164302,182274,'2018-08-26 13:19:27','2018-08-26 05:19:27'),(21831,164303,182278,'2018-08-26 13:19:27','2018-08-26 05:19:27'),(21832,164304,182283,'2018-08-26 13:21:45','2018-08-26 05:21:45'),(21833,164305,182286,'2018-08-26 13:21:45','2018-08-26 05:21:45'),(21834,164306,182328,'2018-08-26 13:27:02','2018-08-26 05:27:02'),(21835,164406,182339,'2018-08-26 14:44:05','2018-08-26 06:44:05'),(21836,164407,182357,'2018-08-26 14:49:10','2018-08-26 06:49:10'),(21837,164408,182369,'2018-08-26 14:54:55','2018-08-26 06:54:55'),(21838,164508,182449,'2018-08-26 16:54:38','2018-08-26 08:54:38'),(21839,164509,182519,'2018-08-26 17:02:16','2018-08-26 09:02:16'),(21840,164510,182547,'2018-08-26 17:05:27','2018-08-26 09:05:27'),(21841,164511,182548,'2018-08-26 17:05:27','2018-08-26 09:05:27'),(21842,164611,182565,'2018-08-27 09:07:49','2018-08-27 01:07:49'),(21843,164612,182579,'2018-08-27 09:10:06','2018-08-27 01:10:06'),(21844,164613,182587,'2018-08-27 09:10:07','2018-08-27 01:10:07'),(21845,164614,182592,'2018-08-27 09:10:07','2018-08-27 01:10:07'),(21846,164615,182599,'2018-08-27 09:12:15','2018-08-27 01:12:15'),(21847,164616,182606,'2018-08-27 09:12:16','2018-08-27 01:12:16'),(21848,164617,182613,'2018-08-27 09:13:52','2018-08-27 01:13:52'),(21849,164618,182616,'2018-08-27 09:13:53','2018-08-27 01:13:53'),(21850,164619,182618,'2018-08-27 09:13:53','2018-08-27 01:13:53'),(21851,164620,182624,'2018-08-27 09:15:04','2018-08-27 01:15:04'),(21852,164621,182628,'2018-08-27 09:15:05','2018-08-27 01:15:05'),(21853,164622,182646,'2018-08-27 09:16:09','2018-08-27 01:16:09'),(21854,164623,182669,'2018-08-27 09:21:58','2018-08-27 01:21:58'),(21855,164624,182674,'2018-08-27 09:21:58','2018-08-27 01:21:58'),(21856,164625,182677,'2018-08-27 09:22:30','2018-08-27 01:22:30'),(21857,164626,182681,'2018-08-27 09:24:28','2018-08-27 01:24:28'),(21858,164657,182688,'2018-08-27 09:28:16','2018-08-27 01:28:16'),(21859,164667,182689,'2018-08-27 09:29:46','2018-08-27 01:29:46'),(21860,164668,182690,'2018-08-27 09:29:46','2018-08-27 01:29:46'),(21861,164669,182702,'2018-08-27 09:29:47','2018-08-27 01:29:47'),(21862,164688,182708,'2018-08-27 09:32:18','2018-08-27 01:32:18'),(21863,164689,182709,'2018-08-27 09:32:18','2018-08-27 01:32:18'),(21864,164690,182710,'2018-08-27 09:32:18','2018-08-27 01:32:18'),(21865,164691,182711,'2018-08-27 09:32:18','2018-08-27 01:32:18'),(21866,164692,182716,'2018-08-27 09:32:18','2018-08-27 01:32:18'),(21867,164693,182717,'2018-08-27 09:32:18','2018-08-27 01:32:18'),(21868,164694,182719,'2018-08-27 09:32:18','2018-08-27 01:32:18'),(21869,164703,182720,'2018-08-27 09:34:05','2018-08-27 01:34:05'),(21870,164704,182723,'2018-08-27 09:34:06','2018-08-27 01:34:06'),(21871,164705,182725,'2018-08-27 09:34:06','2018-08-27 01:34:06'),(21872,164706,182728,'2018-08-27 09:34:06','2018-08-27 01:34:06'),(21873,164707,182733,'2018-08-27 09:34:06','2018-08-27 01:34:06'),(21874,164720,182734,'2018-08-27 09:36:27','2018-08-27 01:36:27'),(21875,164728,182751,'2018-08-27 09:38:29','2018-08-27 01:38:29'),(21876,164729,182759,'2018-08-27 09:38:29','2018-08-27 01:38:29'),(21877,164730,182760,'2018-08-27 09:38:29','2018-08-27 01:38:29'),(21878,164731,182761,'2018-08-27 09:39:44','2018-08-27 01:39:44'),(21879,164732,182765,'2018-08-27 09:39:44','2018-08-27 01:39:44'),(21880,164733,182768,'2018-08-27 09:39:44','2018-08-27 01:39:44'),(21881,164765,182779,'2018-08-27 10:03:46','2018-08-27 02:03:46'),(21882,164766,182782,'2018-08-27 10:03:46','2018-08-27 02:03:46'),(21883,164781,182793,'2018-08-27 10:06:39','2018-08-27 02:06:39'),(21884,164782,182799,'2018-08-27 10:07:44','2018-08-27 02:07:44'),(21885,164783,182807,'2018-08-27 10:07:44','2018-08-27 02:07:44'),(21886,164784,182812,'2018-08-27 10:07:45','2018-08-27 02:07:45'),(21887,164785,182818,'2018-08-27 10:08:19','2018-08-27 02:08:19'),(21888,164786,182826,'2018-08-27 10:08:19','2018-08-27 02:08:19'),(21889,164787,182830,'2018-08-27 10:09:13','2018-08-27 02:09:13'),(21890,164788,182836,'2018-08-27 10:09:13','2018-08-27 02:09:13'),(21891,164798,182860,'2018-08-27 10:10:15','2018-08-27 02:10:15'),(21892,164898,182889,'2018-08-27 10:40:48','2018-08-27 02:40:48'),(21893,164902,182898,'2018-08-27 10:41:46','2018-08-27 02:41:46'),(21894,164916,182922,'2018-08-27 10:46:19','2018-08-27 02:46:19'),(21895,164918,182928,'2018-08-27 10:46:53','2018-08-27 02:46:53'),(21896,164919,182940,'2018-08-27 10:47:14','2018-08-27 02:47:14'),(21897,164924,182982,'2018-08-27 10:48:33','2018-08-27 02:48:33'),(21898,164925,182988,'2018-08-27 10:48:34','2018-08-27 02:48:34'),(21899,164978,182999,'2018-08-27 11:01:39','2018-08-27 03:01:39'),(21900,164980,183004,'2018-08-27 11:01:40','2018-08-27 03:01:40'),(21901,165001,183007,'2018-08-27 11:03:34','2018-08-27 03:03:34'),(21902,165051,183011,'2018-08-27 11:09:04','2018-08-27 03:09:04'),(21903,165052,183018,'2018-08-27 11:09:35','2018-08-27 03:09:35'),(21904,165074,183019,'2018-08-27 11:12:29','2018-08-27 03:12:29'),(21905,165075,183020,'2018-08-27 11:12:29','2018-08-27 03:12:29'),(21906,165076,183022,'2018-08-27 11:12:30','2018-08-27 03:12:30'),(21907,165077,183025,'2018-08-27 11:12:30','2018-08-27 03:12:30'),(21908,165078,183029,'2018-08-27 11:12:30','2018-08-27 03:12:30'),(21909,165079,183032,'2018-08-27 11:12:30','2018-08-27 03:12:30'),(21910,165089,183039,'2018-08-27 11:14:06','2018-08-27 03:14:06'),(21911,165090,183042,'2018-08-27 11:14:07','2018-08-27 03:14:07'),(21912,165091,183046,'2018-08-27 11:14:07','2018-08-27 03:14:07'),(21913,165092,183049,'2018-08-27 11:14:07','2018-08-27 03:14:07'),(21914,165107,183052,'2018-08-27 11:16:19','2018-08-27 03:16:19'),(21915,165108,183053,'2018-08-27 11:16:19','2018-08-27 03:16:19'),(21916,165109,183055,'2018-08-27 11:16:19','2018-08-27 03:16:19'),(21917,165110,183056,'2018-08-27 11:16:19','2018-08-27 03:16:19'),(21918,165111,183058,'2018-08-27 11:16:19','2018-08-27 03:16:19'),(21919,165112,183064,'2018-08-27 11:17:54','2018-08-27 03:17:54'),(21920,165113,183065,'2018-08-27 11:17:54','2018-08-27 03:17:54'),(21921,165114,183068,'2018-08-27 11:17:54','2018-08-27 03:17:54'),(21922,165115,183069,'2018-08-27 11:17:55','2018-08-27 03:17:55'),(21923,165116,183074,'2018-08-27 11:17:55','2018-08-27 03:17:55'),(21924,165118,183081,'2018-08-27 11:19:03','2018-08-27 03:19:03'),(21925,165119,183090,'2018-08-27 11:19:04','2018-08-27 03:19:04'),(21926,165120,183093,'2018-08-27 11:19:40','2018-08-27 03:19:40'),(21927,165121,183098,'2018-08-27 11:19:40','2018-08-27 03:19:40'),(21928,165248,183118,'2018-08-27 11:46:32','2018-08-27 03:46:32'),(21929,165269,183130,'2018-08-27 11:50:07','2018-08-27 03:50:07'),(21930,165270,183137,'2018-08-27 11:50:08','2018-08-27 03:50:08'),(21931,165274,183148,'2018-08-27 11:52:48','2018-08-27 03:52:48'),(21932,165275,183149,'2018-08-27 11:52:48','2018-08-27 03:52:48'),(21933,165276,183154,'2018-08-27 11:52:49','2018-08-27 03:52:49'),(21934,165277,183158,'2018-08-27 11:52:49','2018-08-27 03:52:49'),(21935,165279,183160,'2018-08-27 11:53:16','2018-08-27 03:53:16'),(21936,165281,183174,'2018-08-27 11:54:08','2018-08-27 03:54:08'),(21937,165284,183219,'2018-08-27 11:57:47','2018-08-27 03:57:47'),(21938,165285,183227,'2018-08-27 11:57:47','2018-08-27 03:57:47'),(21939,165286,183232,'2018-08-27 11:57:48','2018-08-27 03:57:48'),(21940,165293,183260,'2018-08-27 12:00:23','2018-08-27 04:00:23'),(21941,165295,183285,'2018-08-27 12:00:28','2018-08-27 04:00:28'),(21942,165296,183291,'2018-08-27 12:00:49','2018-08-27 04:00:49'),(21943,165299,183303,'2018-08-27 12:01:27','2018-08-27 04:01:27'),(21944,165304,183325,'2018-08-27 12:02:09','2018-08-27 04:02:09'),(21945,165305,183337,'2018-08-27 12:02:11','2018-08-27 04:02:11'),(21946,165306,183338,'2018-08-27 12:02:11','2018-08-27 04:02:11'),(21947,165308,183368,'2018-08-27 12:03:39','2018-08-27 04:03:39'),(21948,165309,183400,'2018-08-27 12:04:17','2018-08-27 04:04:17'),(21949,165310,183403,'2018-08-27 12:04:27','2018-08-27 04:04:27'),(21950,165425,183439,'2018-08-27 12:27:31','2018-08-27 04:27:31'),(21951,165429,183445,'2018-08-27 12:28:40','2018-08-27 04:28:40'),(21952,165438,183448,'2018-08-27 12:29:35','2018-08-27 04:29:35'),(21953,165449,183453,'2018-08-27 12:30:37','2018-08-27 04:30:37'),(21954,165465,183460,'2018-08-27 12:34:09','2018-08-27 04:34:09'),(21955,165466,183465,'2018-08-27 12:34:09','2018-08-27 04:34:09'),(21956,165467,183472,'2018-08-27 12:34:09','2018-08-27 04:34:09'),(21957,165484,183478,'2018-08-27 12:37:41','2018-08-27 04:37:41'),(21958,165485,183479,'2018-08-27 12:37:41','2018-08-27 04:37:41'),(21959,165486,183480,'2018-08-27 12:37:41','2018-08-27 04:37:41'),(21960,165487,183486,'2018-08-27 12:37:41','2018-08-27 04:37:41'),(21961,165488,183488,'2018-08-27 12:37:41','2018-08-27 04:37:41'),(21962,165489,183489,'2018-08-27 12:37:42','2018-08-27 04:37:42'),(21963,165504,183490,'2018-08-27 12:39:36','2018-08-27 04:39:36'),(21964,165505,183495,'2018-08-27 12:39:36','2018-08-27 04:39:36'),(21965,165506,183498,'2018-08-27 12:39:36','2018-08-27 04:39:36'),(21966,165507,183504,'2018-08-27 12:41:17','2018-08-27 04:41:17'),(21967,165508,183509,'2018-08-27 12:41:17','2018-08-27 04:41:17'),(21968,165509,183512,'2018-08-27 12:41:18','2018-08-27 04:41:18'),(21969,165510,183514,'2018-08-27 12:41:18','2018-08-27 04:41:18'),(21970,165520,183521,'2018-08-27 12:42:59','2018-08-27 04:42:59'),(21971,165521,183528,'2018-08-27 12:42:59','2018-08-27 04:42:59'),(21972,165522,183532,'2018-08-27 12:43:54','2018-08-27 04:43:54'),(21973,165523,183538,'2018-08-27 12:43:54','2018-08-27 04:43:54'),(21974,165703,183549,'2018-08-27 13:37:55','2018-08-27 05:37:55'),(21975,165705,183558,'2018-08-27 13:38:32','2018-08-27 05:38:32'),(21976,165716,183582,'2018-08-27 13:40:26','2018-08-27 05:40:26'),(21977,165721,183588,'2018-08-27 13:41:15','2018-08-27 05:41:15'),(21978,165734,183648,'2018-08-27 13:43:29','2018-08-27 05:43:29'),(21979,165737,183649,'2018-08-27 13:45:44','2018-08-27 05:45:44'),(21980,165738,183668,'2018-08-27 13:47:36','2018-08-27 05:47:36'),(21981,165739,183679,'2018-08-27 13:49:05','2018-08-27 05:49:05'),(21982,165740,183680,'2018-08-27 13:49:05','2018-08-27 05:49:05'),(21983,165741,183685,'2018-08-27 13:49:06','2018-08-27 05:49:06'),(21984,165742,183691,'2018-08-27 13:51:16','2018-08-27 05:51:16'),(21985,165743,183693,'2018-08-27 13:51:16','2018-08-27 05:51:16'),(21986,165744,183694,'2018-08-27 13:51:16','2018-08-27 05:51:16'),(21987,165745,183697,'2018-08-27 13:51:17','2018-08-27 05:51:17'),(21988,165746,183752,'2018-08-27 13:57:15','2018-08-27 05:57:15'),(21989,165747,183757,'2018-08-27 13:57:15','2018-08-27 05:57:15'),(21990,165748,183758,'2018-08-27 13:57:15','2018-08-27 05:57:15'),(21991,165750,183769,'2018-08-27 14:06:58','2018-08-27 06:06:58'),(21992,165751,183775,'2018-08-27 14:07:25','2018-08-27 06:07:25'),(21993,165752,183781,'2018-08-27 14:08:09','2018-08-27 06:08:09'),(21994,165753,183788,'2018-08-27 14:09:30','2018-08-27 06:09:30'),(21995,165755,183800,'2018-08-27 14:15:32','2018-08-27 06:15:32'),(21996,165756,183805,'2018-08-27 14:15:32','2018-08-27 06:15:32'),(21997,165757,183812,'2018-08-27 14:15:32','2018-08-27 06:15:32'),(21998,165758,183818,'2018-08-27 14:17:23','2018-08-27 06:17:23'),(21999,165759,183819,'2018-08-27 14:17:24','2018-08-27 06:17:24'),(22000,165760,183820,'2018-08-27 14:17:24','2018-08-27 06:17:24'),(22001,165761,183827,'2018-08-27 14:17:24','2018-08-27 06:17:24'),(22002,165762,183829,'2018-08-27 14:17:24','2018-08-27 06:17:24'),(22003,165763,183830,'2018-08-27 14:19:07','2018-08-27 06:19:07'),(22004,165764,183832,'2018-08-27 14:19:07','2018-08-27 06:19:07'),(22005,165765,183835,'2018-08-27 14:19:07','2018-08-27 06:19:07'),(22006,165766,183836,'2018-08-27 14:19:07','2018-08-27 06:19:07'),(22007,165767,183838,'2018-08-27 14:19:07','2018-08-27 06:19:07'),(22008,165768,183844,'2018-08-27 14:20:08','2018-08-27 06:20:08'),(22009,165769,183845,'2018-08-27 14:20:09','2018-08-27 06:20:09'),(22010,165770,183846,'2018-08-27 14:20:09','2018-08-27 06:20:09'),(22011,165771,183847,'2018-08-27 14:20:09','2018-08-27 06:20:09'),(22012,165772,183848,'2018-08-27 14:20:09','2018-08-27 06:20:09'),(22013,165773,183849,'2018-08-27 14:20:09','2018-08-27 06:20:09'),(22014,165774,183854,'2018-08-27 14:20:39','2018-08-27 06:20:39'),(22015,165775,183858,'2018-08-27 14:20:39','2018-08-27 06:20:39'),(22016,165776,183861,'2018-08-27 14:20:39','2018-08-27 06:20:39'),(22017,165777,183862,'2018-08-27 14:20:40','2018-08-27 06:20:40'),(22018,165778,183863,'2018-08-27 14:20:40','2018-08-27 06:20:40'),(22019,165779,183879,'2018-08-27 14:21:10','2018-08-27 06:21:10'),(22020,165780,183960,'2018-08-27 14:24:29','2018-08-27 06:24:29'),(22021,165781,183967,'2018-08-27 14:24:37','2018-08-27 06:24:37'),(22022,165782,183972,'2018-08-27 14:24:37','2018-08-27 06:24:37'),(22023,165783,183973,'2018-08-27 14:24:37','2018-08-27 06:24:37'),(22024,165784,183974,'2018-08-27 14:24:37','2018-08-27 06:24:37'),(22025,165785,183991,'2018-08-27 14:24:53','2018-08-27 06:24:53'),(22026,165786,183995,'2018-08-27 14:25:37','2018-08-27 06:25:37'),(22027,165787,183997,'2018-08-27 14:25:37','2018-08-27 06:25:37'),(22028,165788,184002,'2018-08-27 14:25:37','2018-08-27 06:25:37'),(22029,165791,184004,'2018-08-27 14:29:32','2018-08-27 06:29:32'),(22030,165792,184011,'2018-08-27 14:29:32','2018-08-27 06:29:32'),(22031,165793,184017,'2018-08-27 14:29:32','2018-08-27 06:29:32'),(22032,165794,184019,'2018-08-27 14:29:32','2018-08-27 06:29:32'),(22033,165795,184022,'2018-08-27 14:32:12','2018-08-27 06:32:12'),(22034,165796,184027,'2018-08-27 14:32:13','2018-08-27 06:32:13'),(22035,165797,184030,'2018-08-27 14:32:13','2018-08-27 06:32:13'),(22036,165798,184031,'2018-08-27 14:32:13','2018-08-27 06:32:13'),(22037,165799,184032,'2018-08-27 14:32:13','2018-08-27 06:32:13'),(22038,165809,184036,'2018-08-27 14:34:33','2018-08-27 06:34:33'),(22039,165810,184038,'2018-08-27 14:34:33','2018-08-27 06:34:33'),(22040,165811,184044,'2018-08-27 14:34:36','2018-08-27 06:34:36'),(22041,165824,184072,'2018-08-27 14:38:27','2018-08-27 06:38:27'),(22042,165825,184073,'2018-08-27 14:38:27','2018-08-27 06:38:27'),(22043,165834,184082,'2018-08-27 14:40:45','2018-08-27 06:40:45'),(22044,165914,184119,'2018-08-27 15:03:56','2018-08-27 07:03:56'),(22045,165915,184127,'2018-08-27 15:03:56','2018-08-27 07:03:56'),(22046,165916,184132,'2018-08-27 15:03:56','2018-08-27 07:03:56'),(22047,165918,184138,'2018-08-27 15:04:30','2018-08-27 07:04:30'),(22048,165922,184152,'2018-08-27 15:05:58','2018-08-27 07:05:58'),(22049,165925,184154,'2018-08-27 15:06:03','2018-08-27 07:06:03'),(22050,165936,184166,'2018-08-27 15:07:19','2018-08-27 07:07:19'),(22051,165937,184168,'2018-08-27 15:07:19','2018-08-27 07:07:19'),(22052,165950,184192,'2018-08-27 15:08:36','2018-08-27 07:08:36'),(22053,166013,184229,'2018-08-27 15:33:59','2018-08-27 07:33:59'),(22054,166014,184238,'2018-08-27 15:35:31','2018-08-27 07:35:31'),(22055,166015,184262,'2018-08-27 15:38:02','2018-08-27 07:38:02'),(22056,166016,184274,'2018-08-27 15:38:52','2018-08-27 07:38:52'),(22057,166017,184288,'2018-08-27 15:39:00','2018-08-27 07:39:00'),(22058,166018,184296,'2018-08-27 15:39:00','2018-08-27 07:39:00'),(22059,166019,184301,'2018-08-27 15:39:00','2018-08-27 07:39:00'),(22060,166020,184334,'2018-08-27 15:39:43','2018-08-27 07:39:43'),(22061,166021,184353,'2018-08-27 15:40:12','2018-08-27 07:40:12'),(22062,166022,184362,'2018-08-27 15:41:04','2018-08-27 07:41:04'),(22063,166023,184364,'2018-08-27 15:41:04','2018-08-27 07:41:04'),(22064,166024,184368,'2018-08-27 15:43:00','2018-08-27 07:43:00'),(22065,166026,184400,'2018-08-27 15:49:01','2018-08-27 07:49:01'),(22066,166027,184406,'2018-08-27 15:49:01','2018-08-27 07:49:01'),(22067,166028,184413,'2018-08-27 15:50:47','2018-08-27 07:50:47'),(22068,166139,184429,'2018-08-27 16:23:42','2018-08-27 08:23:42'),(22069,166141,184435,'2018-08-27 16:24:02','2018-08-27 08:24:02'),(22070,166142,184438,'2018-08-27 16:24:48','2018-08-27 08:24:48'),(22071,166149,184443,'2018-08-27 16:28:15','2018-08-27 08:28:15'),(22072,166150,184448,'2018-08-27 16:28:15','2018-08-27 08:28:15'),(22073,166155,184449,'2018-08-27 16:30:31','2018-08-27 08:30:31'),(22074,166157,184458,'2018-08-27 16:32:34','2018-08-27 08:32:34'),(22075,166158,184463,'2018-08-27 16:32:39','2018-08-27 08:32:39'),(22076,166159,184464,'2018-08-27 16:32:40','2018-08-27 08:32:40'),(22077,166160,184467,'2018-08-27 16:32:40','2018-08-27 08:32:40'),(22078,166161,184469,'2018-08-27 16:32:40','2018-08-27 08:32:40'),(22079,166162,184476,'2018-08-27 16:32:40','2018-08-27 08:32:40'),(22080,166165,184482,'2018-08-27 16:33:52','2018-08-27 08:33:52'),(22081,166166,184483,'2018-08-27 16:33:52','2018-08-27 08:33:52'),(22082,166167,184485,'2018-08-27 16:33:52','2018-08-27 08:33:52'),(22083,166168,184492,'2018-08-27 16:33:53','2018-08-27 08:33:53'),(22084,166177,184507,'2018-08-27 16:36:47','2018-08-27 08:36:47'),(22085,166178,184508,'2018-08-27 16:36:47','2018-08-27 08:36:47'),(22086,166179,184513,'2018-08-27 16:37:55','2018-08-27 08:37:55'),(22087,166180,184518,'2018-08-27 16:37:55','2018-08-27 08:37:55'),(22088,166181,184519,'2018-08-27 16:37:55','2018-08-27 08:37:55'),(22089,166182,184521,'2018-08-27 16:37:55','2018-08-27 08:37:55'),(22090,166183,184527,'2018-08-27 16:38:17','2018-08-27 08:38:17'),(22091,166192,184539,'2018-08-27 16:38:59','2018-08-27 08:38:59'),(22092,166193,184553,'2018-08-27 16:39:27','2018-08-27 08:39:27'),(22093,166194,184557,'2018-08-27 16:39:27','2018-08-27 08:39:27'),(22094,166195,184558,'2018-08-27 16:39:27','2018-08-27 08:39:27'),(22095,166196,184561,'2018-08-27 16:39:27','2018-08-27 08:39:27'),(22096,166197,184563,'2018-08-27 16:39:27','2018-08-27 08:39:27'),(22097,166198,184570,'2018-08-27 16:41:24','2018-08-27 08:41:24'),(22098,166199,184577,'2018-08-27 16:41:24','2018-08-27 08:41:24'),(22099,166200,184614,'2018-08-27 16:43:26','2018-08-27 08:43:26'),(22100,166209,184622,'2018-08-27 16:46:28','2018-08-27 08:46:28'),(22101,166210,184628,'2018-08-27 16:46:28','2018-08-27 08:46:28'),(22106,166343,184700,'2018-08-27 17:53:26','2018-08-27 09:53:26'),(22107,166345,184709,'2018-08-27 17:54:01','2018-08-27 09:54:01'),(22108,166348,184733,'2018-08-27 17:56:36','2018-08-27 09:56:36'),(22109,166349,184739,'2018-08-27 17:57:16','2018-08-27 09:57:16'),(22110,166351,184751,'2018-08-27 17:58:12','2018-08-27 09:58:12'),(22111,166354,184799,'2018-08-27 18:00:19','2018-08-27 10:00:19'),(22112,166357,184830,'2018-08-27 18:09:48','2018-08-27 10:09:48'),(22113,166358,184838,'2018-08-27 18:09:49','2018-08-27 10:09:49'),(22114,166359,184843,'2018-08-27 18:09:49','2018-08-27 10:09:49'),(22115,166360,184844,'2018-08-27 18:09:49','2018-08-27 10:09:49'),(22116,166361,184849,'2018-08-27 18:10:17','2018-08-27 10:10:17'),(22117,166365,184863,'2018-08-27 18:12:47','2018-08-27 10:12:47'),(22118,166366,184867,'2018-08-27 18:12:47','2018-08-27 10:12:47'),(22119,166374,184891,'2018-08-27 18:16:46','2018-08-27 10:16:46'),(22120,166405,184920,'2018-08-27 18:57:50','2018-08-27 10:57:50'),(22121,166406,184947,'2018-08-27 19:00:12','2018-08-27 11:00:12'),(22122,166409,184953,'2018-08-27 19:00:33','2018-08-27 11:00:33'),(22123,166416,185013,'2018-08-27 19:04:49','2018-08-27 11:04:49'),(22124,166463,185030,'2018-08-27 19:43:42','2018-08-27 11:43:42'),(22125,166481,185063,'2018-08-27 19:48:23','2018-08-27 11:48:23'),(22126,166484,185081,'2018-08-27 19:49:56','2018-08-27 11:49:56'),(22127,166485,185129,'2018-08-27 19:50:48','2018-08-27 11:50:48'),(22128,166488,185170,'2018-08-28 08:03:17','2018-08-28 00:03:17'),(22129,166489,185180,'2018-08-28 08:03:18','2018-08-28 00:03:18'),(22130,166490,185189,'2018-08-28 08:03:55','2018-08-28 00:03:55'),(22131,166491,185201,'2018-08-28 08:04:49','2018-08-28 00:04:49'),(22132,166492,185207,'2018-08-28 08:04:49','2018-08-28 00:04:49'),(22133,166493,185215,'2018-08-28 08:06:35','2018-08-28 00:06:35'),(22134,166494,185219,'2018-08-28 08:06:35','2018-08-28 00:06:35'),(22135,166496,185250,'2018-08-28 08:52:58','2018-08-28 00:52:58'),(22136,166497,185258,'2018-08-28 08:53:20','2018-08-28 00:53:20'),(22137,166498,185259,'2018-08-28 08:54:18','2018-08-28 00:54:18'),(22138,166499,185262,'2018-08-28 08:54:18','2018-08-28 00:54:18'),(22139,166500,185269,'2018-08-28 08:55:31','2018-08-28 00:55:31'),(22140,166501,185271,'2018-08-28 08:58:12','2018-08-28 00:58:12'),(22141,166502,185274,'2018-08-28 08:58:12','2018-08-28 00:58:12'),(22142,166503,185286,'2018-08-28 08:58:13','2018-08-28 00:58:13'),(22143,166504,185289,'2018-08-28 09:05:07','2018-08-28 01:05:07'),(22144,166505,185290,'2018-08-28 09:05:07','2018-08-28 01:05:07'),(22145,166506,185296,'2018-08-28 09:05:07','2018-08-28 01:05:07'),(22146,166507,185299,'2018-08-28 09:05:09','2018-08-28 01:05:09'),(22147,166508,185300,'2018-08-28 09:05:09','2018-08-28 01:05:09'),(22148,166509,185301,'2018-08-28 09:07:24','2018-08-28 01:07:24'),(22149,166510,185306,'2018-08-28 09:07:24','2018-08-28 01:07:24'),(22150,166511,185309,'2018-08-28 09:07:24','2018-08-28 01:07:24'),(22151,166512,185316,'2018-08-28 09:08:45','2018-08-28 01:08:45'),(22152,166513,185317,'2018-08-28 09:08:45','2018-08-28 01:08:45'),(22153,166514,185319,'2018-08-28 09:08:45','2018-08-28 01:08:45'),(22154,166515,185320,'2018-08-28 09:08:46','2018-08-28 01:08:46'),(22155,166516,185323,'2018-08-28 09:08:46','2018-08-28 01:08:46'),(22156,166517,185325,'2018-08-28 09:08:46','2018-08-28 01:08:46'),(22157,166518,185332,'2018-08-28 09:10:53','2018-08-28 01:10:53'),(22158,166519,185337,'2018-08-28 09:10:53','2018-08-28 01:10:53'),(22159,166520,185338,'2018-08-28 09:10:53','2018-08-28 01:10:53'),(22160,166521,185339,'2018-08-28 09:10:53','2018-08-28 01:10:53'),(22161,166522,185343,'2018-08-28 09:12:29','2018-08-28 01:12:29'),(22162,166523,185349,'2018-08-28 09:12:29','2018-08-28 01:12:29'),(22163,166562,185370,'2018-08-28 09:19:14','2018-08-28 01:19:14'),(22164,166563,185383,'2018-08-28 09:19:14','2018-08-28 01:19:14'),(22165,166574,185415,'2018-08-28 09:22:29','2018-08-28 01:22:29'),(22166,166575,185419,'2018-08-28 09:22:29','2018-08-28 01:22:29'),(22167,166593,185425,'2018-08-28 09:25:54','2018-08-28 01:25:54'),(22168,166714,185490,'2018-08-28 10:16:54','2018-08-28 02:16:54'),(22169,166715,185498,'2018-08-28 10:16:54','2018-08-28 02:16:54'),(22170,166716,185503,'2018-08-28 10:16:54','2018-08-28 02:16:54'),(22171,166717,185509,'2018-08-28 10:17:23','2018-08-28 02:17:23'),(22172,166718,185521,'2018-08-28 10:18:42','2018-08-28 02:18:42'),(22173,166719,185525,'2018-08-28 10:18:43','2018-08-28 02:18:43'),(22174,166720,185539,'2018-08-28 10:20:39','2018-08-28 02:20:39'),(22175,166721,185540,'2018-08-28 10:20:40','2018-08-28 02:20:40'),(22176,166859,185583,'2018-08-28 10:54:41','2018-08-28 02:54:41'),(22177,166860,185588,'2018-08-28 10:54:41','2018-08-28 02:54:41'),(22178,166861,185589,'2018-08-28 10:54:41','2018-08-28 02:54:41'),(22179,166862,185611,'2018-08-28 10:57:18','2018-08-28 02:57:18'),(22180,166863,185626,'2018-08-28 11:01:11','2018-08-28 03:01:11'),(22181,166864,185641,'2018-08-28 11:01:46','2018-08-28 03:01:46'),(22182,166865,185647,'2018-08-28 11:03:28','2018-08-28 03:03:28'),(22183,166882,185667,'2018-08-28 11:07:14','2018-08-28 03:07:14'),(22184,166883,185668,'2018-08-28 11:07:14','2018-08-28 03:07:14'),(22185,166884,185669,'2018-08-28 11:07:38','2018-08-28 03:07:38'),(22186,166885,185675,'2018-08-28 11:07:52','2018-08-28 03:07:52'),(22187,166886,185678,'2018-08-28 11:08:07','2018-08-28 03:08:07'),(22188,166904,185689,'2018-08-28 11:15:38','2018-08-28 03:15:38'),(22189,166905,185694,'2018-08-28 11:16:10','2018-08-28 03:16:10'),(22190,166906,185699,'2018-08-28 11:16:10','2018-08-28 03:16:10'),(22191,166913,185701,'2018-08-28 11:17:12','2018-08-28 03:17:12'),(22192,166914,185706,'2018-08-28 11:17:12','2018-08-28 03:17:12'),(22193,166915,185708,'2018-08-28 11:17:12','2018-08-28 03:17:12'),(22194,166916,185713,'2018-08-28 11:17:12','2018-08-28 03:17:12'),(22195,166923,185719,'2018-08-28 11:20:31','2018-08-28 03:20:31'),(22196,166924,185720,'2018-08-28 11:20:31','2018-08-28 03:20:31'),(22197,166925,185721,'2018-08-28 11:20:32','2018-08-28 03:20:32'),(22198,166926,185727,'2018-08-28 11:20:32','2018-08-28 03:20:32'),(22199,166927,185728,'2018-08-28 11:20:32','2018-08-28 03:20:32'),(22200,166928,185729,'2018-08-28 11:20:32','2018-08-28 03:20:32'),(22201,166929,185730,'2018-08-28 11:20:32','2018-08-28 03:20:32'),(22202,166938,185731,'2018-08-28 11:22:25','2018-08-28 03:22:25'),(22203,166939,185734,'2018-08-28 11:22:26','2018-08-28 03:22:26'),(22204,166940,185737,'2018-08-28 11:22:26','2018-08-28 03:22:26'),(22205,166941,185739,'2018-08-28 11:22:26','2018-08-28 03:22:26'),(22206,166942,185746,'2018-08-28 11:24:24','2018-08-28 03:24:24'),(22207,166943,185750,'2018-08-28 11:24:24','2018-08-28 03:24:24'),(22208,166944,185753,'2018-08-28 11:24:24','2018-08-28 03:24:24'),(22209,166945,185755,'2018-08-28 11:24:24','2018-08-28 03:24:24'),(22210,166946,185757,'2018-08-28 11:24:25','2018-08-28 03:24:25'),(22211,166956,185771,'2018-08-28 11:27:56','2018-08-28 03:27:56'),(22212,166957,185772,'2018-08-28 11:27:56','2018-08-28 03:27:56'),(22213,166958,185779,'2018-08-28 11:27:56','2018-08-28 03:27:56'),(22214,166967,185783,'2018-08-28 11:28:41','2018-08-28 03:28:41'),(22215,166968,185789,'2018-08-28 11:28:41','2018-08-28 03:28:41'),(22216,166995,185806,'2018-08-28 11:47:26','2018-08-28 03:47:26'),(22217,166996,185809,'2018-08-28 11:48:39','2018-08-28 03:48:39'),(22218,166997,185813,'2018-08-28 11:48:39','2018-08-28 03:48:39'),(22219,167006,185837,'2018-08-28 11:51:09','2018-08-28 03:51:09'),(22220,167007,185855,'2018-08-28 11:53:23','2018-08-28 03:53:23'),(22221,167008,185863,'2018-08-28 11:53:23','2018-08-28 03:53:23'),(22222,167009,185874,'2018-08-28 11:54:06','2018-08-28 03:54:06'),(22223,167019,185886,'2018-08-28 11:55:36','2018-08-28 03:55:36'),(22224,167020,185889,'2018-08-28 11:55:36','2018-08-28 03:55:36'),(22225,167021,185890,'2018-08-28 11:55:36','2018-08-28 03:55:36'),(22226,167147,185910,'2018-08-28 13:06:28','2018-08-28 05:06:28'),(22227,167148,185918,'2018-08-28 13:07:14','2018-08-28 05:07:14'),(22228,167155,185919,'2018-08-28 13:10:59','2018-08-28 05:10:59'),(22229,167156,185924,'2018-08-28 13:12:21','2018-08-28 05:12:21'),(22230,167157,185929,'2018-08-28 13:12:21','2018-08-28 05:12:21'),(22231,167158,185931,'2018-08-28 13:16:58','2018-08-28 05:16:58'),(22232,167159,185934,'2018-08-28 13:16:58','2018-08-28 05:16:58'),(22233,167160,185936,'2018-08-28 13:16:58','2018-08-28 05:16:58'),(22234,167161,185943,'2018-08-28 13:16:58','2018-08-28 05:16:58'),(22235,167162,185945,'2018-08-28 13:16:59','2018-08-28 05:16:59'),(22236,167163,185949,'2018-08-28 13:18:14','2018-08-28 05:18:14'),(22237,167164,185950,'2018-08-28 13:18:14','2018-08-28 05:18:14'),(22238,167165,185957,'2018-08-28 13:18:14','2018-08-28 05:18:14'),(22239,167166,185959,'2018-08-28 13:18:14','2018-08-28 05:18:14'),(22240,167175,185961,'2018-08-28 13:20:57','2018-08-28 05:20:57'),(22241,167176,185963,'2018-08-28 13:20:57','2018-08-28 05:20:57'),(22242,167177,185966,'2018-08-28 13:20:57','2018-08-28 05:20:57'),(22243,167178,185967,'2018-08-28 13:20:57','2018-08-28 05:20:57'),(22244,167179,185968,'2018-08-28 13:20:57','2018-08-28 05:20:57'),(22245,167180,185969,'2018-08-28 13:20:57','2018-08-28 05:20:57'),(22246,167181,185976,'2018-08-28 13:21:57','2018-08-28 05:21:57'),(22247,167182,185980,'2018-08-28 13:21:57','2018-08-28 05:21:57'),(22248,167183,185983,'2018-08-28 13:21:57','2018-08-28 05:21:57'),(22249,167184,185985,'2018-08-28 13:21:57','2018-08-28 05:21:57'),(22250,167205,185992,'2018-08-28 13:36:51','2018-08-28 05:36:51'),(22251,167206,185997,'2018-08-28 13:36:51','2018-08-28 05:36:51'),(22252,167207,186001,'2018-08-28 13:36:51','2018-08-28 05:36:51'),(22253,167208,186004,'2018-08-28 13:37:25','2018-08-28 05:37:25'),(22254,167209,186009,'2018-08-28 13:37:25','2018-08-28 05:37:25'),(22255,167211,186040,'2018-08-28 13:55:33','2018-08-28 05:55:33'),(22256,167212,186049,'2018-08-28 13:56:24','2018-08-28 05:56:24'),(22257,167213,186057,'2018-08-28 13:56:24','2018-08-28 05:56:24'),(22258,167214,186062,'2018-08-28 13:56:24','2018-08-28 05:56:24'),(22259,167215,186073,'2018-08-28 13:57:07','2018-08-28 05:57:07'),(22260,167216,186081,'2018-08-28 13:57:07','2018-08-28 05:57:07'),(22261,167217,186107,'2018-08-28 13:58:15','2018-08-28 05:58:15'),(22262,167218,186133,'2018-08-28 13:59:03','2018-08-28 05:59:03'),(22263,167219,186154,'2018-08-28 14:01:14','2018-08-28 06:01:14'),(22264,167220,186169,'2018-08-28 14:01:46','2018-08-28 06:01:46'),(22265,167230,186173,'2018-08-28 14:02:51','2018-08-28 06:02:51'),(22266,167231,186179,'2018-08-28 14:02:51','2018-08-28 06:02:51'),(22267,167244,186223,'2018-08-28 14:07:59','2018-08-28 06:07:59'),(22268,167245,186229,'2018-08-28 14:07:59','2018-08-28 06:07:59'),(22269,167521,186268,'2018-08-28 15:28:10','2018-08-28 07:28:10'),(22270,167522,186288,'2018-08-28 15:29:23','2018-08-28 07:29:23'),(22271,167523,186289,'2018-08-28 15:29:24','2018-08-28 07:29:24'),(22272,167524,186298,'2018-08-28 15:31:22','2018-08-28 07:31:22'),(22273,167525,186344,'2018-08-28 15:37:08','2018-08-28 07:37:08'),(22274,167526,186359,'2018-08-28 15:37:33','2018-08-28 07:37:33'),(22275,167527,186383,'2018-08-28 15:38:52','2018-08-28 07:38:52'),(22276,167528,186399,'2018-08-28 15:39:44','2018-08-28 07:39:44'),(22277,167530,186403,'2018-08-28 15:41:09','2018-08-28 07:41:09'),(22278,167531,186431,'2018-08-28 15:42:50','2018-08-28 07:42:50'),(22279,167532,186449,'2018-08-28 15:44:57','2018-08-28 07:44:57'),(22280,167572,186480,'2018-08-28 16:00:59','2018-08-28 08:00:59'),(22281,167573,186488,'2018-08-28 16:01:00','2018-08-28 08:01:00'),(22282,167574,186493,'2018-08-28 16:01:00','2018-08-28 08:01:00'),(22283,167575,186499,'2018-08-28 16:01:40','2018-08-28 08:01:40'),(22284,167576,186519,'2018-08-28 16:02:30','2018-08-28 08:02:30'),(22285,167587,186541,'2018-08-28 16:04:22','2018-08-28 08:04:22'),(22286,167639,186570,'2018-08-28 16:25:01','2018-08-28 08:25:01'),(22287,167640,186576,'2018-08-28 16:25:13','2018-08-28 08:25:13'),(22288,167641,186592,'2018-08-28 16:26:00','2018-08-28 08:26:00'),(22289,167642,186606,'2018-08-28 16:26:51','2018-08-28 08:26:51'),(22290,167643,186614,'2018-08-28 16:27:32','2018-08-28 08:27:32'),(22291,167644,186612,'2018-08-28 16:27:32','2018-08-28 08:27:32'),(22292,167645,186629,'2018-08-28 16:28:22','2018-08-28 08:28:22'),(22293,167646,186637,'2018-08-28 16:28:22','2018-08-28 08:28:22'),(22294,167647,186659,'2018-08-28 16:30:15','2018-08-28 08:30:15'),(22295,167648,186664,'2018-08-28 16:30:17','2018-08-28 08:30:17'),(22296,167649,186677,'2018-08-28 16:32:34','2018-08-28 08:32:34'),(22297,167650,186679,'2018-08-28 16:32:34','2018-08-28 08:32:34'),(22298,167651,186684,'2018-08-28 16:32:34','2018-08-28 08:32:34'),(22299,167652,186685,'2018-08-28 16:32:37','2018-08-28 08:32:37'),(22300,167653,186689,'2018-08-28 16:32:37','2018-08-28 08:32:37'),(22301,167654,186702,'2018-08-28 16:32:47','2018-08-28 08:32:47'),(22302,167655,186703,'2018-08-28 16:34:08','2018-08-28 08:34:08'),(22303,167656,186704,'2018-08-28 16:34:08','2018-08-28 08:34:08'),(22304,167657,186706,'2018-08-28 16:34:08','2018-08-28 08:34:08'),(22305,167658,186711,'2018-08-28 16:34:08','2018-08-28 08:34:08'),(22306,167659,186714,'2018-08-28 16:34:08','2018-08-28 08:34:08'),(22307,167660,186721,'2018-08-28 16:36:01','2018-08-28 08:36:01'),(22308,167661,186723,'2018-08-28 16:36:04','2018-08-28 08:36:04'),(22309,167662,186724,'2018-08-28 16:36:04','2018-08-28 08:36:04'),(22310,167663,186725,'2018-08-28 16:36:04','2018-08-28 08:36:04'),(22311,167664,186727,'2018-08-28 16:36:04','2018-08-28 08:36:04'),(22312,167665,186731,'2018-08-28 16:36:05','2018-08-28 08:36:05'),(22313,167666,186737,'2018-08-28 16:37:08','2018-08-28 08:37:08'),(22314,167667,186740,'2018-08-28 16:37:08','2018-08-28 08:37:08'),(22315,167668,186743,'2018-08-28 16:37:08','2018-08-28 08:37:08'),(22316,167669,186745,'2018-08-28 16:37:08','2018-08-28 08:37:08'),(22317,167670,186751,'2018-08-28 16:38:25','2018-08-28 08:38:25'),(22318,167671,186752,'2018-08-28 16:38:25','2018-08-28 08:38:25'),(22319,167672,186761,'2018-08-28 16:38:25','2018-08-28 08:38:25'),(22320,167673,186764,'2018-08-28 16:39:33','2018-08-28 08:39:33'),(22321,167676,186790,'2018-08-28 16:52:06','2018-08-28 08:52:06'),(22322,167677,186810,'2018-08-28 17:00:34','2018-08-28 09:00:34'),(22323,167678,186818,'2018-08-28 17:00:43','2018-08-28 09:00:43'),(22324,167679,186823,'2018-08-28 17:00:45','2018-08-28 09:00:45'),(22325,167680,186846,'2018-08-28 17:02:16','2018-08-28 09:02:16'),(22326,167681,186849,'2018-08-28 17:02:16','2018-08-28 09:02:16'),(22327,167683,186900,'2018-08-28 17:18:55','2018-08-28 09:18:55'),(22328,167684,186908,'2018-08-28 17:19:13','2018-08-28 09:19:13'),(22329,167685,186918,'2018-08-28 17:27:07','2018-08-28 09:27:07'),(22330,167686,186927,'2018-08-28 17:27:35','2018-08-28 09:27:35'),(22331,167687,186945,'2018-08-28 17:28:14','2018-08-28 09:28:14'),(22332,167688,186963,'2018-08-28 17:31:33','2018-08-28 09:31:33'),(22333,167689,186982,'2018-08-28 17:31:38','2018-08-28 09:31:38'),(22334,167690,186993,'2018-08-28 17:32:14','2018-08-28 09:32:14'),(22335,167691,186998,'2018-08-28 17:32:14','2018-08-28 09:32:14'),(22336,167692,187019,'2018-08-28 17:32:56','2018-08-28 09:32:56'),(22337,167693,187022,'2018-08-28 17:32:57','2018-08-28 09:32:57'),(22338,167694,187035,'2018-08-28 17:33:25','2018-08-28 09:33:25'),(22339,167695,187038,'2018-08-28 17:33:25','2018-08-28 09:33:25'),(22340,167696,187047,'2018-08-28 17:33:25','2018-08-28 09:33:25'),(22341,167697,187053,'2018-08-28 17:33:30','2018-08-28 09:33:30'),(22342,167698,187084,'2018-08-28 17:34:10','2018-08-28 09:34:10'),(22343,167699,187094,'2018-08-28 17:34:44','2018-08-28 09:34:44'),(22344,167700,187125,'2018-08-28 17:35:28','2018-08-28 09:35:28'),(22345,167701,187126,'2018-08-28 17:35:29','2018-08-28 09:35:29'),(22346,167702,187128,'2018-08-28 17:35:29','2018-08-28 09:35:29'),(22347,167703,187135,'2018-08-28 17:35:29','2018-08-28 09:35:29'),(22348,167704,187136,'2018-08-28 17:35:29','2018-08-28 09:35:29'),(22349,167705,187137,'2018-08-28 17:36:29','2018-08-28 09:36:29'),(22350,167706,187142,'2018-08-28 17:36:29','2018-08-28 09:36:29'),(22351,167707,187145,'2018-08-28 17:36:29','2018-08-28 09:36:29'),(22352,167708,187162,'2018-08-28 17:38:04','2018-08-28 09:38:04'),(22353,167709,187168,'2018-08-28 17:38:04','2018-08-28 09:38:04'),(22354,167710,187170,'2018-08-28 17:38:26','2018-08-28 09:38:26'),(22355,167711,187174,'2018-08-28 17:38:26','2018-08-28 09:38:26'),(22356,167712,187177,'2018-08-28 17:38:26','2018-08-28 09:38:26'),(22357,167713,187179,'2018-08-28 17:38:26','2018-08-28 09:38:26'),(22358,167715,187191,'2018-08-28 17:42:29','2018-08-28 09:42:29'),(22359,167716,187192,'2018-08-28 17:42:30','2018-08-28 09:42:30'),(22360,167717,187199,'2018-08-28 17:42:30','2018-08-28 09:42:30'),(22361,167721,187202,'2018-08-28 17:43:25','2018-08-28 09:43:25'),(22362,167722,187203,'2018-08-28 17:43:25','2018-08-28 09:43:25'),(22363,167723,187209,'2018-08-28 17:43:25','2018-08-28 09:43:25'),(22364,168017,187230,'2018-08-28 18:56:02','2018-08-28 10:56:02'),(22365,168018,187263,'2018-08-28 19:03:45','2018-08-28 11:03:45'),(22366,168019,187299,'2018-08-28 19:08:58','2018-08-28 11:08:58'),(22367,168020,187311,'2018-08-28 19:09:50','2018-08-28 11:09:50'),(22368,168153,187351,'2018-08-29 08:44:30','2018-08-29 00:44:30'),(22369,168170,187373,'2018-08-29 08:48:33','2018-08-29 00:48:33'),(22370,168180,187382,'2018-08-29 08:49:53','2018-08-29 00:49:53'),(22371,168181,187387,'2018-08-29 08:49:53','2018-08-29 00:49:53'),(22372,168188,187391,'2018-08-29 08:51:17','2018-08-29 00:51:17'),(22373,168189,187402,'2018-08-29 08:51:18','2018-08-29 00:51:18'),(22374,168204,187428,'2018-08-29 08:54:56','2018-08-29 00:54:56'),(22375,168214,187449,'2018-08-29 08:59:00','2018-08-29 00:59:00'),(22376,168227,187450,'2018-08-29 09:08:41','2018-08-29 01:08:41'),(22377,168228,187467,'2018-08-29 09:11:38','2018-08-29 01:11:38'),(22378,168229,187468,'2018-08-29 09:11:57','2018-08-29 01:11:57'),(22379,168230,187478,'2018-08-29 09:12:35','2018-08-29 01:12:35'),(22380,168231,187491,'2018-08-29 09:14:10','2018-08-29 01:14:10'),(22381,168232,187496,'2018-08-29 09:14:10','2018-08-29 01:14:10'),(22382,168233,187503,'2018-08-29 09:14:10','2018-08-29 01:14:10'),(22383,168234,187509,'2018-08-29 09:15:07','2018-08-29 01:15:07'),(22384,168235,187522,'2018-08-29 09:15:07','2018-08-29 01:15:07'),(22385,168236,187524,'2018-08-29 09:15:08','2018-08-29 01:15:08'),(22386,168237,187528,'2018-08-29 09:16:09','2018-08-29 01:16:09'),(22387,168238,187529,'2018-08-29 09:16:09','2018-08-29 01:16:09'),(22388,168239,187530,'2018-08-29 09:16:10','2018-08-29 01:16:10'),(22389,168240,187538,'2018-08-29 09:16:10','2018-08-29 01:16:10'),(22390,168241,187539,'2018-08-29 09:16:10','2018-08-29 01:16:10'),(22391,168242,187540,'2018-08-29 09:16:35','2018-08-29 01:16:35'),(22392,168243,187544,'2018-08-29 09:16:36','2018-08-29 01:16:36'),(22393,168244,187552,'2018-08-29 09:17:48','2018-08-29 01:17:48'),(22394,168245,187557,'2018-08-29 09:17:48','2018-08-29 01:17:48'),(22395,168246,187560,'2018-08-29 09:17:48','2018-08-29 01:17:48'),(22396,168247,187567,'2018-08-29 09:19:02','2018-08-29 01:19:02'),(22397,168248,187571,'2018-08-29 09:19:03','2018-08-29 01:19:03'),(22398,168249,187574,'2018-08-29 09:19:03','2018-08-29 01:19:03'),(22399,168250,187582,'2018-08-29 09:20:33','2018-08-29 01:20:33'),(22400,168251,187585,'2018-08-29 09:20:33','2018-08-29 01:20:33'),(22401,168252,187586,'2018-08-29 09:20:33','2018-08-29 01:20:33'),(22402,168253,187592,'2018-08-29 09:20:33','2018-08-29 01:20:33'),(22403,168254,187596,'2018-08-29 09:22:38','2018-08-29 01:22:38'),(22404,168255,187600,'2018-08-29 09:22:38','2018-08-29 01:22:38'),(22405,168256,187604,'2018-08-29 09:22:38','2018-08-29 01:22:38'),(22406,168257,187612,'2018-08-29 09:23:06','2018-08-29 01:23:06'),(22407,168258,187613,'2018-08-29 09:23:06','2018-08-29 01:23:06'),(22408,168259,187618,'2018-08-29 09:23:06','2018-08-29 01:23:06'),(22409,168260,187619,'2018-08-29 09:23:06','2018-08-29 01:23:06'),(22410,168261,187620,'2018-08-29 09:23:06','2018-08-29 01:23:06'),(22411,168262,187629,'2018-08-29 09:23:16','2018-08-29 01:23:16'),(22412,168263,187636,'2018-08-29 09:23:58','2018-08-29 01:23:58'),(22413,168264,187641,'2018-08-29 09:23:58','2018-08-29 01:23:58'),(22414,168265,187644,'2018-08-29 09:26:52','2018-08-29 01:26:52'),(22415,168422,187690,'2018-08-29 10:04:14','2018-08-29 02:04:14'),(22416,168423,187696,'2018-08-29 10:04:15','2018-08-29 02:04:15'),(22417,168424,187704,'2018-08-29 10:04:15','2018-08-29 02:04:15'),(22418,168425,187709,'2018-08-29 10:04:16','2018-08-29 02:04:16'),(22419,168426,187723,'2018-08-29 10:04:43','2018-08-29 02:04:43'),(22420,168435,187741,'2018-08-29 10:06:05','2018-08-29 02:06:05'),(22421,168436,187753,'2018-08-29 10:06:50','2018-08-29 02:06:50'),(22422,168437,187778,'2018-08-29 10:07:18','2018-08-29 02:07:18'),(22423,168438,187790,'2018-08-29 10:07:36','2018-08-29 02:07:36'),(22424,168439,187809,'2018-08-29 10:08:21','2018-08-29 02:08:21'),(22425,168460,187873,'2018-08-29 10:16:26','2018-08-29 02:16:26'),(22426,168608,187890,'2018-08-29 10:55:28','2018-08-29 02:55:28'),(22427,168611,187896,'2018-08-29 10:55:58','2018-08-29 02:55:58'),(22428,168615,187899,'2018-08-29 10:56:26','2018-08-29 02:56:26'),(22429,168618,187904,'2018-08-29 10:57:07','2018-08-29 02:57:07'),(22430,168619,187909,'2018-08-29 10:57:07','2018-08-29 02:57:07'),(22431,168621,187911,'2018-08-29 10:58:24','2018-08-29 02:58:24'),(22432,168622,187913,'2018-08-29 10:58:24','2018-08-29 02:58:24'),(22433,168623,187918,'2018-08-29 10:58:24','2018-08-29 02:58:24'),(22434,168624,187923,'2018-08-29 10:58:24','2018-08-29 02:58:24'),(22435,168633,187929,'2018-08-29 11:00:50','2018-08-29 03:00:50'),(22436,168643,187938,'2018-08-29 11:03:46','2018-08-29 03:03:46'),(22437,168644,187939,'2018-08-29 11:03:46','2018-08-29 03:03:46'),(22438,168645,187941,'2018-08-29 11:03:46','2018-08-29 03:03:46'),(22439,168646,187946,'2018-08-29 11:03:46','2018-08-29 03:03:46'),(22440,168647,187948,'2018-08-29 11:03:46','2018-08-29 03:03:46'),(22441,168654,187953,'2018-08-29 11:04:22','2018-08-29 03:04:22'),(22442,168655,187957,'2018-08-29 11:04:47','2018-08-29 03:04:47'),(22443,168656,187960,'2018-08-29 11:04:47','2018-08-29 03:04:47'),(22444,168657,187963,'2018-08-29 11:04:47','2018-08-29 03:04:47'),(22445,168664,187976,'2018-08-29 11:06:02','2018-08-29 03:06:02'),(22446,168665,187980,'2018-08-29 11:06:03','2018-08-29 03:06:03'),(22447,168666,187983,'2018-08-29 11:06:03','2018-08-29 03:06:03'),(22448,168667,187985,'2018-08-29 11:06:03','2018-08-29 03:06:03'),(22449,168668,187992,'2018-08-29 11:06:45','2018-08-29 03:06:45'),(22450,168669,188010,'2018-08-29 11:07:46','2018-08-29 03:07:46'),(22451,168670,188020,'2018-08-29 11:07:46','2018-08-29 03:07:46'),(22452,168671,188026,'2018-08-29 11:08:41','2018-08-29 03:08:41'),(22453,168672,188030,'2018-08-29 11:08:41','2018-08-29 03:08:41'),(22454,168698,188070,'2018-08-29 11:15:24','2018-08-29 03:15:24'),(22455,168703,188092,'2018-08-29 11:19:45','2018-08-29 03:19:45'),(22456,168704,188101,'2018-08-29 11:19:45','2018-08-29 03:19:45'),(22457,168705,188103,'2018-08-29 11:20:23','2018-08-29 03:20:23'),(22458,168706,188109,'2018-08-29 11:20:23','2018-08-29 03:20:23'),(22459,168723,188130,'2018-08-29 11:33:06','2018-08-29 03:33:06'),(22460,168724,188138,'2018-08-29 11:33:06','2018-08-29 03:33:06'),(22461,168725,188143,'2018-08-29 11:33:07','2018-08-29 03:33:07'),(22462,168732,188149,'2018-08-29 11:33:34','2018-08-29 03:33:34'),(22463,168733,188163,'2018-08-29 11:34:37','2018-08-29 03:34:37'),(22464,168734,188167,'2018-08-29 11:34:38','2018-08-29 03:34:38'),(22465,168735,188177,'2018-08-29 11:35:50','2018-08-29 03:35:50'),(22466,168736,188179,'2018-08-29 11:35:50','2018-08-29 03:35:50'),(22467,168745,188197,'2018-08-29 11:36:52','2018-08-29 03:36:52'),(22468,168746,188203,'2018-08-29 11:37:35','2018-08-29 03:37:35'),(22469,169013,188220,'2018-08-29 13:00:09','2018-08-29 05:00:09'),(22470,169014,188226,'2018-08-29 13:01:31','2018-08-29 05:01:31'),(22471,169015,188228,'2018-08-29 13:01:31','2018-08-29 05:01:31'),(22472,169016,188229,'2018-08-29 13:02:40','2018-08-29 05:02:40'),(22473,169017,188234,'2018-08-29 13:03:14','2018-08-29 05:03:14'),(22474,169018,188241,'2018-08-29 13:04:30','2018-08-29 05:04:30'),(22475,169019,188244,'2018-08-29 13:04:30','2018-08-29 05:04:30'),(22476,169020,188253,'2018-08-29 13:04:31','2018-08-29 05:04:31'),(22477,169021,188259,'2018-08-29 13:07:37','2018-08-29 05:07:37'),(22478,169022,188260,'2018-08-29 13:07:38','2018-08-29 05:07:38'),(22479,169023,188261,'2018-08-29 13:07:38','2018-08-29 05:07:38'),(22480,169024,188266,'2018-08-29 13:07:38','2018-08-29 05:07:38'),(22481,169025,188269,'2018-08-29 13:07:38','2018-08-29 05:07:38'),(22482,169026,188270,'2018-08-29 13:07:38','2018-08-29 05:07:38'),(22483,169027,188271,'2018-08-29 13:09:24','2018-08-29 05:09:24'),(22484,169028,188273,'2018-08-29 13:09:24','2018-08-29 05:09:24'),(22485,169029,188276,'2018-08-29 13:09:24','2018-08-29 05:09:24'),(22486,169030,188279,'2018-08-29 13:09:24','2018-08-29 05:09:24'),(22487,169031,188286,'2018-08-29 13:10:04','2018-08-29 05:10:04'),(22488,169032,188289,'2018-08-29 13:10:05','2018-08-29 05:10:05'),(22489,169033,188290,'2018-08-29 13:10:05','2018-08-29 05:10:05'),(22490,169034,188302,'2018-08-29 13:11:04','2018-08-29 05:11:04'),(22491,169035,188307,'2018-08-29 13:11:04','2018-08-29 05:11:04'),(22492,169036,188308,'2018-08-29 13:11:04','2018-08-29 05:11:04'),(22493,169037,188323,'2018-08-29 13:13:37','2018-08-29 05:13:37'),(22494,169038,188325,'2018-08-29 13:13:38','2018-08-29 05:13:38'),(22495,169039,188326,'2018-08-29 13:13:38','2018-08-29 05:13:38'),(22496,169040,188340,'2018-08-29 13:16:12','2018-08-29 05:16:12'),(22497,169041,188348,'2018-08-29 13:16:12','2018-08-29 05:16:12'),(22498,169042,188353,'2018-08-29 13:16:13','2018-08-29 05:16:13'),(22499,169043,188359,'2018-08-29 13:16:44','2018-08-29 05:16:44'),(22500,169044,188375,'2018-08-29 13:17:46','2018-08-29 05:17:46'),(22501,169045,188377,'2018-08-29 13:17:46','2018-08-29 05:17:46'),(22502,169046,188379,'2018-08-29 13:17:46','2018-08-29 05:17:46'),(22503,169047,188401,'2018-08-29 13:19:05','2018-08-29 05:19:05'),(22504,169048,188413,'2018-08-29 13:19:49','2018-08-29 05:19:49'),(22505,169059,188449,'2018-08-29 13:31:25','2018-08-29 05:31:25'),(22506,169060,188462,'2018-08-29 13:31:25','2018-08-29 05:31:25'),(22507,169065,188468,'2018-08-29 13:33:05','2018-08-29 05:33:05'),(22508,169066,188478,'2018-08-29 13:33:05','2018-08-29 05:33:05'),(22509,169079,188480,'2018-08-29 13:42:03','2018-08-29 05:42:03'),(22510,169080,188491,'2018-08-29 13:42:03','2018-08-29 05:42:03'),(22511,169090,188524,'2018-08-29 13:46:45','2018-08-29 05:46:45'),(22512,169099,188533,'2018-08-29 13:50:57','2018-08-29 05:50:57'),(22513,169100,188539,'2018-08-29 13:50:57','2018-08-29 05:50:57'),(22517,169208,188569,'2018-08-29 14:22:53','2018-08-29 06:22:53'),(22518,169209,188572,'2018-08-29 14:23:37','2018-08-29 06:23:37'),(22519,169212,188573,'2018-08-29 14:24:39','2018-08-29 06:24:39'),(22520,169213,188578,'2018-08-29 14:25:14','2018-08-29 06:25:14'),(22521,169222,188585,'2018-08-29 14:27:15','2018-08-29 06:27:15'),(22522,169223,188588,'2018-08-29 14:27:15','2018-08-29 06:27:15'),(22523,169224,188592,'2018-08-29 14:27:16','2018-08-29 06:27:16'),(22524,169225,188597,'2018-08-29 14:27:16','2018-08-29 06:27:16'),(22525,169234,188603,'2018-08-29 14:28:39','2018-08-29 06:28:39'),(22526,169235,188604,'2018-08-29 14:28:40','2018-08-29 06:28:40'),(22527,169236,188606,'2018-08-29 14:28:40','2018-08-29 06:28:40'),(22528,169237,188613,'2018-08-29 14:28:40','2018-08-29 06:28:40'),(22529,169238,188617,'2018-08-29 14:31:24','2018-08-29 06:31:24'),(22530,169239,188619,'2018-08-29 14:31:24','2018-08-29 06:31:24'),(22531,169240,188621,'2018-08-29 14:31:24','2018-08-29 06:31:24'),(22532,169241,188623,'2018-08-29 14:31:25','2018-08-29 06:31:25'),(22533,169250,188630,'2018-08-29 14:32:42','2018-08-29 06:32:42'),(22534,169251,188631,'2018-08-29 14:32:42','2018-08-29 06:32:42'),(22535,169252,188634,'2018-08-29 14:32:42','2018-08-29 06:32:42'),(22536,169253,188637,'2018-08-29 14:32:42','2018-08-29 06:32:42'),(22537,169254,188639,'2018-08-29 14:32:43','2018-08-29 06:32:43'),(22538,169255,188646,'2018-08-29 14:34:46','2018-08-29 06:34:46'),(22539,169256,188651,'2018-08-29 14:34:47','2018-08-29 06:34:47'),(22540,169257,188652,'2018-08-29 14:34:47','2018-08-29 06:34:47'),(22541,169258,188653,'2018-08-29 14:34:47','2018-08-29 06:34:47'),(22542,169259,188655,'2018-08-29 14:34:47','2018-08-29 06:34:47'),(22543,169260,188658,'2018-08-29 14:36:48','2018-08-29 06:36:48'),(22544,169261,188663,'2018-08-29 14:36:49','2018-08-29 06:36:49'),(22545,169310,188674,'2018-08-29 14:51:48','2018-08-29 06:51:48'),(22546,169319,188683,'2018-08-29 14:56:22','2018-08-29 06:56:22'),(22547,169355,188780,'2018-08-29 15:05:48','2018-08-29 07:05:48'),(22548,169356,188788,'2018-08-29 15:05:49','2018-08-29 07:05:49'),(22549,169357,188793,'2018-08-29 15:05:49','2018-08-29 07:05:49'),(22550,169358,188806,'2018-08-29 15:06:12','2018-08-29 07:06:12'),(22551,169359,188807,'2018-08-29 15:07:15','2018-08-29 07:07:15'),(22552,169360,188810,'2018-08-29 15:07:15','2018-08-29 07:07:15'),(22553,169369,188819,'2018-08-29 15:08:32','2018-08-29 07:08:32'),(22554,169374,188838,'2018-08-29 15:10:50','2018-08-29 07:10:50'),(22555,169421,188894,'2018-08-29 15:58:34','2018-08-29 07:58:34'),(22556,169423,188902,'2018-08-29 16:00:02','2018-08-29 08:00:02'),(22557,169426,188903,'2018-08-29 16:04:15','2018-08-29 08:04:15'),(22558,169427,188908,'2018-08-29 16:05:27','2018-08-29 08:05:27'),(22559,169428,188913,'2018-08-29 16:05:27','2018-08-29 08:05:27'),(22560,169437,188915,'2018-08-29 16:08:28','2018-08-29 08:08:28'),(22561,169438,188918,'2018-08-29 16:08:28','2018-08-29 08:08:28'),(22562,169439,188920,'2018-08-29 16:08:28','2018-08-29 08:08:28'),(22563,169448,188933,'2018-08-29 16:11:36','2018-08-29 08:11:36'),(22564,169449,188935,'2018-08-29 16:11:37','2018-08-29 08:11:37'),(22565,169450,188941,'2018-08-29 16:11:37','2018-08-29 08:11:37'),(22566,169451,188943,'2018-08-29 16:11:37','2018-08-29 08:11:37'),(22567,169460,188945,'2018-08-29 16:12:32','2018-08-29 08:12:32'),(22568,169461,188947,'2018-08-29 16:12:32','2018-08-29 08:12:32'),(22569,169462,188953,'2018-08-29 16:12:32','2018-08-29 08:12:32'),(22570,169463,188960,'2018-08-29 16:13:10','2018-08-29 08:13:10'),(22571,169464,188963,'2018-08-29 16:13:10','2018-08-29 08:13:10'),(22572,169465,188967,'2018-08-29 16:13:10','2018-08-29 08:13:10'),(22573,169466,188976,'2018-08-29 16:14:46','2018-08-29 08:14:46'),(22574,169467,188983,'2018-08-29 16:14:46','2018-08-29 08:14:46'),(22575,169477,188987,'2018-08-29 16:15:26','2018-08-29 08:15:26'),(22576,169478,188993,'2018-08-29 16:15:26','2018-08-29 08:15:26'),(22577,169485,188994,'2018-08-29 16:18:55','2018-08-29 08:18:55'),(22578,169510,189025,'2018-08-29 16:23:06','2018-08-29 08:23:06'),(22579,169511,189037,'2018-08-29 16:23:06','2018-08-29 08:23:06'),(22580,169512,189043,'2018-08-29 16:23:59','2018-08-29 08:23:59'),(22581,169513,189051,'2018-08-29 16:23:59','2018-08-29 08:23:59'),(22582,169514,189053,'2018-08-29 16:24:00','2018-08-29 08:24:00'),(22583,169525,189073,'2018-08-29 16:26:58','2018-08-29 08:26:58'),(22584,169526,189081,'2018-08-29 16:26:58','2018-08-29 08:26:58'),(22585,169536,189103,'2018-08-29 16:28:46','2018-08-29 08:28:46'),(22586,169720,189131,'2018-08-29 17:08:02','2018-08-29 09:08:02'),(22587,169726,189134,'2018-08-29 17:10:13','2018-08-29 09:10:13'),(22588,169727,189142,'2018-08-29 17:10:13','2018-08-29 09:10:13'),(22589,169728,189147,'2018-08-29 17:10:13','2018-08-29 09:10:13'),(22590,169730,189153,'2018-08-29 17:10:49','2018-08-29 09:10:49'),(22591,169731,189165,'2018-08-29 17:12:06','2018-08-29 09:12:06'),(22592,169732,189171,'2018-08-29 17:12:06','2018-08-29 09:12:06'),(22593,169733,189173,'2018-08-29 17:12:06','2018-08-29 09:12:06'),(22594,169734,189183,'2018-08-29 17:16:24','2018-08-29 09:16:24'),(22595,169761,189224,'2018-08-29 17:42:14','2018-08-29 09:42:14'),(22596,169762,189233,'2018-08-29 17:43:32','2018-08-29 09:43:32'),(22597,169763,189257,'2018-08-29 17:46:33','2018-08-29 09:46:33'),(22598,169764,189258,'2018-08-29 17:46:33','2018-08-29 09:46:33'),(22599,169765,189323,'2018-08-29 17:50:12','2018-08-29 09:50:12'),(22600,170036,189339,'2018-08-29 18:57:43','2018-08-29 10:57:43'),(22601,170037,189358,'2018-08-29 18:59:05','2018-08-29 10:59:05'),(22602,170038,189364,'2018-08-29 18:59:32','2018-08-29 10:59:32'),(22603,170039,189378,'2018-08-29 19:00:09','2018-08-29 11:00:09'),(22604,170040,189424,'2018-08-29 19:02:23','2018-08-29 11:02:23'),(22605,170238,189464,'2018-08-30 09:12:31','2018-08-30 01:12:31'),(22606,170239,189495,'2018-08-30 09:16:28','2018-08-30 01:16:28'),(22607,170240,189499,'2018-08-30 09:16:28','2018-08-30 01:16:28'),(22608,170241,189501,'2018-08-30 09:16:29','2018-08-30 01:16:29'),(22609,170242,189503,'2018-08-30 09:16:29','2018-08-30 01:16:29'),(22610,170243,189511,'2018-08-30 09:19:32','2018-08-30 01:19:32'),(22611,170244,189513,'2018-08-30 09:19:32','2018-08-30 01:19:32'),(22612,170246,189554,'2018-08-30 09:54:41','2018-08-30 01:54:41'),(22613,170247,189563,'2018-08-30 09:55:39','2018-08-30 01:55:39'),(22614,170248,189574,'2018-08-30 09:56:56','2018-08-30 01:56:56'),(22615,170249,189613,'2018-08-30 09:58:49','2018-08-30 01:58:49'),(22616,170250,189653,'2018-08-30 10:00:14','2018-08-30 02:00:14'),(22617,170350,189664,'2018-08-30 11:02:43','2018-08-30 03:02:43'),(22618,170351,189673,'2018-08-30 11:05:29','2018-08-30 03:05:29'),(22619,170352,189697,'2018-08-30 11:06:24','2018-08-30 03:06:24'),(22620,170353,189703,'2018-08-30 11:07:10','2018-08-30 03:07:10'),(22621,170354,189715,'2018-08-30 11:08:00','2018-08-30 03:08:00'),(22622,170355,189766,'2018-08-30 11:14:21','2018-08-30 03:14:21'),(22623,170356,189772,'2018-08-30 11:14:22','2018-08-30 03:14:22'),(22624,170357,189773,'2018-08-30 11:15:01','2018-08-30 03:15:01'),(22625,170358,189777,'2018-08-30 11:15:01','2018-08-30 03:15:01'),(22626,170359,189799,'2018-08-30 11:28:17','2018-08-30 03:28:17'),(22627,170361,189811,'2018-08-30 11:32:15','2018-08-30 03:32:15'),(22628,170362,189829,'2018-08-30 11:34:29','2018-08-30 03:34:29'),(22629,170363,189837,'2018-08-30 11:34:29','2018-08-30 03:34:29'),(22630,170364,189842,'2018-08-30 11:34:29','2018-08-30 03:34:29'),(22631,170365,189848,'2018-08-30 11:35:25','2018-08-30 03:35:25'),(22632,170366,189856,'2018-08-30 11:35:26','2018-08-30 03:35:26'),(22633,170367,189862,'2018-08-30 11:36:41','2018-08-30 03:36:41'),(22634,170368,189865,'2018-08-30 11:36:41','2018-08-30 03:36:41'),(22635,170369,189868,'2018-08-30 11:36:41','2018-08-30 03:36:41'),(22636,172340,189896,'2018-09-19 12:24:15','2018-09-19 04:24:15'),(22637,172341,189904,'2018-09-19 12:28:22','2018-09-19 04:28:22'),(22638,172342,189923,'2018-09-19 12:29:47','2018-09-19 04:29:47'),(22639,172343,189937,'2018-09-19 12:33:14','2018-09-19 04:33:14'),(22640,172344,189939,'2018-09-19 12:33:15','2018-09-19 04:33:15'),(22641,172345,189959,'2018-09-19 12:36:13','2018-09-19 04:36:13'),(22642,172346,189971,'2018-09-19 12:43:25','2018-09-19 04:43:25'),(22643,172347,189973,'2018-09-19 12:43:25','2018-09-19 04:43:25'),(22644,172348,189977,'2018-09-19 12:47:41','2018-09-19 04:47:41'),(22645,172448,190014,'2018-09-19 15:42:25','2018-09-19 07:42:25'),(22646,172449,190033,'2018-09-19 15:43:36','2018-09-19 07:43:36'),(22647,172450,190047,'2018-09-19 15:47:16','2018-09-19 07:47:16'),(22648,172451,190049,'2018-09-19 15:47:17','2018-09-19 07:47:17'),(22649,172452,190051,'2018-09-19 15:47:17','2018-09-19 07:47:17'),(22650,172453,190052,'2018-09-19 15:47:17','2018-09-19 07:47:17'),(22651,172454,190081,'2018-09-19 15:54:54','2018-09-19 07:54:54'),(22652,172455,190085,'2018-09-19 15:54:54','2018-09-19 07:54:54'),(22653,172456,190088,'2018-09-19 15:56:13','2018-09-19 07:56:13'),(22654,172556,190104,'2018-09-25 10:37:56','2018-09-25 02:37:56'),(22655,172557,190112,'2018-09-25 10:38:42','2018-09-25 02:38:42'),(22656,172558,190113,'2018-09-25 10:40:41','2018-09-25 02:40:41'),(22657,172559,190118,'2018-09-25 10:42:28','2018-09-25 02:42:28'),(22658,172560,190125,'2018-09-25 11:07:48','2018-09-25 03:07:48'),(22659,172561,190127,'2018-09-25 11:07:48','2018-09-25 03:07:48'),(22660,172562,190128,'2018-09-25 11:07:48','2018-09-25 03:07:48'),(22661,172563,190132,'2018-09-25 11:07:48','2018-09-25 03:07:48'),(22662,172564,190136,'2018-09-25 11:07:48','2018-09-25 03:07:48'),(22663,172565,190140,'2018-09-25 11:07:49','2018-09-25 03:07:49'),(22664,172566,190142,'2018-09-25 11:07:49','2018-09-25 03:07:49'),(22665,172567,190143,'2018-09-25 11:21:19','2018-09-25 03:21:19'),(22666,172568,190144,'2018-09-25 11:21:20','2018-09-25 03:21:20'),(22667,172569,190147,'2018-09-25 11:21:20','2018-09-25 03:21:20'),(22668,172570,190151,'2018-09-25 11:21:23','2018-09-25 03:21:23'),(22669,172571,190152,'2018-09-25 11:21:25','2018-09-25 03:21:25'),(22670,172572,190153,'2018-09-25 11:21:25','2018-09-25 03:21:25'),(22671,172573,190154,'2018-09-25 11:21:26','2018-09-25 03:21:26'),(22672,172574,190155,'2018-09-25 11:33:34','2018-09-25 03:33:34'),(22673,172575,190157,'2018-09-25 11:33:34','2018-09-25 03:33:34'),(22674,172576,190159,'2018-09-25 11:33:34','2018-09-25 03:33:34'),(22675,172577,190160,'2018-09-25 11:33:34','2018-09-25 03:33:34'),(22676,172578,190161,'2018-09-25 11:33:34','2018-09-25 03:33:34'),(22677,172579,190163,'2018-09-25 11:33:34','2018-09-25 03:33:34'),(22678,172580,190166,'2018-09-25 11:33:34','2018-09-25 03:33:34'),(22679,172581,190169,'2018-09-25 11:39:29','2018-09-25 03:39:29'),(22680,172582,190174,'2018-09-25 11:39:29','2018-09-25 03:39:29'),(22681,172583,190186,'2018-09-25 11:51:29','2018-09-25 03:51:29'),(22682,172584,190191,'2018-09-25 11:51:29','2018-09-25 03:51:29'),(22683,172585,190193,'2018-09-25 11:51:29','2018-09-25 03:51:29'),(22684,172586,190197,'2018-09-25 11:58:33','2018-09-25 03:58:33'),(22685,172587,190199,'2018-09-25 11:58:33','2018-09-25 03:58:33'),(22686,172588,190203,'2018-09-25 11:58:34','2018-09-25 03:58:34'),(22687,172688,190214,'2018-09-25 15:31:59','2018-09-25 07:31:59'),(22688,172689,190220,'2018-09-25 15:33:01','2018-09-25 07:33:01'),(22689,172690,190223,'2018-09-25 15:35:59','2018-09-25 07:35:59'),(22690,172691,190235,'2018-09-25 15:49:11','2018-09-25 07:49:11'),(22691,172692,190238,'2018-09-25 15:49:12','2018-09-25 07:49:12'),(22692,172693,190240,'2018-09-25 15:49:12','2018-09-25 07:49:12'),(22693,172694,190242,'2018-09-25 15:49:12','2018-09-25 07:49:12'),(22694,172695,190244,'2018-09-25 15:49:12','2018-09-25 07:49:12'),(22695,172696,190247,'2018-09-25 15:49:13','2018-09-25 07:49:13'),(22696,172697,190253,'2018-09-25 15:54:38','2018-09-25 07:54:38'),(22697,172698,190256,'2018-09-25 15:54:38','2018-09-25 07:54:38'),(22698,172699,190261,'2018-09-25 15:54:38','2018-09-25 07:54:38'),(22699,172700,190263,'2018-09-25 15:54:39','2018-09-25 07:54:39'),(22700,172701,190265,'2018-09-25 16:01:50','2018-09-25 08:01:50'),(22701,172702,190269,'2018-09-25 16:01:51','2018-09-25 08:01:51'),(22702,172703,190270,'2018-09-25 16:01:51','2018-09-25 08:01:51'),(22703,172704,190271,'2018-09-25 16:01:51','2018-09-25 08:01:51'),(22704,172705,190273,'2018-09-25 16:01:51','2018-09-25 08:01:51'),(22705,172706,190279,'2018-09-25 16:10:02','2018-09-25 08:10:02'),(22706,172707,190280,'2018-09-25 16:10:03','2018-09-25 08:10:03'),(22707,172708,190281,'2018-09-25 16:10:03','2018-09-25 08:10:03'),(22708,172709,190284,'2018-09-25 16:10:03','2018-09-25 08:10:03'),(22709,172710,190289,'2018-09-25 16:10:03','2018-09-25 08:10:03'),(22710,172711,190296,'2018-09-25 16:19:37','2018-09-25 08:19:37'),(22711,172712,190301,'2018-09-25 16:19:38','2018-09-25 08:19:38'),(22712,172713,190305,'2018-09-25 16:19:38','2018-09-25 08:19:38'),(22713,172714,190306,'2018-09-25 16:29:37','2018-09-25 08:29:37'),(22714,172715,190307,'2018-09-25 16:29:37','2018-09-25 08:29:37'),(22715,172716,190312,'2018-09-25 16:29:37','2018-09-25 08:29:37'),(22716,172717,190313,'2018-09-25 16:29:38','2018-09-25 08:29:38'),(22717,172817,190324,'2018-09-26 10:27:57','2018-09-26 02:27:57'),(22718,172818,190330,'2018-09-26 10:28:37','2018-09-26 02:28:37'),(22719,172819,190333,'2018-09-26 10:30:18','2018-09-26 02:30:18'),(22720,172820,190338,'2018-09-26 10:31:25','2018-09-26 02:31:25'),(22721,172821,190345,'2018-09-26 10:43:36','2018-09-26 02:43:36'),(22722,172822,190350,'2018-09-26 10:43:38','2018-09-26 02:43:38'),(22723,172823,190355,'2018-09-26 10:43:38','2018-09-26 02:43:38'),(22724,172824,190361,'2018-09-26 10:43:38','2018-09-26 02:43:38'),(22725,172825,190363,'2018-09-26 10:54:51','2018-09-26 02:54:51'),(22726,172826,190364,'2018-09-26 10:54:51','2018-09-26 02:54:51'),(22727,172827,190369,'2018-09-26 10:54:52','2018-09-26 02:54:52'),(22728,172828,190371,'2018-09-26 10:54:53','2018-09-26 02:54:53'),(22729,172829,190373,'2018-09-26 10:54:54','2018-09-26 02:54:54'),(22730,172830,190375,'2018-09-26 11:02:47','2018-09-26 03:02:47'),(22731,172831,190379,'2018-09-26 11:02:47','2018-09-26 03:02:47'),(22732,172832,190380,'2018-09-26 11:02:47','2018-09-26 03:02:47'),(22733,172833,190381,'2018-09-26 11:02:47','2018-09-26 03:02:47'),(22734,172834,190382,'2018-09-26 11:02:48','2018-09-26 03:02:48'),(22735,172835,190384,'2018-09-26 11:02:48','2018-09-26 03:02:48'),(22736,172836,190389,'2018-09-26 11:07:41','2018-09-26 03:07:41'),(22737,172837,190397,'2018-09-26 11:07:42','2018-09-26 03:07:42'),(22738,172838,190406,'2018-09-26 11:17:57','2018-09-26 03:17:57'),(22739,172839,190412,'2018-09-26 11:17:57','2018-09-26 03:17:57'),(22740,172840,190414,'2018-09-26 11:17:58','2018-09-26 03:17:58'),(22741,172841,190417,'2018-09-26 11:29:06','2018-09-26 03:29:06'),(22742,172842,190422,'2018-09-26 11:29:06','2018-09-26 03:29:06'),(22743,172843,190423,'2018-09-26 11:29:06','2018-09-26 03:29:06'),(22744,172943,190435,'2018-09-26 14:56:04','2018-09-26 06:56:04'),(22745,172944,190440,'2018-09-26 14:57:52','2018-09-26 06:57:52'),(22746,172945,190443,'2018-09-26 14:59:22','2018-09-26 06:59:22'),(22747,172946,190448,'2018-09-26 15:01:26','2018-09-26 07:01:26'),(22748,172947,190455,'2018-09-26 15:10:14','2018-09-26 07:10:14'),(22749,172948,190459,'2018-09-26 15:10:15','2018-09-26 07:10:15'),(22750,172949,190460,'2018-09-26 15:10:15','2018-09-26 07:10:15'),(22751,172950,190464,'2018-09-26 15:10:15','2018-09-26 07:10:15'),(22752,172951,190467,'2018-09-26 15:10:17','2018-09-26 07:10:17'),(22753,172952,190470,'2018-09-26 15:10:18','2018-09-26 07:10:18'),(22754,172953,190473,'2018-09-26 15:16:59','2018-09-26 07:16:59'),(22755,172954,190476,'2018-09-26 15:16:59','2018-09-26 07:16:59'),(22756,172955,190481,'2018-09-26 15:16:59','2018-09-26 07:16:59'),(22757,172956,190483,'2018-09-26 15:17:00','2018-09-26 07:17:00'),(22758,172957,190485,'2018-09-26 15:24:50','2018-09-26 07:24:50'),(22759,172958,190488,'2018-09-26 15:24:50','2018-09-26 07:24:50'),(22760,172959,190490,'2018-09-26 15:24:50','2018-09-26 07:24:50'),(22761,172960,190491,'2018-09-26 15:24:51','2018-09-26 07:24:51'),(22762,172961,190493,'2018-09-26 15:24:51','2018-09-26 07:24:51'),(22763,172962,190499,'2018-09-26 15:30:04','2018-09-26 07:30:04'),(22764,172963,190507,'2018-09-26 15:30:04','2018-09-26 07:30:04'),(22765,172964,190516,'2018-09-26 15:36:34','2018-09-26 07:36:34'),(22766,172965,190521,'2018-09-26 15:36:34','2018-09-26 07:36:34'),(22767,172966,190522,'2018-09-26 15:36:34','2018-09-26 07:36:34'),(22768,172967,190523,'2018-09-26 15:36:34','2018-09-26 07:36:34'),(22769,172968,190525,'2018-09-26 15:36:35','2018-09-26 07:36:35'),(22770,172969,190526,'2018-09-26 15:41:55','2018-09-26 07:41:55'),(22771,172970,190527,'2018-09-26 15:41:55','2018-09-26 07:41:55'),(22772,172971,190532,'2018-09-26 15:41:55','2018-09-26 07:41:55'),(22773,172972,190533,'2018-09-26 15:41:55','2018-09-26 07:41:55');

--
-- Table structure for table `mscategories`
--

CREATE TABLE `mscategories` (
  `id` smallint(10) NOT NULL AUTO_INCREMENT,
  `mssection_id` smallint(10) NOT NULL,
  `title` tinytext NOT NULL,
  `position` tinyint(4) NOT NULL,
  `created` datetime NOT NULL,
  `updated` timestamp NOT NULL DEFAULT CURRENT_TIMESTAMP ON UPDATE CURRENT_TIMESTAMP,
  PRIMARY KEY (`id`),
  KEY `msformcategories_fk_1` (`mssection_id`),
  CONSTRAINT `msformcategories_fk_1` FOREIGN KEY (`mssection_id`) REFERENCES `mssections` (`id`)
) ENGINE=InnoDB AUTO_INCREMENT=12 DEFAULT CHARSET=latin1 ROW_FORMAT=COMPACT;

--
-- Dumping data for table `mscategories`
--

INSERT INTO `mscategories` VALUES (1,1,'Value',1,'2018-02-26 00:00:00','2018-03-03 20:40:16'),(2,1,'Friendly Services (S W A T) - Forecourt Staff',1,'2018-02-26 00:00:00','2018-02-25 19:24:14'),(3,2,'Appearance - Cashier',1,'2018-02-26 00:00:00','2018-02-25 19:24:14'),(4,2,'Friendly Services (S W E E T) - Cashier',1,'2018-02-26 00:00:00','2018-02-25 19:24:14'),(5,3,'Surrounding',1,'2018-02-26 00:00:00','2018-02-25 19:24:14'),(6,3,'Cleanliness - Pumps',1,'2018-02-26 00:00:00','2018-02-25 19:24:14'),(7,3,'Cleanliness - Forecourt',1,'2018-02-26 00:00:00','2018-02-25 19:24:14'),(8,3,'Cleanliness - Toilet',1,'2018-02-26 00:00:00','2018-02-25 19:24:14'),(9,4,'HSE - Health, Safety, Environment',1,'2018-02-26 00:00:00','2018-02-25 19:24:14'),(10,5,'Quality & Trust',1,'2018-02-26 00:00:00','2018-02-25 19:24:14'),(11,6,'Service',1,'2018-03-06 00:00:00','2018-03-05 21:16:35');

--
-- Table structure for table `mscompliances`
--

CREATE TABLE `mscompliances` (
  `id` smallint(11) NOT NULL AUTO_INCREMENT,
  `mssub_category_id` smallint(11) NOT NULL,
  `file_id` int(11) DEFAULT NULL,
  `item` text NOT NULL,
  `points` int(10) NOT NULL,
  `created` datetime NOT NULL,
  `updated` timestamp NOT NULL DEFAULT CURRENT_TIMESTAMP ON UPDATE CURRENT_TIMESTAMP,
  PRIMARY KEY (`id`),
  KEY `msformcompliances_fk_1` (`mssub_category_id`),
  KEY `msformcompliances_fk_2` (`file_id`),
  CONSTRAINT `msformcompliances_fk_1` FOREIGN KEY (`mssub_category_id`) REFERENCES `mssub_categories` (`id`),
  CONSTRAINT `msformcompliances_fk_2` FOREIGN KEY (`file_id`) REFERENCES `files` (`id`)
) ENGINE=InnoDB AUTO_INCREMENT=112 DEFAULT CHARSET=latin1 ROW_FORMAT=COMPACT;

--
-- Dumping data for table `mscompliances`
--

INSERT INTO `mscompliances` VALUES (1,1,NULL,'<p>Forecourt staff available at the forecourt ,Directing traffic into the station, cleaning pumps /doing housekeeping or attending to customers if there are customers at the forecourt</p><p>Forecourt staff talking among themselves or not assisting customer; sitting at the shop apron / motorcycle or coming out from the shop / other area in the station premises upon seeing the auditor coming is NOT accepted (if found, automatically the points under Category 1.1 will be ZERO)</p>',5,'2018-02-26 00:00:00','2018-03-04 14:45:10'),(2,2,NULL,'<p>Wearing approved and clean BHPetrol uniform</p>',1,'2018-02-26 00:00:00','2018-02-25 20:15:00'),(3,2,NULL,'<p>Black pants (no jeans)</p>',1,'2018-02-26 00:00:00','2018-02-25 20:15:00'),(4,2,NULL,'<p>Completely black shoes (no stripes or band of colour shoes & no sandals)</p>',1,'2018-02-26 00:00:00','2018-02-25 20:15:00'),(5,2,NULL,'<p>Name tag (with name written on the tag) / embroidered name; wordings have to be black and printed</p>',1,'2018-02-26 00:00:00','2018-03-05 17:38:58'),(6,2,NULL,'<p>For Muslim ladies who wears headscarf (tudung), the colour must be plain Black tudung.</p><p>For Staff not wearing Tudung, Hair must be properly Groomed.</p>',1,'2018-02-26 00:00:00','2018-03-05 17:51:00'),(7,3,NULL,'<p>Smile & eye contact when approaching customer or Welcoming customer i.e. Selamat Datang / Hi / Welcome etc (verbal or gesture) NOT acceptable if the forecourt staff is just standing / sitting at one position and did not acknowledge customer</p>',5,'2018-02-26 00:00:00','2018-02-25 20:15:00'),(8,4,NULL,'<p>Friendly farewell or gesture saying \"Bye\"</p>',5,'2018-02-26 00:00:00','2018-03-05 17:46:29'),(9,6,NULL,'<p>Wearing approved and clean BHPetrol uniform</p>',1,'2018-02-26 00:00:00','2018-02-25 20:15:00'),(10,6,NULL,'<p>Black pants (no jeans)</p>',1,'2018-02-26 00:00:00','2018-02-25 20:15:00'),(11,6,NULL,'<p>Completely black shoes (no stripes or band coloured shoes & no sandals)</p>',1,'2018-02-26 00:00:00','2018-02-25 20:15:00'),(12,6,NULL,'<p>Name tag (with name written on the tag) / embroidered name; wordings have to be black</p>',1,'2018-02-26 00:00:00','2018-02-25 20:15:00'),(13,6,NULL,'<p>For Muslim ladies who wears headscarf (tudung), the colour must be plain Black tudung.</p><p>For Staff not wearing Tudung, Hair must be properly Groomed.</p>',1,'2018-02-26 00:00:00','2018-03-05 17:50:52'),(14,7,NULL,'<p>Welcoming customer i.e. Selamat Datang / Hi / Welcome etc (verbal or gesture), Smile and eye contact when approaching customer. NOT acceptable if the Cashier is just standing / sitting at one position or on the phone (Usage of mobile phone allowed only and during Line Promo for assiting customer during the promo)</p>',5,'2018-02-26 00:00:00','2018-02-25 20:15:00'),(15,8,NULL,'<p>Ask customer for eCard</p>',2,'2018-02-26 00:00:00','2018-02-25 20:15:00'),(16,8,NULL,'<p>If Customer has no \"e\" card, cashier asked to apply for an \"e\" Card</p>',3,'2018-02-26 00:00:00','2018-02-25 20:15:00'),(17,9,NULL,'<p>Extra cross sell on any additional / promotional products</p>',5,'2018-02-26 00:00:00','2018-02-25 20:15:00'),(18,10,NULL,'<p>Friendly farewell or gesture Saying \"Bye\"</p>',5,'2018-02-26 00:00:00','2018-02-25 20:15:00'),(19,11,NULL,'<p>To ensure that the drivers of the vehicles have a clear and unobstructed view when entering and leaving the station, with the ingress and eggress without any pothole unless reported in the SML</p>',3,'2018-02-26 00:00:00','2018-02-25 20:15:00'),(20,11,NULL,'<p>Tanker Acceptance Area is clean and unobstructed with no tanker seals thrown around</p>',2,'2018-02-26 00:00:00','2018-02-25 20:15:00'),(21,11,NULL,'<p>No dangling wires or string 2</p>',2,'2018-02-26 00:00:00','2018-02-25 20:15:00'),(22,11,NULL,'<p>No oil stains and rubbish in the station drain</p>',2,'2018-02-26 00:00:00','2018-02-25 20:15:00'),(23,11,NULL,'<p>No litter in station surrounding, except Cyclone area(If Litter found in the Cyclone area , Auditor to remark)</p>',2,'2018-02-26 00:00:00','2018-02-25 20:15:00'),(24,11,NULL,'<p>Station Spreader not faded, no cobweb and clean</p>',2,'2018-02-26 00:00:00','2018-02-25 20:15:00'),(25,11,NULL,'<p>MID not obstructed and in good order (Not Faded)</p>',2,'2018-02-26 00:00:00','2018-02-25 20:15:00'),(26,11,NULL,'<p>Tarmac surrounding the station in good order and no pothole</p>',2,'2018-02-26 00:00:00','2018-02-25 20:15:00'),(27,12,NULL,'<p>Grass trimmed, clear of rubbish and dried leaves</p>',2,'2018-02-26 00:00:00','2018-02-25 20:15:00'),(28,12,NULL,'<p>Drains clear and not clogged (public drain excluded)</p>',2,'2018-02-26 00:00:00','2018-02-25 20:15:00'),(29,12,NULL,'<p>Oil interceptors free of rubbish and sludge</p>',2,'2018-02-26 00:00:00','2018-02-25 20:15:00'),(30,12,NULL,'<p>No unauthorized promo display, promo A-board etc</p>',2,'2018-02-26 00:00:00','2018-02-25 20:15:00'),(31,12,NULL,'<p>Trash area clean and tidy. All rubbish bins in good condition and not overflowing</p>',2,'2018-02-26 00:00:00','2018-02-25 20:15:00'),(32,13,NULL,'<p>Building exterior clean and in good condition, Paint not faded or peeling</p>',2,'2018-02-26 00:00:00','2018-02-25 20:15:00'),(33,13,NULL,'<p>Fascia (mini bullnose) is free from dirt, dust and no cobwebs</p>',2,'2018-02-26 00:00:00','2018-02-25 20:15:00'),(34,13,NULL,'<p>No unauthorized stickers, poster, banner and signage</p>',2,'2018-02-26 00:00:00','2018-02-25 20:15:00'),(35,13,NULL,'<p>Glass door and panels clean (no papers sticked on the glass, no unauthorized stickers and hand marks)</p>',3,'2018-02-26 00:00:00','2018-02-25 20:15:00'),(36,13,NULL,'<p>All authorized signage and safety sticker must be placed at the correct designated / approved space on the glass panel</p>',2,'2018-02-26 00:00:00','2018-02-25 20:15:00'),(37,13,NULL,'<p>ALL signages are clean and undamaged, not faded or cracked. No handwritten or nonapproved signages</p>',2,'2018-02-26 00:00:00','2018-02-25 20:15:00'),(38,14,NULL,'<p>Cleaned, must be free from oil, stains and dust and not leaking</p>',6,'2018-02-26 00:00:00','2018-02-25 20:15:00'),(39,14,NULL,'<p>Splash guard clean (no stains)</p>',6,'2018-02-26 00:00:00','2018-02-25 20:15:00'),(40,14,NULL,'<p>No strings tied to the Nozzle and all nozzle in working order</p>',2,'2018-02-26 00:00:00','2018-02-25 20:15:00'),(41,15,NULL,'<p>Pump Panel Clean and not Damaged</p>',4,'2018-02-26 00:00:00','2018-02-25 20:15:00'),(42,15,NULL,'<p>Pump hoses, nozzle hood, nozzle housing, pump shoulder clean</p>',3,'2018-02-26 00:00:00','2018-02-25 20:15:00'),(43,15,NULL,'<p>No unauthorized stickers permitted on any part of the dispenser and Pump panel</p>',2,'2018-02-26 00:00:00','2018-02-25 20:15:00'),(44,15,NULL,'<p>No dust and cobwebs at all pumps</p>',2,'2018-02-26 00:00:00','2018-02-25 20:15:00'),(45,15,NULL,'<p>All dispensers accessible and functioning, if closed with cones due to breakdown, must be reported in SML</p>',2,'2018-02-26 00:00:00','2018-02-25 20:15:00'),(46,16,NULL,'<p>Forecourt surface including pump islands area and the dogbone area clean</p>',2,'2018-02-26 00:00:00','2018-02-25 20:15:00'),(47,16,NULL,'<p>Forecourt Parking Bay Marker in good order (Tiles or Painted)</p>',2,'2018-02-26 00:00:00','2018-02-25 20:15:00'),(48,17,NULL,'<p>All pump toppers POSM are updated and not faded</p>',4,'2018-02-26 00:00:00','2018-02-25 20:15:00'),(49,17,NULL,'<p>Pump Toppers not damaged, unless reported in the SML</p>',5,'2018-02-26 00:00:00','2018-02-25 20:15:00'),(50,18,NULL,'<p>Clean and in good condition</p>',2,'2018-02-26 00:00:00','2018-02-25 20:15:00'),(51,18,NULL,'<p>Rubbish bin liners available, clean and not overflowing</p>',3,'2018-02-26 00:00:00','2018-02-25 20:15:00'),(52,18,NULL,'<p>Tissues / toilet rolls available at the amenity bin</p>',2,'2018-02-26 00:00:00','2018-02-25 20:15:00'),(53,18,NULL,'<p>Water container and watering can with clean water</p>',3,'2018-02-26 00:00:00','2018-02-25 20:15:00'),(54,18,NULL,'<p>Squeegee available and in good condition</p>',2,'2018-02-26 00:00:00','2018-02-25 20:15:00'),(55,19,NULL,'<p>Accessible, free of graffiti and working, If breakdown, standard signage is placed \"Harap Maaf, Sedang Dibaiki\" (no handwritten notice) and must be reported in the SML</p>',5,'2018-02-26 00:00:00','2018-03-03 22:04:52'),(57,21,NULL,'<p>Overall Forecourt Area Clean, no litters , rubbish, major stain and no pothole</p>',5,'2018-02-26 00:00:00','2018-02-25 20:15:00'),(58,21,NULL,'<p>No Staff or dealers car or motorcycle parked at the forecourt</p>',3,'2018-02-26 00:00:00','2018-02-25 20:15:00'),(59,22,NULL,'<p>For BHPetromart, no items permitted except newspaper rack and authorized items approved by BHPetrol and for non BHPetromarts ONLY authorized items placed or displayed on the apron</p>',3,'2018-02-26 00:00:00','2018-02-25 20:15:00'),(60,22,NULL,'<p>Fire extinguisher (placed at the furthest right of the shop entrance)</p>',3,'2018-02-26 00:00:00','2018-02-25 20:15:00'),(61,22,NULL,'<p>No chairs, tables, dustbin, umbrella stand, potted plants etc</p>',3,'2018-02-26 00:00:00','2018-02-25 20:15:00'),(62,22,NULL,'<p>Station apron clean and no stain</p>',3,'2018-02-26 00:00:00','2018-02-25 20:15:00'),(63,22,NULL,'<p>Apron no damaged tiles unless reported in the SML</p>',3,'2018-02-26 00:00:00','2018-02-25 20:15:00'),(64,23,NULL,'<p>At least one toilet MUST be opened and NOT locked during operating hours</p>',5,'2018-02-26 00:00:00','2018-03-03 22:11:11'),(65,23,NULL,'<p>Toilets tidy, clean and free of graffiti</p>',3,'2018-02-26 00:00:00','2018-02-25 20:15:00'),(66,24,NULL,'<p>Clean and no stains or dust</p>',5,'2018-02-26 00:00:00','2018-03-03 22:11:42'),(67,24,NULL,'<p>Paint/Tiles in good order and not faded</p>',3,'2018-02-26 00:00:00','2018-02-25 20:15:00'),(68,25,NULL,'<p>Clean, dry and exception if toilets have been washed or cleaned (Wet)</p>',5,'2018-02-26 00:00:00','2018-02-25 20:15:00'),(69,26,NULL,'<p>Clean and no stains</p>',5,'2018-02-26 00:00:00','2018-03-03 22:14:44'),(70,26,NULL,'<p>Sink not leaking</p>',3,'2018-02-26 00:00:00','2018-03-03 22:15:49'),(71,26,NULL,'<p>Water tap functioning and can access to wash hand at the sink</p>',5,'2018-02-26 00:00:00','2018-03-03 22:16:23'),(72,27,NULL,'<p>Working and in good order</p>',3,'2018-02-26 00:00:00','2018-02-25 20:15:00'),(73,28,NULL,'<p>Toilet seat cover should be without stains or shoe mark and scratches</p>',5,'2018-02-26 00:00:00','2018-03-03 22:17:37'),(74,29,NULL,'<p>Clean and NO yellow stains</p>',5,'2018-02-26 00:00:00','2018-03-03 22:20:50'),(75,30,NULL,'<p>Mirror not broken or stained(If available)</p>',3,'2018-02-26 00:00:00','2018-02-25 20:15:00'),(76,31,NULL,'<p>Ceiling in good condition and no damage</p>',5,'2018-02-26 00:00:00','2018-03-03 22:19:51'),(77,32,NULL,'<p>Toilet Door in good order</p>',5,'2018-02-26 00:00:00','2018-03-03 22:20:12'),(78,33,NULL,'<p>Visible, in working condition and easily accessible</p>',2,'2018-02-26 00:00:00','2018-02-25 20:15:00'),(79,33,NULL,'<p>Minimum 2 units available at the pump islands / all pump islands with fire extinguishers</p>',1,'2018-02-26 00:00:00','2018-02-25 20:15:00'),(80,34,NULL,'<p>Robbery - C O P S</p>',1,'2018-02-26 00:00:00','2018-02-25 20:15:00'),(81,34,NULL,'<p>Fire - What to do in case of fire</p>',1,'2018-02-26 00:00:00','2018-02-25 20:15:00'),(82,34,NULL,'<p>Fire Extinguisher - How to use it</p>',1,'2018-02-26 00:00:00','2018-02-25 20:15:00'),(83,35,NULL,'<p>Not more than RM500.00 cash per till</p>',3,'2018-02-26 00:00:00','2018-02-25 20:15:00'),(84,36,NULL,'<p>Not used as accomodation or rest area for staff</p>',1,'2018-02-26 00:00:00','2018-02-25 20:15:00'),(85,36,NULL,'<p>Have 1 fire extinguisher (recommended CO2 fire extinguisher) in the room</p>',1,'2018-02-26 00:00:00','2018-02-25 20:15:00'),(86,37,NULL,'<p>Easily accessible in emergencies</p>',1,'2018-02-26 00:00:00','2018-02-25 20:15:00'),(87,37,NULL,'<p>No expired items</p>',2,'2018-02-26 00:00:00','2018-02-25 20:15:00'),(88,37,NULL,'<p>Contain 14 items as recommended by BHPetrol</p>',1,'2018-02-26 00:00:00','2018-02-25 20:15:00'),(89,38,NULL,'<p>If CRIND not functioning, should be recorded in the SML and reported to RAS ,(In case of breakdown, standard signage is placed \"Harap Maaf, Sedang Dibaiki and\" no handwritten notice)</p>',3,'2018-02-26 00:00:00','2018-03-03 21:05:02'),(90,39,NULL,'<p>Closed from 7.00am - 10.00pm (unless the time specified by the respective TM)</p>',2,'2018-02-26 00:00:00','2018-02-25 20:15:00'),(91,39,NULL,'<p>Standard signage is displayed \"Harap maaf , Sila bayar didalam\" at the Night Pay Counter (to be placed at the Night Pay Counter facing the forecourt)</p>',2,'2018-02-26 00:00:00','2018-02-25 20:15:00'),(92,39,NULL,'<p>Night Pay counter in good order, no paint peeling and not faded</p>',3,'2018-02-26 00:00:00','2018-02-25 20:15:00'),(93,40,NULL,'<p>No other brands of mineral water besides \"Arctic\"</p>',2,'2018-02-26 00:00:00','2018-02-25 20:15:00'),(94,40,NULL,'<p>No competitors lubricants displayed at the shop shelves and also No fuel additives i.e. STP , JB Brothers products and others</p>',2,'2018-02-26 00:00:00','2018-03-05 17:52:06'),(95,41,NULL,'<p>Wet stock control book/Orange Book available on site during the audit</p><p><strong>If not comply, the dealer to be scored a straight zero for Section E</strong></p>',4,'2018-02-26 00:00:00','2018-03-05 17:53:17'),(96,42,NULL,'<p>Epay and Touch n Go available with minimum balance</p>',2,'2018-02-26 00:00:00','2018-02-25 20:15:00'),(97,5,NULL,'<p>If staff not in full uniform - Section \'A\' Forecourt will be scored totally Zero.</p>',1,'2018-03-06 00:00:00','2018-03-05 19:34:29'),(98,43,NULL,'If staff not in full uniform - Section \'B\' Shop will be scored totally Zero',1,'2018-03-06 00:00:00','2018-03-05 20:27:06'),(99,44,NULL,'<p>If rubbish bin liners are not available, Section C , Part 3(Cleanliness-Forecourt) will be scored Zero.</p>',1,'2018-03-06 00:00:00','2018-03-05 20:47:47'),(100,45,NULL,'<p>If toilet is found with unpleasant smell; 15 Points will be deducted</p>',-15,'2018-03-06 00:00:00','2018-03-05 20:57:41'),(101,46,NULL,'<p>If toilet(Toilet in BHPetromart) is found with unpleasant smell and not clean with stain and dust ; 15 Points will be deducted.</p>',-15,'2018-03-06 00:00:00','2018-03-05 20:57:37'),(102,47,NULL,'<p>Date and time CCTV viewed</p>',1,'2018-03-06 00:00:00','2018-03-05 21:22:01'),(103,47,NULL,'<p>Date and time CCTV viewed</p>',1,'2018-03-06 00:00:00','2018-03-05 22:03:15'),(104,47,NULL,'<p>Date and time CCTV viewed</p>',1,'2018-03-06 00:00:00','2018-03-05 21:27:46'),(105,47,NULL,'<p>Date and time CCTV viewed</p>',1,'2018-03-06 00:00:00','2018-03-05 21:27:46'),(106,47,NULL,'<p>Date and time CCTV viewed</p>',1,'2018-03-06 00:00:00','2018-03-05 21:30:09'),(107,48,NULL,'<p>Date and time CCTV viewed</p>',1,'2018-03-06 00:00:00','2018-03-05 21:30:09'),(108,48,NULL,'<p>Date and time CCTV viewed</p>',1,'2018-03-06 00:00:00','2018-03-05 21:30:09'),(109,48,NULL,'<p>Date and time CCTV viewed</p>',1,'2018-03-06 00:00:00','2018-03-05 21:30:09'),(110,48,NULL,'<p>Date and time CCTV viewed</p>',1,'2018-03-06 00:00:00','2018-03-05 21:30:09'),(111,48,NULL,'<p>Date and time CCTV viewed</p>',1,'2018-03-06 00:00:00','2018-03-05 21:30:09');

--
-- Table structure for table `mssections`
--

CREATE TABLE `mssections` (
  `id` smallint(10) NOT NULL AUTO_INCREMENT,
  `type` varchar(10) NOT NULL,
  `title` varchar(250) NOT NULL,
  `created` datetime NOT NULL,
  `updated` timestamp NOT NULL DEFAULT CURRENT_TIMESTAMP ON UPDATE CURRENT_TIMESTAMP,
  PRIMARY KEY (`id`)
) ENGINE=InnoDB AUTO_INCREMENT=7 DEFAULT CHARSET=latin1 ROW_FORMAT=COMPACT;

--
-- Dumping data for table `mssections`
--

INSERT INTO `mssections` VALUES (1,'A','Forecourt','2018-02-26 00:00:00','2018-03-05 17:45:20'),(2,'B','Shop','2018-02-26 00:00:00','2018-02-26 02:24:13'),(3,'C','Cleanliness ','2018-02-26 00:00:00','2018-02-26 02:24:13'),(4,'D','Health, Safety, Environment (HSE)','2018-02-26 00:00:00','2018-02-26 02:25:03'),(5,'E','Quality & Trust','2018-02-26 00:00:00','2018-02-26 02:25:03'),(6,'F','CCTV','2018-03-06 00:00:00','2018-03-05 21:08:40');

--
-- Table structure for table `mssub_categories`
--

CREATE TABLE `mssub_categories` (
  `id` smallint(11) NOT NULL AUTO_INCREMENT,
  `mscategory_id` smallint(11) NOT NULL,
  `title` text,
  `description` longtext,
  `position` tinyint(4) NOT NULL,
  `created` datetime NOT NULL,
  `updated` timestamp NOT NULL DEFAULT CURRENT_TIMESTAMP ON UPDATE CURRENT_TIMESTAMP,
  PRIMARY KEY (`id`),
  KEY `msformsubcategories_fk_1` (`mscategory_id`),
  CONSTRAINT `msformsubcategories_fk_1` FOREIGN KEY (`mscategory_id`) REFERENCES `mscategories` (`id`)
) ENGINE=InnoDB AUTO_INCREMENT=49 DEFAULT CHARSET=latin1 ROW_FORMAT=COMPACT;

--
-- Dumping data for table `mssub_categories`
--

INSERT INTO `mssub_categories` VALUES (1,1,'Forecourt Staff Visible & Working at the Forecourt',NULL,1,'2018-02-26 00:00:00','2018-02-25 19:24:14'),(2,1,'Forecourt Staff Appearance',NULL,2,'2018-02-26 00:00:00','2018-02-25 19:24:14'),(3,2,'Acknowledge Customer',NULL,1,'2018-02-26 00:00:00','2018-02-25 19:24:14'),(4,2,'Thank you',NULL,2,'2018-02-26 00:00:00','2018-02-25 19:24:14'),(5,2,'Overall Forecourt Staff Appearance',NULL,3,'2018-03-06 00:00:00','2018-03-05 18:04:30'),(6,3,'Cashier Appearance',NULL,1,'2018-02-26 00:00:00','2018-02-25 19:24:14'),(7,4,'Acknowledge Customer',NULL,1,'2018-02-26 00:00:00','2018-02-25 19:24:14'),(8,4,'Loyalty Card',NULL,2,'2018-02-26 00:00:00','2018-02-25 19:24:14'),(9,4,'Cross Selling',NULL,3,'2018-02-26 00:00:00','2018-02-25 19:24:14'),(10,4,'Thank you',NULL,4,'2018-02-26 00:00:00','2018-02-25 19:24:14'),(11,5,'Station Surrounding',NULL,1,'2018-02-26 00:00:00','2018-02-25 19:24:14'),(12,5,'Station Compound',NULL,2,'2018-02-26 00:00:00','2018-02-25 19:24:14'),(13,5,'Building & Fixtures',NULL,3,'2018-02-26 00:00:00','2018-02-25 19:24:14'),(14,6,'Nozzles',NULL,1,'2018-02-26 00:00:00','2018-02-25 19:24:14'),(15,6,'Pumps',NULL,2,'2018-02-26 00:00:00','2018-02-25 19:24:14'),(16,6,'Pump Islands & Filling Bays',NULL,3,'2018-02-26 00:00:00','2018-02-25 19:24:14'),(17,6,'Pump Toppers',NULL,4,'2018-02-26 00:00:00','2018-02-25 19:24:14'),(18,7,'Amenity Units',NULL,1,'2018-02-26 00:00:00','2018-02-25 19:24:14'),(19,7,'Tyre Inflator',NULL,2,'2018-02-26 00:00:00','2018-02-25 19:24:14'),(21,7,'Forecourt',NULL,4,'2018-02-26 00:00:00','2018-02-25 19:24:14'),(22,7,'Apron & Shop Front',NULL,5,'2018-02-26 00:00:00','2018-02-25 19:24:14'),(23,8,'Accessibility',NULL,1,'2018-02-26 00:00:00','2018-02-25 19:24:14'),(24,8,'Walls & Windowpanes Clean',NULL,2,'2018-02-26 00:00:00','2018-02-25 19:24:14'),(25,8,'Floors Clean',NULL,3,'2018-02-26 00:00:00','2018-02-25 19:24:14'),(26,8,'Sink Clean',NULL,4,'2018-02-26 00:00:00','2018-02-25 19:24:14'),(27,8,'Toilet Flush',NULL,5,'2018-02-26 00:00:00','2018-02-25 19:24:14'),(28,8,'Toilet Seat cover',NULL,6,'2018-02-26 00:00:00','2018-02-25 19:24:14'),(29,8,'Toilet & Urinal Bowl',NULL,7,'2018-02-26 00:00:00','2018-02-25 19:24:14'),(30,8,'Toilet Mirror',NULL,8,'2018-02-26 00:00:00','2018-02-25 19:24:14'),(31,8,'Toilet Ceiling',NULL,9,'2018-02-26 00:00:00','2018-02-25 19:24:14'),(32,8,'Toilet Door',NULL,10,'2018-02-26 00:00:00','2018-02-25 19:24:14'),(33,9,'Fire Extinguishers',NULL,1,'2018-02-26 00:00:00','2018-02-25 19:24:14'),(34,9,'Staff Understand & Know Safety / Emergency Procedures',NULL,2,'2018-02-26 00:00:00','2018-02-25 19:24:14'),(35,9,'Cash Handling Processes',NULL,3,'2018-02-26 00:00:00','2018-02-25 19:24:14'),(36,9,'Switch Board Room & Compressor Room',NULL,4,'2018-02-26 00:00:00','2018-02-25 19:24:14'),(37,9,'First Aid Box',NULL,5,'2018-02-26 00:00:00','2018-02-25 19:24:14'),(38,10,'Card',NULL,1,'2018-02-26 00:00:00','2018-02-25 19:24:14'),(39,10,'Night Pay Counter',NULL,2,'2018-02-26 00:00:00','2018-02-25 19:24:14'),(40,10,'No Competitors Products',NULL,3,'2018-02-26 00:00:00','2018-02-25 19:24:14'),(41,10,'Wet Stock Control Book',NULL,4,'2018-02-26 00:00:00','2018-02-25 19:24:14'),(42,10,'Epay and Touch n Go',NULL,5,'2018-02-26 00:00:00','2018-02-25 19:24:14'),(43,4,'Overall Cashier\'s Appearance',NULL,5,'2018-03-06 00:00:00','2018-03-05 20:26:33'),(44,7,'Rubbish Bin Liners',NULL,5,'2018-03-06 00:00:00','2018-03-05 20:46:54'),(45,8,'Toilet Ambience',NULL,11,'2018-03-06 00:00:00','2018-03-05 20:55:17'),(46,8,'Internal Toilet Ambience',NULL,12,'2018-03-06 00:00:00','2018-03-05 20:55:17'),(47,11,'Forecourt Staff',NULL,1,'2018-03-06 00:00:00','2018-03-05 21:17:40'),(48,11,'Cashier',NULL,1,'2018-03-06 00:00:00','2018-03-05 21:17:40');

--
-- Table structure for table `mssub_category_tag`
--

CREATE TABLE `mssub_category_tag` (
  `id` int(11) NOT NULL AUTO_INCREMENT,
  `mssub_category_id` smallint(11) NOT NULL,
  `tag_id` tinyint(4) NOT NULL,
  `created` datetime NOT NULL,
  `updated` timestamp NOT NULL DEFAULT CURRENT_TIMESTAMP ON UPDATE CURRENT_TIMESTAMP,
  PRIMARY KEY (`id`),
  KEY `mssub_cat_index1` (`mssub_category_id`),
  KEY `mssub_cat_index2` (`tag_id`),
  CONSTRAINT `mssub_cat_index1` FOREIGN KEY (`mssub_category_id`) REFERENCES `mssub_categories` (`id`),
  CONSTRAINT `mssub_cat_index2` FOREIGN KEY (`tag_id`) REFERENCES `tags` (`id`)
) ENGINE=InnoDB AUTO_INCREMENT=41 DEFAULT CHARSET=latin1;

--
-- Dumping data for table `mssub_category_tag`
--

INSERT INTO `mssub_category_tag` VALUES (1,38,3,'2018-03-04 00:00:00','2018-03-03 23:54:14'),(2,39,3,'2018-03-04 00:00:00','2018-03-03 23:54:14'),(3,40,3,'2018-03-04 00:00:00','2018-03-03 23:54:14'),(4,41,3,'2018-03-04 00:00:00','2018-03-03 23:54:14'),(5,42,3,'2018-03-04 00:00:00','2018-03-03 23:54:14'),(6,33,3,'2018-03-04 00:00:00','2018-03-03 23:54:14'),(7,34,1,'2018-03-04 00:00:00','2018-03-03 23:54:14'),(8,35,1,'2018-03-04 00:00:00','2018-03-03 23:54:14'),(9,36,1,'2018-03-04 00:00:00','2018-03-03 23:54:14'),(10,37,3,'2018-03-04 00:00:00','2018-03-03 23:54:14'),(11,11,3,'2018-03-04 00:00:00','2018-03-03 23:54:14'),(12,12,2,'2018-03-04 00:00:00','2018-03-03 23:54:14'),(13,13,2,'2018-03-04 00:00:00','2018-03-03 23:54:14'),(14,14,2,'2018-03-04 00:00:00','2018-03-03 23:54:14'),(15,15,2,'2018-03-04 00:00:00','2018-03-03 23:54:14'),(16,16,2,'2018-03-04 00:00:00','2018-03-03 23:54:14'),(17,17,2,'2018-03-04 00:00:00','2018-03-03 23:54:14'),(18,18,2,'2018-03-04 00:00:00','2018-03-03 23:54:14'),(19,19,2,'2018-03-04 00:00:00','2018-03-03 23:54:14'),(20,21,2,'2018-03-04 00:00:00','2018-03-03 23:54:14'),(21,22,2,'2018-03-04 00:00:00','2018-03-03 23:54:14'),(22,23,3,'2018-03-04 00:00:00','2018-03-03 23:54:14'),(23,24,2,'2018-03-04 00:00:00','2018-03-03 23:54:14'),(24,25,2,'2018-03-04 00:00:00','2018-03-03 23:54:14'),(25,26,2,'2018-03-04 00:00:00','2018-03-03 23:54:14'),(26,27,3,'2018-03-04 00:00:00','2018-03-03 23:54:14'),(27,28,2,'2018-03-04 00:00:00','2018-03-03 23:54:14'),(28,29,2,'2018-03-04 00:00:00','2018-03-03 23:54:14'),(29,30,3,'2018-03-04 00:00:00','2018-03-03 23:54:14'),(30,31,2,'2018-03-04 00:00:00','2018-03-03 23:54:14'),(31,32,3,'2018-03-04 00:00:00','2018-03-03 23:54:14'),(32,6,3,'2018-03-04 00:00:00','2018-03-03 23:54:14'),(33,7,3,'2018-03-04 00:00:00','2018-03-03 23:54:14'),(34,8,3,'2018-03-04 00:00:00','2018-03-03 23:54:14'),(35,9,3,'2018-03-04 00:00:00','2018-03-03 23:54:14'),(36,10,3,'2018-03-04 00:00:00','2018-03-03 23:54:14'),(37,1,1,'2018-03-04 00:00:00','2018-03-03 23:54:14'),(38,2,1,'2018-03-04 00:00:00','2018-03-03 23:54:14'),(39,3,1,'2018-03-04 00:00:00','2018-03-03 23:54:14'),(40,4,1,'2018-03-04 00:00:00','2018-03-03 23:54:14');

--
-- Table structure for table `sections`
--

CREATE TABLE `sections` (
  `id` smallint(10) NOT NULL AUTO_INCREMENT,
  `type` varchar(10) NOT NULL,
  `title` varchar(250) NOT NULL,
  `created` datetime NOT NULL,
  `updated` timestamp NOT NULL DEFAULT CURRENT_TIMESTAMP ON UPDATE CURRENT_TIMESTAMP,
  PRIMARY KEY (`id`)
) ENGINE=InnoDB AUTO_INCREMENT=9 DEFAULT CHARSET=latin1 ROW_FORMAT=COMPACT;

--
-- Dumping data for table `sections`
--

INSERT INTO `sections` VALUES (1,'A','Main Category Compliance Check','2018-01-21 00:00:00','2018-01-21 10:24:24'),(2,'B','Other Categories Compliance Check','2018-01-21 00:00:00','2018-01-21 10:24:13'),(3,'C','General Merchandising Standards ','2018-01-21 00:00:00','2018-01-21 10:24:13'),(4,'D','Promotions','2018-01-21 00:00:00','2018-01-21 10:25:03'),(5,'E','Food Safety','2018-01-21 00:00:00','2018-01-21 10:25:03'),(6,'F','Maintaining Store Image','2018-01-21 00:00:00','2018-01-21 10:25:35'),(7,'G','Special Project','2018-01-21 00:00:00','2018-01-21 10:25:35'),(8,'H','Pre Requisite','2018-01-21 00:00:00','2018-01-21 10:26:17');

--
-- Table structure for table `stations`
--

CREATE TABLE `stations` (
  `id` smallint(11) NOT NULL AUTO_INCREMENT,
  `trading` varchar(255) CHARACTER SET utf8 COLLATE utf8_unicode_ci DEFAULT NULL,
  `name` varchar(250) CHARACTER SET utf8 COLLATE utf8_unicode_ci DEFAULT NULL,
  `territory` varchar(20) CHARACTER SET utf8 COLLATE utf8_unicode_ci DEFAULT NULL,
  `email` tinytext NOT NULL,
  `created` datetime NOT NULL,
  `updated` timestamp NOT NULL DEFAULT CURRENT_TIMESTAMP ON UPDATE CURRENT_TIMESTAMP,
  PRIMARY KEY (`id`)
) ENGINE=InnoDB AUTO_INCREMENT=383 DEFAULT CHARSET=latin1 ROW_FORMAT=DYNAMIC;

--
-- Dumping data for table `stations`
--

INSERT INTO `stations` VALUES (1,'Eng Teik & Co','BHPetrol Greenlane','T01','ktkhoo818@gmail.com','2018-03-01 00:00:00','2018-02-28 16:00:00'),(2,'Masree Enterprise','BHPetrol Selising','T03','masree5361@gmail.com','2018-03-01 00:00:00','2018-02-28 16:00:00'),(3,'MIFIN Fuel Enterprise','BHPetrol Bukit Minyak','T01','mifin_fuel6163@yahoo.com','2018-03-01 00:00:00','2018-02-28 16:00:00'),(4,'Naluri Service Station & Trading','BHPetrol Jitra','T03','bhpjitra@gmail.com','2018-03-01 00:00:00','2018-02-28 16:00:00'),(5,'Emmy Empire Sdn Bhd','BHPetrol Bukit Kayu Hitam','T03','emmyempiresdnbhd@gmail.com','2018-03-01 00:00:00','2018-08-29 10:17:43'),(6,'Koperasi Guru Pulau Pinang Berhad','BHPetrol Jalan Anson','T01','lim.beng.chooi@gmail.com','2018-03-01 00:00:00','2018-04-14 02:06:15'),(7,'Stesyen Minyak Era Jaya','BHPetrol Bukit Tengah','T01','tanskuang@gmail.com','2018-03-01 00:00:00','2018-02-28 16:00:00'),(8,'Syarikat Lee Brothers Service Station','BHPetrol Jalan Jelutong','T01','bhpjelutong@gmail.com','2018-03-01 00:00:00','2018-02-28 16:00:00'),(9,'Trio Auto Service','BHPetrol Lbraya Sultan Abdul Halim','T03','chngth1@yahoo.com.sg','2018-03-01 00:00:00','2018-02-28 16:00:00'),(10,'Malek Filling Station','BHPetrol Parit Buntar','T01','malekrahim888@yahoo.com','2018-03-01 00:00:00','2018-02-28 16:00:00'),(11,'Warna RS Trading','BHPetrol Kampong Raja','T03','warnarstrading@gmail.com','2018-03-01 00:00:00','2018-02-28 16:00:00'),(12,'RCK Jaya Resources','BHPetrol Jalan Baru','T01','ahmadizzat@gmail.com','2018-03-01 00:00:00','2018-08-29 10:18:46'),(13,'Snorty Enterprise','BHPetrol Simpang Empat','T01','snortyenterprise@gmail.com','2018-03-01 00:00:00','2018-03-22 13:20:40'),(14,'Hijrah Afdal Enterprise','BHPetrol Labok ','T03','bhplabok@gmail.com','2018-03-01 00:00:00','2018-02-28 16:00:00'),(15,'Infinity Service Station','BHPetrol Jawi','T01','infinityss@live.com','2018-03-01 00:00:00','2018-02-28 16:00:00'),(16,'Thye Hin Capital Sdn Bhd','BHPetrol Alor Setar (Lencongan Barat)','T01','eterndev97@gmail.com','2018-03-01 00:00:00','2018-02-28 16:00:00'),(17,'Percaya Jaya Health Care Sdn Bhd','BHPetrol Pokok Sena','T01','petrol@percayajaya.com','2018-03-01 00:00:00','2018-02-28 16:00:00'),(18,'Teik Seng Filling Station Sdn. Bhd.','BHPetrol Bagan Serai','T01','bs.bhpetrol@yahoo.com','2018-03-01 00:00:00','2018-02-28 16:00:00'),(19,'Mega Trade','BHPetrol Kg. Chicha','T03','mymegatrade88@gmail.com','2018-03-01 00:00:00','2018-02-28 16:00:00'),(20,'Shamisha Petroleum Sdn. Bhd. ','BHPetrol Taman Desa Aman','T01','s.petroleum59@gmail.com','2018-03-01 00:00:00','2018-02-28 16:00:00'),(21,'Hijrah Maju Jaya Enterprise','BHPetrol Bukit Payong','T03','bhp.bukitpayong@gmail.com','2018-03-01 00:00:00','2018-02-28 16:00:00'),(22,'KM Bahagia Sdn Bhd','BHPetrol Taman Batik','T01','kmbahagia2014@yahoo.com','2018-03-01 00:00:00','2018-02-28 16:00:00'),(23,'Deltamaju Enterprise','BHPetrol Jalan Kulim','T01','emmyempiresdnbhd@gmail.com','2018-03-01 00:00:00','2018-08-02 03:28:19'),(24,'Maju Filling Station','BHPetrol Wakaf Bharu','T03','majufilling@gmail.com','2018-03-01 00:00:00','2018-02-28 16:00:00'),(25,'Purity Oil Resources','BHPetrol Salor 2','T03','bhpsalor@yahoo.com','2018-03-01 00:00:00','2018-02-28 16:00:00'),(26,'Mega Raya Enterprise Sdn Bhd','BHPetrol Kg Telekong','T03','housechai@gmail.com','2018-03-01 00:00:00','2018-02-28 16:00:00'),(27,'Thawatchai Enterprise','BHPetrol Ayer Itam','T01','ktkhoo818@gmail.com','2018-03-01 00:00:00','2018-07-06 06:06:56'),(28,'Matang Lean Hin Sdn Bhd','BHPetrol Simpang','T02','matangleanhin@gmail.com','2018-03-01 00:00:00','2018-02-28 16:00:00'),(29,'Promtas Sdn. Bhd.','BHPetrol Trong 2','T02','Mok860522@gmail.com','2018-03-01 00:00:00','2018-02-28 16:00:00'),(30,'Chop Mooi Heng','BHPetrol Simpang 2','T02','chopmooiheng@gmail.com','2018-03-01 00:00:00','2018-02-28 16:00:00'),(31,'Mok Chee Pheng','BHPetrol Kg Jelutong','T02','Mok860522@gmail.com','2018-03-01 00:00:00','2018-02-28 16:00:00'),(32,'Syarikat Shukri','BHPetrol Kuala Nerang','T01','afisya25@yahoo.com.my','2018-03-01 00:00:00','2018-02-28 16:00:00'),(33,'Mohd. Marzuki Bin Abdul Rahman','BHPetrol Kampong Pisang','T01','bhpetrol_kgpisang@yahoo.com','2018-03-01 00:00:00','2018-07-27 07:37:17'),(34,'Hisman Teguh Enterprise','BHPetrol Kg Gajah Mati','T01','hismanteguh@gmail.com','2018-03-01 00:00:00','2018-07-27 09:59:32'),(35,'Sirabayas Awana Enterprise','BHPetrol Padang Lengkuas','T01','shaz.zain@berkatoil.com','2018-03-01 00:00:00','2018-02-28 16:00:00'),(36,'Anjung Warna Sdn Bhd','BHPetrol Taman Kemas','T12','bhpkemas@live.com','2018-03-01 00:00:00','2018-02-28 16:00:00'),(37,'Asliyana Holdings Sdn Bhd','BHPetrol Segamat','T11','bhpetrol.segamat@gmail.com','2018-03-01 00:00:00','2018-02-28 16:00:00'),(38,'Bertam Service Station','BHPetrol Bertam','T11','bhp.bertam@gmail.com','2018-03-01 00:00:00','2018-02-28 16:00:00'),(39,'Felda Trading Sdn Bhd','BHPetrol Air Tawar 2','T12','usm.bhpairtawar02@gmail.com','2018-03-01 00:00:00','2018-02-28 16:00:00'),(40,'Felda Trading Sdn Bhd','BHPetrol Bukit Besar','T12','bp.bukitbesar@felda.net.my','2018-03-01 00:00:00','2018-05-25 03:29:59'),(41,'Felda Trading Sdn Bhd','BHPetrol Tenggaruh','T12','intankhairul65@yahoo.com','2018-03-01 00:00:00','2018-02-28 16:00:00'),(42,'Gracedex Consolidated Sdn Bhd','BHPetrol Ayer Keroh','T11','hgtio@sinoilgroup.com','2018-03-01 00:00:00','2018-02-28 16:00:00'),(43,'Hock Chan Hoe Kee Sdn Bhd','BHPetrol Sg Mati','T11','hockchanhoekee@yahoo.com','2018-03-01 00:00:00','2018-02-28 16:00:00'),(44,'Hock Choon Service Station','BHPetrol Yong Peng','T11','bhpyongpeng@gmail.com','2018-03-01 00:00:00','2018-02-28 16:00:00'),(45,'Hock Lee Motor Service Station','BHPetrol Jalan Tebrau 1','T12','hockleebhp@gmail.com','2018-03-01 00:00:00','2018-02-28 16:00:00'),(46,'Kah Heng & Co','BHPetrol Jalan Bakau Chondong','T11','kahhengco@gmail.com','2018-03-01 00:00:00','2018-02-28 16:00:00'),(47,'Kam Fatt Chan Trading Sdn Bhd ','BHPetrol Jalan Rasah','T11','kamfattchan@gmail.com','2018-03-01 00:00:00','2018-07-27 03:42:02'),(48,'Karzal Highway Enterprise','BHPetrol Pasir Gudang Highway 3','T12','azura142@gmail.com','2018-03-01 00:00:00','2018-02-28 16:00:00'),(49,'Karzal Sdn Bhd','BHPetrol Jalan Tebrau 2','T12','azahari_bakar@yahoo.com','2018-03-01 00:00:00','2018-02-28 16:00:00'),(50,'Koperasi Anggota-Anggota Kerajaan','BHPetrol Jalan Rahmat','T11','kaakbp@gmail.com','2018-03-01 00:00:00','2018-02-28 16:00:00'),(51,'Masai Union Transport Sdn Bhd','BHPetrol Ulu Tiram','T12','bpulutiram@sb.com.my','2018-03-01 00:00:00','2018-02-28 16:00:00'),(52,'Pacific Tycoon Sdn Bhd ','BHPetrol Plentong','T12','pacifictycoonsdnbhd@gmail.com','2018-03-01 00:00:00','2018-02-28 16:00:00'),(53,'Pandan Petrol & Service Station','BHPetrol Lorong Pandan','T11','bhppandanpetrol@gmail.com','2018-03-01 00:00:00','2018-02-28 16:00:00'),(54,'Al Abrar Molek Petrol Station','BHPetrol Taman Molek','T12','bhpmolek@hotmail.com','2018-03-01 00:00:00','2018-02-28 16:00:00'),(55,'Perniagaan Nurrahim','BHPetrol Kota Tinggi','T12','rozitah.ahmad.72@gmail.com','2018-03-01 00:00:00','2018-02-28 16:00:00'),(56,'Petroleum & Gas JME Sdn Bhd','BHPetrol Bukit Katil','T11','bhpbukitkatil@gmail.com','2018-03-01 00:00:00','2018-02-28 16:00:00'),(57,'Promosi Jaya Sdn Bhd','BHPetrol Taman Rinting','T12','Soumuntang@gmail.com','2018-03-01 00:00:00','2018-02-28 16:00:00'),(58,'Seng Kong Properties Sdn Bhd','BHPetrol Senggarang','T11','ganisme0710@gmail.com','2018-03-01 00:00:00','2018-02-28 16:00:00'),(59,'Shun Li Agency & Enterprise','BHPetrol Jalan Hang Tuah','T11','hgtio@sinoilgroup.com','2018-03-01 00:00:00','2018-02-28 16:00:00'),(60,'Esjay Fuel Enterprise','BHPetrol Permas Jaya 2','T12','esjayfuel@gmail.com','2018-03-01 00:00:00','2018-02-28 16:00:00'),(61,'Station Minyak Parit Betak','BHPetrol Benut','T12','smpb.jhr@gmail.com','2018-03-01 00:00:00','2018-02-28 16:00:00'),(62,'Stesen Pam Minyak Medan Jaya S/B','BHPetrol Gemas','T11','spmmj@hotmail.com','2018-03-01 00:00:00','2018-02-28 16:00:00'),(63,'Syarikat Mah Chin Cheong','BHPetrol Jalan Rogayah','T11','bhpetrol.rogayah@yahoo.com','2018-03-01 00:00:00','2018-02-28 16:00:00'),(64,'Visi One Trading','BHPetrol Pasir Gudang Highway 1','T12','nsidjb@gmail.com','2018-03-01 00:00:00','2018-02-28 16:00:00'),(65,'Visi Two Trading','BHPetrol Pasir Gudang Highway 2','T12','nsidjb@gmail.com','2018-03-01 00:00:00','2018-02-28 16:00:00'),(66,'ZNR Petrol & Service','BHPetrol Taman Johor Jaya','T12','znrpetrol@gmail.com','2018-03-01 00:00:00','2018-02-28 16:00:00'),(67,'Al Abrar Senai Two Petrol Station','BHPetrol Senai 2','T12','bhpsenai2@live.com.my','2018-03-01 00:00:00','2018-02-28 16:00:00'),(68,'Saidalvi Petrol & Services','BHPetrol Masai','T12','bhpmasai56@yahoo.com','2018-03-01 00:00:00','2018-03-07 03:06:14'),(69,'Perniagaan Hong Guan','BHPetrol Pontian','T12','wckoi@hotmail.com','2018-03-01 00:00:00','2018-02-28 16:00:00'),(70,'Rosmerah Petrol Station & Services','BHPetrol Rosmerah','T12','rosmerah56@yahoo.com','2018-03-01 00:00:00','2018-02-28 16:00:00'),(71,'Nasa Maju Enterprise','BHPetrol Jalan Panglima Awang','T11','nmenme2011@gmail.com','2018-03-01 00:00:00','2018-02-28 16:00:00'),(72,'Nazreylla Enterprise','BHPetrol R & R Pagoh Selatan','T11','nazreylla@gmail.com','2018-03-01 00:00:00','2018-02-28 16:00:00'),(73,'Irama Positif Sdn Bhd','BHPetrol Yong Peng 2','T11','bhp.yongpeng@yahoo.com','2018-03-01 00:00:00','2018-02-28 16:00:00'),(74,'AL Abrar Tun Teja Petrol Station','BHPetrol Jalan Tun Teja','T12','bhptuta@hotmail.com','2018-03-01 00:00:00','2018-02-28 16:00:00'),(75,'Perwira Niaga Malaysia(PERNAMA) ','BHPetrol R&R Pagoh Utara','T11','bhppagohu@gmail.com','2018-03-01 00:00:00','2018-02-28 16:00:00'),(76,'Perwira Niaga Malaysia (PERNAMA)','BHPetrol Taman Perling','T12','halim@pernama.com','2018-03-01 00:00:00','2018-04-02 09:06:31'),(77,'LCC Petroleum','BHPetrol Lebuhraya AMJ','T11','lccbhp@gmail.com','2018-03-01 00:00:00','2018-02-28 16:00:00'),(78,'Tegar Warisan Sdn Bhd','BHPetrol Telok Mas','T11','hgtio@sinoilgroup.com','2018-03-01 00:00:00','2018-02-28 16:00:00'),(79,'Ismail Station Services','BHPetrol Parit Yaani','T11','ismailstation_services@yahoo.com','2018-03-01 00:00:00','2018-02-28 16:00:00'),(80,'Ismail Alliance Enterprise','BHPetrol Parit Raja','T11','ismail_alliance@yahoo.com','2018-03-01 00:00:00','2018-02-28 16:00:00'),(81,'Desa Jaya Saidalvi Petrol & Services','BHPetrol Jalan KTJB','T12','bhpmasai56@yahoo.com','2018-03-01 00:00:00','2018-02-28 16:00:00'),(82,'Ria Efektif Trading Sdn Bhd','BHPetrol Jalan Skudai','T12','bhpskudai@live.com','2018-03-01 00:00:00','2018-02-28 16:00:00'),(83,'Melati Gemilang Trading','BHPetrol Pengerang','T12','melatigemilang@yahoo.com','2018-03-01 00:00:00','2018-02-28 16:00:00'),(84,'Bukit Pasir Petroleum Sdn Bhd','BHPetrol Bukit Pasir','T11','hgtio@sinoilgroup.com','2018-03-01 00:00:00','2018-02-28 16:00:00'),(85,'Johdev Land Sdn Bhd','BHPetrol Ulu Choh','T12','j.raj@ag-dev.com','2018-03-01 00:00:00','2018-02-28 16:00:00'),(86,'Trinity Focus Sdn Bhd','BHPetrol Taman Mutiara','T12','bhp.pontian@yahoo.com','2018-03-01 00:00:00','2018-02-28 16:00:00'),(87,'Power Save Enterprise','BHPetrol Jalan Mawai','T12','powersave.enterprise@hotmail.com','2018-03-01 00:00:00','2018-02-28 16:00:00'),(88,'Alyakin Trading Company','BHPetrol Sg Pinggan','T12','bhpetrolsgp@gmail.com','2018-03-01 00:00:00','2018-02-28 16:00:00'),(89,'Kwang Mui Service Station Sdn Bhd','BHPetrol Muar By Pass','T11','bhpbypass@yahoo.com','2018-03-01 00:00:00','2018-02-28 16:00:00'),(90,'Al Huda Petaling Petrol Station','BHPetrol Jalan Petaling','T12','bhppetaling@hotmail.com','2018-03-01 00:00:00','2018-02-28 16:00:00'),(91,'Lian Hup Co','BHPetrol Jalan Larkin','T12','lianhup.company@gmail.com','2018-03-01 00:00:00','2018-02-28 16:00:00'),(92,'Luxury Precision Engineering Sdn Bhd','BHPetrol Simpang Renggam','T12','bhpspgrenggam@gmail.com','2018-03-01 00:00:00','2018-02-28 16:00:00'),(93,'Kompas Perkasa (Bkt Gambir) Sdn Bhd ','BHPetrol Bukit Gambir','T11','bhp_bktgambir@yahoo.com','2018-03-01 00:00:00','2018-02-28 16:00:00'),(94,'Al Amin Teratai Petrol Station','BHPetrol Taman Teratai','T12','bhpteratai@hotmail.com','2018-03-01 00:00:00','2018-02-28 16:00:00'),(95,'Hock Choon Realty Sdn. Bhd.','BHPetrol Kulai Tropika','T12','bhpkulai@gmail.com','2018-03-01 00:00:00','2018-02-28 16:00:00'),(96,'Double Growth Synergy Sdn Bhd','BHPetrol Kluang 2','T12','doublegrowthsynergy@gmail.com','2018-03-01 00:00:00','2018-02-28 16:00:00'),(97,'Tropical Fresh Food Industries Sdn Bhd','BHPetrol Jalan Mawai 2','T12','elvin@ag-dev.com','2018-03-01 00:00:00','2018-02-28 16:00:00'),(98,'Farisya Sofea Enterprise','BHPetrol Jalan Tampoi','T12','bhpjalantampoi@gmail.com','2018-03-01 00:00:00','2018-02-28 16:00:00'),(99,'Sungai Machap Service Station Enterprise','BHPetrol Jalan Machap','T11','bhppetrolmachap.1122@gmail.com','2018-03-01 00:00:00','2018-02-28 16:00:00'),(100,'Ismail Holdings Sdn Bhd','BHPetrol R & R Seremban Utara','T11','ihsb.bhp.seremban@gmail.com','2018-03-01 00:00:00','2018-02-28 16:00:00'),(101,'Desa Skudai Petrol','BHPetrol Desa Skudai','T12','bhpdesaskudai@yahoo.com','2018-03-01 00:00:00','2018-02-28 16:00:00'),(102,'Chop Chin Lee','BHPetrol Kuala Klawang','T10','bhpkualaklawang@gmail.com','2018-03-01 00:00:00','2018-08-02 03:26:24'),(103,'Ayer Hitam Petroleum Sdn Bhd','BHPetrol Ayer Hitam','T11','bplowpetroleum@gmail.com','2018-03-01 00:00:00','2018-02-28 16:00:00'),(104,'Johan Paris Ventures Sdn Bhd','BHPetrol Simpang Renggam 2','T12','bhpsprenggam2@gmail.com','2018-03-01 00:00:00','2018-08-02 02:17:42'),(105,'Koperasi Felda Pemanis Satu Berhad','BHPetrol Felda Pemanis 1','T11','koperasi_p1@yahoo.com','2018-03-01 00:00:00','2018-02-28 16:00:00'),(106,'Koperasi Felda Lui Muda Negeri Sembilan Berhad','BHPetrol Felda Lui Muda','T10','kop_flmnsb@yahoo.com','2018-03-01 00:00:00','2018-02-28 16:00:00'),(107,'A\'Dil Services','BHPetrol Per.Tg  Ampuan Rahimah 1','T06','Zulkarnain.tajuddin@gmail.com','2018-03-01 00:00:00','2018-02-28 16:00:00'),(108,'Alshine Auto & Service Centre','BHPetrol Taman Cheras','T10','whishamwh@yahoo.com','2018-03-01 00:00:00','2018-02-28 16:00:00'),(109,'Bangi Ribuan Sdn Bhd','BHPetrol Hujong Permatang','T09','harliah78@yahoo.com','2018-03-01 00:00:00','2018-02-28 16:00:00'),(110,'Central Service Station','BHPetrol Per. Sultan Ibrahim','T06','syng57ing@gmail.com','2018-03-01 00:00:00','2018-02-28 16:00:00'),(111,'Chin Fatt Service Station','BHPetrol Jalan Tuanku Antah','T10','bhpyaw@yahoo.com','2018-03-01 00:00:00','2018-02-28 16:00:00'),(112,'Damai Angkasa Sdn Bhd','BHPetrol Batu Caves','T08','k.n.thevar@gmail.com','2018-03-01 00:00:00','2018-02-28 16:00:00'),(113,'Dayasia Corporation Sdn Bhd','BHPetrol S.E.A. Park','T07','pangmeilin@yahoo.co.uk','2018-03-01 00:00:00','2018-08-29 10:24:28'),(114,'East Coast Service Station','BHPetrol Jalan Beserah','T04','buttderek1@yahoo.com','2018-03-01 00:00:00','2018-02-28 16:00:00'),(115,'F.A.Serve Sdn Bhd','BHPetrol Jalan Segambut','T07','jianguan.kgt@gmail.com','2018-03-01 00:00:00','2018-02-28 16:00:00'),(116,'Felda Trading Sdn Bhd','BHPetrol Pasir Besar','T10','bp.pasirbesar@felda.net.my','2018-03-01 00:00:00','2018-02-28 16:00:00'),(117,'Felda Trading Sdn Bhd','BHPetrol Lepar Hilir','T04','bhp_leparhilir@yahoo.com','2018-03-01 00:00:00','2018-02-28 16:00:00'),(118,'Huap Seng Heng Sdn Bhd','BHPetrol Taman Muda','T07','huapsengheng@gmail.com','2018-03-01 00:00:00','2018-02-28 16:00:00'),(119,'Ibel Enterprise','BHPetrol Simpang Songsang','T08','ibel_enterprise@yahoo.com','2018-03-01 00:00:00','2018-02-28 16:00:00'),(120,'Kayu Ara Petrol Service','BHPetrol Kg Sg Kayu Ara','T06','bhpkayuara@hotmail.com','2018-03-01 00:00:00','2018-06-18 07:59:25'),(121,'KR Citra Enterprise','BHPetrol Jalan Pelabuhan Utara','T09','Krcitrabhp@gmail.com','2018-03-01 00:00:00','2018-02-28 16:00:00'),(122,'Lim Lee Seng Development Sdn Bhd','BHPetrol Klau','T08','amy565484@hotmail.com','2018-03-01 00:00:00','2018-02-28 16:00:00'),(123,'Natural Max Sdn Bhd','BHPetrol Karak ','T08','naturalmax933@yahoo.com','2018-03-01 00:00:00','2018-02-28 16:00:00'),(124,'Nazrima Enterprise','BHPetrol Jalan Gambang','T04','faizaljs_95@yahoo.com','2018-03-01 00:00:00','2018-02-28 16:00:00'),(125,'Perkhidmatan & Station Minyak','BHPetrol Jalan Dato Muda Linggi','T11','sri_sivasamboo@yahoo.com','2018-03-01 00:00:00','2018-02-28 16:00:00'),(126,'Perniagaan Fanaz','BHPetrol Jalan Cheras 1 & 2','T06','Zulkafli.Khairuddin@gmail.com','2018-03-01 00:00:00','2018-02-28 16:00:00'),(127,'Perniagaan Ma\'mor Jaya','BHPetrol SS2 ','T08','bhpss2@gmail.com','2018-03-01 00:00:00','2018-02-28 16:00:00'),(128,'Perniagaan Murni','BHPetrol Jalan Maharajalela','T07','Perniagaan_murni@yahoo.com','2018-03-01 00:00:00','2018-02-28 16:00:00'),(129,'Perniagaan Puncak Seri','BHPetrol Jalan Kepong','T05','chelahusop@gmail.com','2018-03-01 00:00:00','2018-02-28 16:00:00'),(130,'Perniagaan Wanmaz','BHPetrol Taman City','T08','wanmaz2015@gmail.com','2018-03-01 00:00:00','2018-02-28 16:00:00'),(131,'Pertubuhan Peladang Kawasan Jempol ','BHPetrol Jempol','T10','bhpjempol@gmail.com','2018-03-01 00:00:00','2018-02-28 16:00:00'),(132,'Petroseng Ijok Sdn Bhd','BHPetrol Ijok','T05','safipermai@gmail.com','2018-03-01 00:00:00','2018-02-28 16:00:00'),(133,'Raise Enterprise Sdn Bhd','BHPetrol KL-Karak Highway','T08','bhpraise212@gmail.com','2018-03-01 00:00:00','2018-02-28 16:00:00'),(134,'Rakanpuri Sdn Bhd','BHPetrol Per. Raja Muda Musa 2','T09','rakanpuribp@gmail.com','2018-03-01 00:00:00','2018-02-28 16:00:00'),(135,'Soon Heng Kajang Sdn Bhd','BHPetrol Jalan Sg Chua','T07','annielkh@gmail.com','2018-03-01 00:00:00','2018-02-28 16:00:00'),(136,'Stesen Minyak Keramat','BHPetrol Teluk Chempedak','T04','faizaljs_95@yahoo.com','2018-03-01 00:00:00','2018-02-28 16:00:00'),(137,'Stesyen Minyak Bandar Baru Klang','BHPetrol Bandar Baru Klang','T06','rob1nyap@hotmail.com','2018-03-01 00:00:00','2018-02-28 16:00:00'),(138,'Koperasi Serbaguna Daerah Jerantut Bhd','BHPetrol Jerantut','T04','koperasiserbaguna@yahoo.com','2018-03-01 00:00:00','2018-02-28 16:00:00'),(139,'Syarikat Soon Lai','BHPetrol Jalan Pantai','T10','syarikatsoonlai@gmail.com','2018-03-01 00:00:00','2018-02-28 16:00:00'),(140,'Syarikat Thye Hin Service Station','BHPetrol Bahau','T10','sytthyehin71@gmail.com','2018-03-01 00:00:00','2018-02-28 16:00:00'),(141,'Syt Associated Service Station','BHPetrol Per. Raja Muda Musa','T09','rob1nyap@hotmail.com','2018-03-01 00:00:00','2018-02-28 16:00:00'),(142,'Teong Mah Service Station','BHPetrol Jalan Gasing','T07','mykhoo-my@hotmail.com','2018-03-01 00:00:00','2018-02-28 16:00:00'),(143,'Zaci Oil Marketing','BHPetrol Rasa Ria Saga','T07','zacizaci88@gmail.com','2018-03-01 00:00:00','2018-02-28 16:00:00'),(144,'N. S. Seng (Seremban) Sdn Bhd','BHPetrol Juasseh','T10','bhpjuasseh@gmail.com','2018-03-01 00:00:00','2018-02-28 16:00:00'),(145,'Wawasan Alam Hijau Enterprise','BHPetrol Jalan Cheras 3','T06','wawasanwawasan88@gmail.com','2018-03-01 00:00:00','2018-02-28 16:00:00'),(146,'Kim Sim\'s Autocare Centre Sdn Bhd','BHPetrol Triang','T04','moohonhoongbhp@gmail.com','2018-03-01 00:00:00','2018-02-28 16:00:00'),(147,'Perwira Niaga Malaysia(PERNAMA) ','BHPetrol Mutiara Damansara','T06','halim@pernama.com','2018-03-01 00:00:00','2018-02-28 16:00:00'),(148,'Common Harmony Sdn Bhd','BHPetrol Kerdau','T08','bhpkerdau@yahoo.com','2018-03-01 00:00:00','2018-02-28 16:00:00'),(149,'Karak Petroleum Sdn Bhd','BHPetrol Karak 2','T08','terry_tee84@hotmail.com','2018-03-01 00:00:00','2018-02-28 16:00:00'),(150,'Konsep Berseri Sdn Bhd','BHPetrol Mahsan 2','T10','bhpmahsan2@hotmail.com','2018-03-01 00:00:00','2018-02-28 16:00:00'),(151,'Vistavision Enterprise Sdn Bhd','Bhpetrol Kuantan By-Pass','T04','bhpkuantanbypass@gmail.com','2018-03-01 00:00:00','2018-02-28 16:00:00'),(152,'Lim Lee Seng Properties Sdn Bhd','BHPetrol Mentakab','T04','carmen_chew1212@hotmail.com','2018-03-01 00:00:00','2018-02-28 16:00:00'),(153,'Sri Maju Jati Enterprise','BHPetrol Shah Alam Expressway','T06','srimaju_jati@yahoo.com','2018-03-01 00:00:00','2018-02-28 16:00:00'),(154,'Nur Fattah Arrazak Enterprise','BHPetrol Desa Jaya','T05','izzati.farid98@yahoo.com','2018-03-01 00:00:00','2018-02-28 16:00:00'),(155,'Unisky Enterprise Sdn Bhd','BHPetrol Mahsan','T10','stevenjf911@gmail.com','2018-03-01 00:00:00','2018-02-28 16:00:00'),(156,'Raub Petroleum Sdn Bhd','BHPetrol Raub 2','T08','mcpetroleum@mcgroup.com.my','2018-03-01 00:00:00','2018-02-28 16:00:00'),(157,'PD Sepang Petroleum Sdn Bhd','BHPetrol Sepang-Lukut','T10','prascillachin@hotmail.com','2018-03-01 00:00:00','2018-02-28 16:00:00'),(158,'Petrol Station MB Sdn Bhd','BHPetrol Jalan PD-Seremban','T10','petrolstationmb@gmail.com','2018-03-01 00:00:00','2018-02-28 16:00:00'),(159,'Baan Lan Sdn Bhd','BHPetrol Parit Raja 2','T11','baanlan2858@gmail.com','2018-03-01 00:00:00','2018-02-28 16:00:00'),(160,'Jernih Cendana Enterprise','BHPetrol Karak KL','T08','jernihcendana.enterprise@gmail.com','2018-03-01 00:00:00','2018-02-28 16:00:00'),(161,'Jaguh Barat Sdn Bhd ','BHPetrol Bachang','T11','jaguhbarat@gmail.com','2018-03-01 00:00:00','2018-02-28 16:00:00'),(162,'Isba Seri Wah Yu Petrol Pump Station','BHPetrol Taman LTAT','T07','mohdhanif.bhp2017@gmail.com','2018-03-01 00:00:00','2018-02-28 16:00:00'),(163,'Perniagaan Zul Fikri Bin Arbaee','BHPetrol Jalan Kapar 2','T09','zulfikriarbaee@gmail.com','2018-03-01 00:00:00','2018-02-28 16:00:00'),(164,'Lambang Sakti Sdn Bhd','BHPetrol Serendah 2','T05','lambangbhp@gmail.com','2018-03-01 00:00:00','2018-02-28 16:00:00'),(165,'Kemayan Service Station Sdn Bhd','BHPetrol Kemayan','T04','bhpkmy@gmail.com','2018-03-01 00:00:00','2018-02-28 16:00:00'),(166,'Konsep Berseri Sdn Bhd','BHPetrol Bukit Besi','T04','tengsw@senggroup.com','2018-03-01 00:00:00','2018-02-28 16:00:00'),(167,'Man Kiong Trading Sdn Bhd','BHPetrol Jalan Sg Lembing','T04','psiewlian@gmail.com','2018-03-01 00:00:00','2018-02-28 16:00:00'),(168,'Tan & Tan Petroleum','BHPetrol Sg Plong','T07','tanpetroleum2015@gmail.com','2018-03-01 00:00:00','2018-07-27 10:00:10'),(169,'Kerayong Service Station Sdn Bhd','BHPetrol Kerayong','T04','choonkry@gmail.com','2018-03-01 00:00:00','2018-02-28 16:00:00'),(170,'Koperasi Serbaguna Felda Selancar 2 Berhad','BHPetrol Felda Selancar 2','T04','kopselancar2@yahoo.com','2018-03-01 00:00:00','2018-02-28 16:00:00'),(171,'Seng Lee Huat Petroleum Sdn Bhd','BHPetrol Sg. Buloh 2','T05','slhuatpetroleum@gmail.com','2018-03-01 00:00:00','2018-02-28 16:00:00'),(172,'Lee Yew And Sons Resources','BHPetrol Bandar Seri Jempol','T10','cym92372@outlook.com','2018-03-01 00:00:00','2018-02-28 16:00:00'),(173,'All Write Services','BHPetrol Jalan Templer','T07','allwriteservices@hotmail.com','2018-03-01 00:00:00','2018-02-28 16:00:00'),(174,'Awal Bestari Sdn Bhd','BHPetrol Jalan Subang Utama','T07','bhpsubangutama@gmail.com','2018-03-01 00:00:00','2018-02-28 16:00:00'),(175,'Ban Lee Petrol Service Station','BHPetrol Jalan Lahat','T02','gst.banleepetrol@gmail.com','2018-03-01 00:00:00','2018-02-28 16:00:00'),(176,'Berjaya PetroServis','BHPetrol Puchong Jaya','T07','sayeeda_osman@yahoo.com','2018-03-01 00:00:00','2018-07-04 08:33:14'),(177,'Bestari Syahdu Sdn Bhd','BHPetrol Serdang Raya','T10','srimaju_jati@yahoo.com','2018-03-01 00:00:00','2018-02-28 16:00:00'),(178,'Besway PetroServis','BHPetrol Sg Besi Highway','T07','Surkeryar@gmail.com','2018-03-01 00:00:00','2018-02-28 16:00:00'),(179,'Bidor Service Station','BHPetrol Bidor','T05','bidorss@gmail.com','2018-03-01 00:00:00','2018-08-13 02:14:19'),(180,'Perniagaan Kewajipan Jaya','BHPetrol Jalan Kewajipan','T07','sayeeda_osman@yahoo.com','2018-03-01 00:00:00','2018-02-28 16:00:00'),(181,'Cathay Service Station','BHPetrol Batu Gajah','T02','bhp.batugajah@gmail.com','2018-03-01 00:00:00','2018-02-28 16:00:00'),(182,'Chin Kein Kee Service Station','BHPetrol Jalan Gopeng','T02','chinkeinkee@gmail.com','2018-03-01 00:00:00','2018-02-28 16:00:00'),(183,'Chuan Heng Leong','BHPetrol Jalan 222','T07','bhpjln222@gmail.com','2018-03-01 00:00:00','2018-04-11 09:17:59'),(184,'D\'Rosh ServCentre','BHPetrol Lebuhraya KL-Klang','T06','mm_1012001@yahoo.com.sg','2018-03-01 00:00:00','2018-02-28 16:00:00'),(185,'D\'Rosh ServPort','BHPetrol Subang Airport','T06','Slhnilai@gmail.com','2018-03-01 00:00:00','2018-02-28 16:00:00'),(186,'Gombakway Service Station','BHPetrol Jalan Gombak','T07','gombakway@yahoo.com','2018-03-01 00:00:00','2018-02-28 16:00:00'),(187,'Halajati Enterprise','BHPetrol Jalan Ma\'arof','T07','jalanmaarof@hotmail.com','2018-03-01 00:00:00','2018-08-21 03:34:28'),(188,'Handayani Sdn Bhd','BHPetrol Jalan Kuari','T10','mgrjku91@yahoo.com.my','2018-03-01 00:00:00','2018-08-21 03:33:59'),(189,'Iman Bestari Enterprise','BHPetrol Tapah Highway','T05','bhpimanbestari@gmail.com','2018-03-01 00:00:00','2018-02-28 16:00:00'),(190,'Jag Traders','BHPetrol Jalan Genting Klang 1','T05','bhpgk1@yahoo.com.my','2018-03-01 00:00:00','2018-02-28 16:00:00'),(191,'Jurus Persada Sdn Bhd','BHPetrol Jalan Kuching','T05','Suhaimisenafi@gmail.com','2018-03-01 00:00:00','2018-02-28 16:00:00'),(192,'K.A. Surijaya Enterprise','BHPetrol Kg Baharu (Puchong 3)','T07','kasurijaya888@gmail.com','2018-03-01 00:00:00','2018-02-28 16:00:00'),(193,'Kong Eng Service Station','BHPetrol Jalan Kuala Kangsar','T02','bpleepm@yahoo.com','2018-03-01 00:00:00','2018-02-28 16:00:00'),(194,'Kuchai Petrol Service','BHPetrol Jalan Kuchai Lama','T06','bhpkuchai@yahoo.com','2018-03-01 00:00:00','2018-02-28 16:00:00'),(195,'Mampu Makmur Sdn Bhd','BHPetrol Sekinchan 2','T09','sekinchan.ent@gmail.com','2018-03-01 00:00:00','2018-07-27 03:46:48'),(196,'Naa Zeef Enterprise','BHPetrol Taman Connaught','T10','bhpnaazeef@yahoo.com.my','2018-03-01 00:00:00','2018-02-28 16:00:00'),(197,'New Century Service Station','BHPetrol Jalan Klang Lama 2','T08','yap_1512@hotmail.com','2018-03-01 00:00:00','2018-02-28 16:00:00'),(198,'Ng E & Sons Petrol Station Sdn Bhd ','BHPetrol Jalan Batu Tiga Lama','T06','bhp.ngson@gmail.com','2018-03-01 00:00:00','2018-02-28 16:00:00'),(199,'Omtek Maju Sdn Bhd','BHPetrol Sentul Pasar','T08','jeffreylaw16@gmail.com','2018-03-01 00:00:00','2018-02-28 16:00:00'),(200,'Ong Beng Cheng  & Sons Sdn Bhd','BHPetrol Taman Kapar','T09','obcs.sb@gmail.com','2018-03-01 00:00:00','2018-02-28 16:00:00'),(201,'Pantai Service Station','BHPetrol Jalan Pantai Baru','T07','alvinchia5006@gmail.com','2018-03-01 00:00:00','2018-02-28 16:00:00'),(202,'Perniagaan Azyan Jaya','BHPetrol Damansara Utama','T08','bhpdamansarautama@gmail.com','2018-03-01 00:00:00','2018-02-28 16:00:00'),(203,'Perniagaan Hajariah Abdul Malek','BHPetrol Taman Bukit Kuchai','T07','mohdkhairuddin512@gmail.com','2018-03-01 00:00:00','2018-02-28 16:00:00'),(204,'Perniagaan Haji Razali Adanan','BHPetrol Jalan Meru','T06','razaliadanan_57@yahoo.com','2018-03-01 00:00:00','2018-02-28 16:00:00'),(205,'Perniagaan Satu-Satu','BHPetrol Jalan Klang Lama 4','T08','bhpsatu2015@gmail.com','2018-03-01 00:00:00','2018-03-07 03:02:53'),(206,'Perwira Niaga Malaysia(PERNAMA) ','BHPetrol Taman Alam Megah','T06','halim@pernama.com','2018-03-01 00:00:00','2018-02-28 16:00:00'),(207,'Rantau Fokus Sdn Bhd','Bhpetrol Bota Kanan','T02','nurulazura0583@gmail.com','2018-03-01 00:00:00','2018-02-28 16:00:00'),(208,'Safariza Enterprise','BHPetrol Kuala Kangsar','T01','msfirdaus2@gmail.com','2018-03-01 00:00:00','2018-02-28 16:00:00'),(209,'Perniagaan Hajjah Ruslinah Hamid','BHPetrol Pelabuhan Klang','T09','ruslinah_hamid@yahoo.com','2018-03-01 00:00:00','2018-02-28 16:00:00'),(210,'Selama Pelangi (M) Sdn Bhd','BHPetrol Per.Tengku Ampuan 1','T09','selamapelangi1@gmail.com','2018-03-01 00:00:00','2018-02-28 16:00:00'),(211,'Sentosa Emas Sdn Bhd','BHPetrol Kuala Selangor','T09','freewaymove@gmail.com','2018-03-01 00:00:00','2018-07-27 10:13:14'),(212,'Seri Wah Yu Petrol Pam Station','BHPetrol Taman Sri Endah','T07','Azie.prop82@gmail.com','2018-03-01 00:00:00','2018-02-28 16:00:00'),(213,'Siang Hin Petroservis Sdn Bhd','BHPetrol Jalan Pahang','T08','jaymi.sianghin@gmail.com','2018-03-01 00:00:00','2018-02-28 16:00:00'),(214,'Siong Huat Service Station','BHPetrol Jalan Klang Lama 1','T08','evonne_hooi@yahoo.co.uk','2018-03-01 00:00:00','2018-02-28 16:00:00'),(215,'Sri Norwee Enterprise','BHPetrol Taman Seri Gombak','T05','srinorwee@gmail.com','2018-03-01 00:00:00','2018-02-28 16:00:00'),(216,'SJ Service Station','BHPetrol Subang Jaya','T07','chaikokkwan@gmail.com','2018-03-01 00:00:00','2018-02-28 16:00:00'),(217,'Stesen Minyak Juara Sdn Bhd','BHPetrol O.U.G.','T08','harbindr.kaur@gmail.com','2018-03-01 00:00:00','2018-02-28 16:00:00'),(218,'Stesyen Minyak Sahabat','BHPetrol Bandar Sunway','T07','srimaju_jati@yahoo.com','2018-03-01 00:00:00','2018-02-28 16:00:00'),(219,'Sungai Lalang Jaya Sdn Bhd','BHPetrol Jalan Semenyih 1','T10','sljsblot2391@gmail.com','2018-03-01 00:00:00','2018-02-28 16:00:00'),(220,'Syarikat Hup Seng ','BHPetrol Jalan Klang Lama 3','T08','uni1288@hotmail.com','2018-03-01 00:00:00','2018-02-28 16:00:00'),(221,'Syarikat Isra','BHPetrol Taman Sri Muda','T06','syktisra@gmail.com','2018-03-01 00:00:00','2018-02-28 16:00:00'),(222,'Syarikat Rasri','BHPetrol Bandar Tun Razak','T07','andykimhock@yahoo.com','2018-03-01 00:00:00','2018-02-28 16:00:00'),(223,'Syt  Expo Auto Service Sdn Bhd','BHPetrol Damansara Jaya','T08','nathan8328@gmail.com','2018-03-01 00:00:00','2018-02-28 16:00:00'),(224,'Syt Lee Shing Auto Centre','BHPetrol Bukit Naga','T06','syktleeshingautocentre@yahoo.com','2018-03-01 00:00:00','2018-02-28 16:00:00'),(225,'Tai Fong Service Station','BHPetrol Jalan Kampar','T02','tandesmond38@gmail.com','2018-03-01 00:00:00','2018-02-28 16:00:00'),(226,'Visi Wirajaya Sdn Bhd','BHPetrol Taman Ibu Kota','T05','Visiwirajaya@gmail.com','2018-03-01 00:00:00','2018-02-28 16:00:00'),(227,'Foo Brothers Service Station','BHPetrol Cecil Rae Drive','T02','bhpcecilrae@gmail.com','2018-03-01 00:00:00','2018-08-21 06:32:14'),(228,'Boustead Petroleum Marketing S/B','BHPetrol Taman Tun Dr Ismail','T09','bhpttdi@hotmail.com','2018-03-01 00:00:00','2018-02-28 16:00:00'),(229,'Ciptaan Taipan Sdn Bhd','BHPetrol Jalan Meru 2','T06','bhpmeru2@gmail.com','2018-03-01 00:00:00','2018-02-28 16:00:00'),(230,'MZJ Service Station','BHPetrol Taman Melawati','T05','bhptmnmelawati@yahoo.com','2018-03-01 00:00:00','2018-04-12 09:11:56'),(231,'Klang Bahagia Trading','BHPetrol Jalan Kebun','T06','bhpjlnkebun@yahoo.com','2018-03-01 00:00:00','2018-04-02 09:06:55'),(232,'RBS Development Sdn Bhd','BHPetrol Ipoh-Lumut Highway','T02','wonpl@yahoo.com','2018-03-01 00:00:00','2018-02-28 16:00:00'),(233,'Ang Loke Teck Sdn Bhd','BHPetrol Jenjarom 2','T06','cheehong1122@gmail.com','2018-03-01 00:00:00','2018-02-28 16:00:00'),(234,'Azim Pasifik Enterprise','BHPetrol Pulau Indah','T09','bhppulauindah13@gmail.com','2018-03-01 00:00:00','2018-02-28 16:00:00'),(235,'The Combined Bus Services Sdn Bhd','BHPetrol Terminal Bas Ipoh Raya','T02','bhpcombinebusservice@gmail.com','2018-03-01 00:00:00','2018-02-28 16:00:00'),(236,'Dot Red Realty Sdn Bhd','BHPetrol Chemor Klebang','T02','kumleong6426@gmail.com','2018-03-01 00:00:00','2018-02-28 16:00:00'),(237,'Thow Ju Hin Sdn BHd','BHPetrol Bidor Teluk Intan','T05','thowjuhin@gmail.com','2018-03-01 00:00:00','2018-02-28 16:00:00'),(238,'BSE Station Sdn Bhd','BHPetrol Sg Manggis','T06','bsestation@gmail.com','2018-03-01 00:00:00','2018-02-28 16:00:00'),(239,'Cap Hup Woh','BHPetrol Air Kuning','T02','liewsiewleng77@gmail.com','2018-03-01 00:00:00','2018-02-28 16:00:00'),(240,'Angkasa Cermat Enterprise','BHPetrol MRR2','T05','wong.yuetwai@yahoo.com','2018-03-01 00:00:00','2018-02-28 16:00:00'),(241,'KK Larwin Petroleum Sdn Bhd','BHPetrol Kg Buaya','T01','vincentywt1128@gmail.com','2018-03-01 00:00:00','2018-02-28 16:00:00'),(242,'Alpine Farm Sdn Bhd','BHPetrol Blue Valley','T05','myungwhai@gmail.com','2018-03-01 00:00:00','2018-02-28 16:00:00'),(243,'Petrol Botani Sdn Bhd','BHPetrol Bandar Seri Botani','T05','petrolbotani@gmail.com','2018-03-01 00:00:00','2018-02-28 16:00:00'),(244,'Sutera Raya Sdn Bhd. ','BHPetrol Bandar Gopeng','T02','sutera.raya.bhp@gmail.com','2018-03-01 00:00:00','2018-02-28 16:00:00'),(245,'Perniagaan Norzalina Razali','BHPetrol Persiaran Selangor','T06','mm_1012001@yahoo.com.sg','2018-03-01 00:00:00','2018-02-28 16:00:00'),(246,'Actual Future Sdn. Bhd.','BHPetrol Taman Acheh Mutiara','T02','afbhpetrol@gmail.com','2018-03-01 00:00:00','2018-02-28 16:00:00'),(247,'Iman Razhan Enterprise','BHPetrol Jalan Sg Besi 2','T06','jzijaya@gmail.com','2018-03-01 00:00:00','2018-02-28 16:00:00'),(248,'Petroplus Services','BHPetrol Jalan Kapar 1','T09','bhpkapar@gmail.com','2018-03-01 00:00:00','2018-02-28 16:00:00'),(249,'Sungai Tua Enterprise ','BHPetrol Sungai Tua','T05','Bhpetrolsgtuaenterprise@gmail.com','2018-03-01 00:00:00','2018-02-28 16:00:00'),(250,'Nurrazzak Enterprise','BHPetrol Sg Besi Harmony','T07','aljannahttdi@gmail.com','2018-03-01 00:00:00','2018-02-28 16:00:00'),(251,'Jasamas Enterprise','BHPetrol Jalan Matang','T02','bhpmatang@gmail.com','2018-03-01 00:00:00','2018-02-28 16:00:00'),(252,'Makmur Ria Ventures Sdn Bhd','BHPetrol Tanjong Malim','T05','makmurria@yahoo.com','2018-03-01 00:00:00','2018-02-28 16:00:00'),(253,'Majukaya Entiti Sdn Bhd','BHPetrol Bandar Baru Kampar','T02','majukaen@gmail.com','2018-03-01 00:00:00','2018-02-28 16:00:00'),(254,'Melati Astana Sdn Bhd','BHPetrol Bandar Seri Iskandar','T02','melatiastana.ops@gmail.com','2018-03-01 00:00:00','2018-02-28 16:00:00'),(255,'NKJ Petroleum Sdn Bhd','BHPetrol Kg China','T02','nkjpetroleum@gmail.com','2018-03-01 00:00:00','2018-02-28 16:00:00'),(256,'Kar Sin Focus Sdn Bhd','BHPetrol Taman Samudera','T02','bhpkarsinfocus@gmail.com','2018-03-01 00:00:00','2018-02-28 16:00:00'),(257,'OBR Ventures Enterprise','BHPetrol OBR Sg Buloh South','T05','obr_bhp@yahoo.com','2018-03-01 00:00:00','2018-02-28 16:00:00'),(258,'World Trade Business Sdn Bhd','BHPetrol Rimba Panjang','T02','worldtradebusiness19112@gmail.com','2018-03-01 00:00:00','2018-02-28 16:00:00'),(259,'Nice Achievement Sdn Bhd','BHPetrol Pantai Remis Batu 13','T02','Niceachievement@gmail.com','2018-03-01 00:00:00','2018-02-28 16:00:00'),(260,'Auscomm Sdn Bhd','BHPetrol Serendah','T05','lowkok65@hotmail.com','2018-03-01 00:00:00','2018-02-28 16:00:00'),(261,'Poh Siong Petrol Station','BHPetrol Lukut','T10','pohsiongpetrolstation@hotmail.com','2018-03-01 00:00:00','2018-02-28 16:00:00'),(262,'Khidmat Sakti Sdn Bhd','BHPetrol KS-Rawang','T05','jianjong86@hotmail.com','2018-03-01 00:00:00','2018-02-28 16:00:00'),(263,'Nilai Petroleum Sdn Bhd','BHPetrol Nilai','T10','bhpnilai@gmail.com','2018-03-01 00:00:00','2018-02-28 16:00:00'),(264,'Asagus Sdn Bhd','BHPetrol Pekan','T04','khlam20002000@yahoo.com.hk','2018-03-01 00:00:00','2018-02-28 16:00:00'),(265,'Barakah Enterprise','BHPetrol Sitiawan','T02','ppabdulmajeed1938@gmail.com','2018-03-01 00:00:00','2018-02-28 16:00:00'),(266,'Bukit Tinggi Land Sdn Bhd','BHPetrol Bukit Tinggi','T08','vazanbol@yahoo.com','2018-03-01 00:00:00','2018-02-28 16:00:00'),(267,'Dasar Kembara (M) Sdn Bhd','BHPetrol Pasir Mas','T03','hybrid_monster666@yahoo.com','2018-03-01 00:00:00','2018-02-28 16:00:00'),(268,'Desabina Sdn Bhd','BHPetrol Jelapang','T02','bhpjelapang55@gmail.com','2018-03-01 00:00:00','2018-02-28 16:00:00'),(269,'Felda Trading Sdn Bhd','BHPetrol Bandar 32','T04','Bhp.bandar32@yahoo.com.my','2018-03-01 00:00:00','2018-02-28 16:00:00'),(270,'Felda Trading Sdn Bhd','BHPetrol Bukit Kuantan','T04','bhpetrol.bktkuantan@yahoo.com.my','2018-03-01 00:00:00','2018-02-28 16:00:00'),(271,'Felda Trading Sdn Bhd','BHPetrol Jengka 3','T04','bp.jengka03@felda.net.my','2018-03-01 00:00:00','2018-02-28 16:00:00'),(272,'Felda Trading Sdn Bhd','BHPetrol Jengka 8','T04','bhp.jengka08@yahoo.com.my','2018-03-01 00:00:00','2018-02-28 16:00:00'),(273,'Felda Trading Sdn Bhd','BHPetrol PPPTR','T04','bhp.jengka08@yahoo.com.my','2018-03-01 00:00:00','2018-02-28 16:00:00'),(274,'Fook Thye Service Station','BHPetrol Jalan Siputeh','T02','bhpJalansiputeh@outlook.com','2018-03-01 00:00:00','2018-02-28 16:00:00'),(275,'Guan Long Trading Sdn Bhd','BHPetrol Sabak Bernam','T09','Chiasky@hotmail.com','2018-03-01 00:00:00','2018-03-07 03:30:15'),(276,'Indahmatics Sdn Bhd','BHPetrol Per.Tengku Ampuan 2','T09','ctyeoh@gforce.com.my','2018-03-01 00:00:00','2018-02-28 16:00:00'),(277,'Karya Merdu Sdn Bhd','BHPetrol Tambun','T02','bhptambun@gmail.com','2018-03-01 00:00:00','2018-02-28 16:00:00'),(278,'Koperasi Felda Bukit Bading ','BHPetrol Bukit Bading','T04','fadhlanruzain24@gmail.com','2018-03-01 00:00:00','2018-02-28 16:00:00'),(279,'Koperasi Felda Bukit Damar Berhad','BHPetrol Bukit Damar','T08','bhpbukitdamarbhd@yahoo.com.my','2018-03-01 00:00:00','2018-02-28 16:00:00'),(280,'Koperasi Nelayan Pantai Remis Bhd','BHPetrol Pantai Remis-Dinding','T02','Koperasinelayanp.remisbhd_lim@yahoo.com','2018-03-01 00:00:00','2018-02-28 16:00:00'),(281,'Koperasi Felda Bukit Mendi Pahang Berhad','BHPetrol Bukit Mendi','T04','koopfbm@gmail.com','2018-03-01 00:00:00','2018-02-28 16:00:00'),(282,'Kwang Mui Service Station','BHPetrol Jalan Kesang Muar','T11','kwangmuiss@yahoo.com','2018-03-01 00:00:00','2018-02-28 16:00:00'),(283,'Lean Heng Co Service Station','BHPetrol Jalan Sg Rambai','T01','505leanhengco@gmail.com','2018-03-01 00:00:00','2018-02-28 16:00:00'),(284,'Lian Thye Service Station','BHPetrol Tampin','T11','shuern@yahoo.com','2018-03-01 00:00:00','2018-02-28 16:00:00'),(285,'Lim Lee Seng Sdn Bhd','BHPetrol Bandar Gambang','T04','tengsw@senggroup.com','2018-03-01 00:00:00','2018-02-28 16:00:00'),(286,'N S Seng (Trengganu) Sdn Bhd','BHPetrol Batu Enam','T04','nssbt6@hotmail.com','2018-03-01 00:00:00','2018-03-04 19:55:09'),(287,'N.S. Seng (Pahang) Sdn Bhd','BHPetrol Kuantan/Segamat Highway2','T04','benchew@senggroup.com','2018-03-01 00:00:00','2018-02-28 16:00:00'),(288,'Perniagaan Edasamah','BHPetrol Sg Siput','T01','msfirdaus2@gmail.com','2018-03-01 00:00:00','2018-02-28 16:00:00'),(289,'Perniagaan Sepakat Abadi','BHPetrol Ayer Hitam (1&2)','T03','perniagaansepakatabadi@gmail.com','2018-03-01 00:00:00','2018-02-28 16:00:00'),(290,'Petralin Corporation (M) Sdn Bhd','BHPetrol Sg Ruan','T08','slleongsenggroup@gmail.com','2018-03-01 00:00:00','2018-02-28 16:00:00'),(291,'Public Service Station','BHPetrol Jalan Changkat Jong','T02','bhpcktjg@gmail.com','2018-03-01 00:00:00','2018-02-28 16:00:00'),(292,'Siew Service Station ','BHPetrol Ayer Tawar','T02','bhpayertawar@gmail.com ','2018-03-01 00:00:00','2018-02-28 16:00:00'),(293,'Sin Hong Huat Service Station','BHPetrol Jalan Kamunting','T01','issim9838@yahoo.com','2018-03-01 00:00:00','2018-02-28 16:00:00'),(294,'Sin Yew Hup S/S Sdn Bhd','BHPetrol Jalan Khalidi','T11','bhpkhalidi@hotmail.com','2018-03-01 00:00:00','2018-02-28 16:00:00'),(295,'Soon Seng Trading Company','BHPetrol Sg Besar','T09','quah_qianxin@hotmail.com','2018-03-01 00:00:00','2018-02-28 16:00:00'),(296,'Stesyen Kampong Bahru','BHPetrol Sg Petani','T01','bhplim1213@gmail.com','2018-03-01 00:00:00','2018-02-28 16:00:00'),(297,'Stesyen Minyak Kajang','BHPetrol Jalan Semenyih 2','T10','bhp_semenyih2@hotmail.com','2018-03-01 00:00:00','2018-02-28 16:00:00'),(298,'Syarikat Sentosa','BHPetrol Kg Sentosa','T04','gemungal85@gmail.com','2018-03-01 00:00:00','2018-02-28 16:00:00'),(299,'Koperasi Felda Kampung Sertik Berhad','BHPetrol Kg Sertik','T08','jamaludinali60@yahoo.com','2018-03-01 00:00:00','2018-02-28 16:00:00'),(300,'Tan & Son Service Station','BHPetrol Raub','T08','hong_station@hotmail.com','2018-03-01 00:00:00','2018-02-28 16:00:00'),(301,'YiYiba Enterprise Sdn Bhd','BHPetrol Parit Jawa','T11','yiyibaenterprise@gmail.com','2018-03-01 00:00:00','2018-02-28 16:00:00'),(302,'Yow Brothers Service Station','BHPetrol Temerloh','T08','bhpybss@gmail.com','2018-03-01 00:00:00','2018-02-28 16:00:00'),(303,'Retsters (M) Sdn Bhd','BHPetrol Kepala Batas','T01','bhpkepalabatas@gmail.com','2018-03-01 00:00:00','2018-02-28 16:00:00'),(304,'Afza Trading','BHPetrol Machang','T03','ayubomar7@gmail.com','2018-03-01 00:00:00','2018-02-28 16:00:00'),(305,'Mayfair Service Station','BHPetrol Kluang','T12','bhpkluang@gmail.vom','2018-03-01 00:00:00','2018-02-28 16:00:00'),(306,'Chemor Service Station Sdn Bhd','BHPetrol Chemor','T02','catho126@yahoo.com','2018-03-01 00:00:00','2018-02-28 16:00:00'),(307,'Hijauwan Enterprise','BHPetrol Hutan Melintang','T02','malek_alek@yahoo.com','2018-03-01 00:00:00','2018-02-28 16:00:00'),(308,'Koperasi  Serbaguna Felda ','BHPetrol Gunong Besout','T05','bhp.besout@gmail.com','2018-03-01 00:00:00','2018-02-28 16:00:00'),(309,'Koperasi Felda Trolak Selatan Bhd','BHPetrol Sungkai','T05','appy_aliah@yahoo.com','2018-03-01 00:00:00','2018-02-28 16:00:00'),(310,'Koperasi Felda Trolak Selatan Bhd','BHPetrol Felda Trolak Selatan','T05','coopfts@yahoo.com','2018-03-01 00:00:00','2018-02-28 16:00:00'),(311,'Mankon Phoenix Enterprise','BHPetrol Sg Durian','T02','mankon9933@yahoo.com','2018-03-01 00:00:00','2018-02-28 16:00:00'),(312,'Tiang Chew Hong Enterprise','BHPetrol Kg Koh','T02','bhpkgkoh@gmail.com','2018-03-01 00:00:00','2018-02-28 16:00:00'),(313,'Masree Filling Station','BHPetrol Pelekbang','T03','hybrid_monster666@yahoo.com','2018-03-01 00:00:00','2018-02-28 16:00:00'),(314,'Koperasi Peneroka Sungai Tengi Bhd','BHPetrol Sg Tengi','T09','kopeneroka_sungaitengi@yahoo.com','2018-03-01 00:00:00','2018-02-28 16:00:00'),(315,'Naluri Aktif Sdn Bhd','BHPetrol Felda Soeharto','T09','naluriaktif.soeharto.5972@gmail.com','2018-03-01 00:00:00','2018-02-28 16:00:00'),(316,'Raizah Petrol Station','BHPetrol Sg Panjang','T09','izharazalli@gmail.com','2018-03-01 00:00:00','2018-02-28 16:00:00'),(317,'Sin Seng Huat Trading Company','BHPetrol Sg Haji Dorani','T09','bhpetrol_david@hotmail.com','2018-03-01 00:00:00','2018-02-28 16:00:00'),(318,'Topaz Temasek Sdn Bhd','BHPetrol Taman Kosas','T07','topaztemasek@hotmail.com','2018-03-01 00:00:00','2018-02-28 16:00:00'),(319,'Warga Pakatan Sdn Bhd','BHPetrol Changkat Jering','T01','matangleanhin2@gmail.com','2018-03-01 00:00:00','2018-02-28 16:00:00'),(320,'Mambang Diawan Petrol Station S/B','BHPetrol Mambang Diawan','T02','leongchee88@yahoo.com','2018-03-01 00:00:00','2018-02-28 16:00:00'),(321,'Sekinchan Petrol Station','BHPetrol Sekinchan 1','T09','ysiang602@gmail.com','2018-03-01 00:00:00','2018-02-28 16:00:00'),(322,'Petroseng Trading Sdn Bhd','BHPetrol Merlimau','T11','adnan_bhpmerlimau@yahoo.com.my','2018-03-01 00:00:00','2018-02-28 16:00:00'),(323,'Abdul Karim Bin saad','BHPetrol Jalan Kodiang','T03','hengchaik@gmail.com','2018-03-01 00:00:00','2018-02-28 16:00:00'),(324,'H.O.S. Enterprise','BHPetrol Kg Rantau Panjang','T01','zazzurin@yahoo.com','2018-03-01 00:00:00','2018-02-28 16:00:00'),(325,'Halim Bin Isa','BHPetrol Kg Belantik','T03','hengchaik@gmail.com','2018-03-01 00:00:00','2018-02-28 16:00:00'),(326,'Has & Has Enterprise','BHPetrol Kg Lemban Palas','T03','hengchaik@gmail.com','2018-03-01 00:00:00','2018-02-28 16:00:00'),(327,'Haza Teguh Enterprise','BHPetrol Tunjang-Kubang Pasu','T03','leegan@senggroup.com','2018-03-01 00:00:00','2018-02-28 16:00:00'),(328,'IBY Utara Enterprise','BHPetrol Padang Sera','T03','hengchaik@gmail.com','2018-03-01 00:00:00','2018-02-28 16:00:00'),(329,'Koperasi Bukit Selambau Bhd','BHPetrol Bukit Selambau','T03','hengchaik@gmail.com','2018-03-01 00:00:00','2018-02-28 16:00:00'),(330,'L.S. Eng Trading','BHPetrol Padang Temusu','T01','azizi@senggroup.com','2018-03-01 00:00:00','2018-02-28 16:00:00'),(331,'Muara Klasik Enterprise','BHPetrol Kg Kubor Panjang','T03','hengchaik@gmail.com','2018-03-01 00:00:00','2018-02-28 16:00:00'),(332,'Kayrizz Management','BHPetrol Kubang Rotan','T03','hengchaik@gmail.com','2018-03-01 00:00:00','2018-02-28 16:00:00'),(333,'NZ Wannina Enterprise','BHPetrol Kg Musa','T03','hengchaik@gmail.com','2018-03-01 00:00:00','2018-02-28 16:00:00'),(334,'Meu A/P Siew','BHPetrol Kg Titi Akar','T03','hengchaik@gmail.com','2018-03-01 00:00:00','2018-02-28 16:00:00'),(335,'Roslan Bin Ajib','BHPetrol Guar Nangka','T03','hengchaik@gmail.com','2018-03-01 00:00:00','2018-02-28 16:00:00'),(336,'Sungai Setar Enterprise','BHPetrol Sg Setar Besar','T01','azizi@senggroup.com','2018-03-01 00:00:00','2018-02-28 16:00:00'),(337,'Minda Hijrah Enterprise','BHPetrol Kg Sungai Ular','T01','azizi@senggroup.com','2018-03-01 00:00:00','2018-02-28 16:00:00'),(338,'S.H. Enterprise Sdn Bhd','BHPetrol Tapah 2','T05','ckchan3388@gmail.com','2018-03-01 00:00:00','2018-02-28 16:00:00'),(339,'Sin Chin Huat','BHPetrol Kuala Kurau','T02','bhpetrol.kualakurau@gmail.com','2018-03-01 00:00:00','2018-02-28 16:00:00'),(340,'Tiong\'s Auto Service Station','BHPetrol Bruas','T02','tanyewwee@gmail.com','2018-03-01 00:00:00','2018-02-28 16:00:00'),(341,'Min aun Trading Co','BHPetrol Segari','T01','minaun@yahoo.com','2018-03-01 00:00:00','2018-02-28 16:00:00'),(342,'Chop Chong Lee','BHPetrol Sg Jerik','T04','tengsw@senggroup.com','2018-03-01 00:00:00','2018-02-28 16:00:00'),(343,'East Coast Petroleum','BHPetrol Besut','T03','invoice369@gmail.com','2018-03-01 00:00:00','2018-02-28 16:00:00'),(344,'Impian Deras Sdn Bhd','BHPetrol Kuala Berang','T04','invoice369@gmail.com','2018-03-01 00:00:00','2018-02-28 16:00:00'),(345,'Koperasi Felda Neram Satu ','BHPetrol Felda Neram 1','T04','tengsw@senggroup.com','2018-03-01 00:00:00','2018-02-28 16:00:00'),(346,'Koperasi Peneroka-Peneroka Felda Jengka 10 (Mawar) Berhad ','BHPetrol Felda Mawar','T04','tengsw@senggroup.com','2018-03-01 00:00:00','2018-02-28 16:00:00'),(347,'Koperasi Serbaguna Peladang Felda','BHPetrol Felda Sg Tekam Utara','T04','tengsw@senggroup.com','2018-03-01 00:00:00','2018-02-28 16:00:00'),(348,'Kuei & Tan Sdn Bhd','BHPetrol Jerteh','T03','leegan@senggroup.com','2018-03-01 00:00:00','2018-02-28 16:00:00'),(349,'Lim Lee Seng Properties Sdn Bhd','BHPetrol Melor','T03','invoice369@gmail.com','2018-03-01 00:00:00','2018-02-28 16:00:00'),(350,'Pa\'Muda Pemborong Petrol','BHPetrol Kg Jabi','T03','invoice369@gmail.com','2018-03-01 00:00:00','2018-02-28 16:00:00'),(351,'Perniagaan Semantan','BHPetrol Jalan Maran','T04','tengsw@senggroup.com','2018-03-01 00:00:00','2018-02-28 16:00:00'),(352,'Stesyen Minyak BHP Kuala Krau','BHPetrol Kuala Krau','T04','tengsw@senggroup.com','2018-03-01 00:00:00','2018-02-28 16:00:00'),(353,'Stesyen Minyak Lanchang Sdn Bhd','BHPetrol Lanchang','T08','chongsenggroup@gmail.com','2018-03-01 00:00:00','2018-02-28 16:00:00'),(354,'Syarikat Terengganu Jaya','BHPetrol Anak Ikan','T03','leegan@senggroup.com','2018-03-01 00:00:00','2018-02-28 16:00:00'),(355,'Yusoff Bin Idris','BHPetrol Kg Kedai Buloh','T03','invoice369@gmail.com','2018-03-01 00:00:00','2018-02-28 16:00:00'),(356,'Chiang Trading Co','BHPetrol Batu Arang','T05','siewlychang@gmail.com','2018-03-01 00:00:00','2018-02-28 16:00:00'),(357,'Lee Seng & Co Petroleum Sdn Bhd','BHPetrol Taman Sri Segambut','T07','leeseng1234@gmail.com','2018-03-01 00:00:00','2018-02-28 16:00:00'),(358,'Petromurni Sdn Bhd','BHPetrol Jalan Tras Raub','T08','tjk-enterprise@hotmail.com','2018-03-01 00:00:00','2018-02-28 16:00:00'),(359,'Stesyen Minyak Liau Chong','BHPetrol Jenjarom','T06','smlcbhp@hotmail.com','2018-03-01 00:00:00','2018-02-28 16:00:00'),(360,'Tian Xin Trading Sdn Bhd','BHPetrol Telemong','T08','vlganpetroseng@gmail.com','2018-03-01 00:00:00','2018-02-28 16:00:00'),(361,'Bang Lim Trading','BHPetrol Sg Burung','T09','sgbrotherspetrol@hotmail.com','2018-03-01 00:00:00','2018-02-28 16:00:00'),(362,'Tan & Tan Petroleum','BHPetrol Tanjung Karang','T09','Wuq7883@gmail.com','2018-03-01 00:00:00','2018-02-28 16:00:00'),(363,'Cekap Sejagat Sdn Bhd','BHPetrol Linggi','T10','zilaghazar@gmail.com','2018-03-01 00:00:00','2018-02-28 16:00:00'),(364,'Chua Chin Hin (Rantau) Sdn Bhd','BHPetrol Rantau','T10','Charli_gan53@hotmail.com','2018-03-01 00:00:00','2018-02-28 16:00:00'),(365,'Naturelead Sdn Bhd','BHPetrol Mantin','T10','sallyyap89@yahoo.com','2018-03-01 00:00:00','2018-02-28 16:00:00'),(366,'Syah Desa Enterprise','BHPetrol Jalan Seremban Kuala Pilah','T10','syahdesa@gmail.com','2018-03-01 00:00:00','2018-02-28 16:00:00'),(367,'Syarikat Gemilang','BHPetrol Bukit Changgang','T07','shahrilamer81@gmail.com','2018-03-01 00:00:00','2018-02-28 16:00:00'),(368,'Simpang Pertang Filling Station','BHPetrol Simpang Pertang','T10','bhp.simpangpertang@gmail.com','2018-03-01 00:00:00','2018-02-28 16:00:00'),(369,'Kompas Perkasa Sdn Bhd','BHPetrol Grisek','T11','bhpgrisek@gmail.com','2018-03-01 00:00:00','2018-02-28 16:00:00'),(370,'Yusof Bin Jaafar','BHPetrol Kg Padang Kerasak','T03','wembonindustries@gmail.com','2018-03-01 00:00:00','2018-02-28 16:00:00'),(371,'FK Bagan Enterprise','BHPetrol Kg Bagan Baru Ijok','T01','wembonindustries@gmail.com','2018-03-01 00:00:00','2018-02-28 16:00:00'),(372,'Abdul Aziz Bin Jamai','BHPetrol Kg Masjid Ijok','T01','wembonindustries@gmail.com','2018-03-01 00:00:00','2018-02-28 16:00:00'),(373,'RS Serasi Enterprise','BHPetrol Jalan Putra 2','T01','wembonindustries@gmail.com','2018-03-01 00:00:00','2018-02-28 16:00:00'),(374,'Zamizan Petrol Station','BHPetrol Sungai Bayor','T01','wembonindustries@gmail.com','2018-03-01 00:00:00','2018-02-28 16:00:00'),(375,'Petrol Pam Mini Gudang','BHPetrol Bukit Neriang','T02','minigudang@gmail.com','2018-03-01 00:00:00','2018-02-28 16:00:00'),(376,'Canna Enterprise','BHPetrol Bandar Riang','T01','wembonindustries@gmail.com','2018-03-01 00:00:00','2018-02-28 16:00:00'),(377,'Selama Jati Enterprise','BHPetrol Kg Md Shah','T01','wembonindustries@gmail.com','2018-03-01 00:00:00','2018-02-28 16:00:00'),(378,'Koperasi Peserta-Peserta Felcra Gugusan Bkt Tandak Kelantan Bhd','BHPetrol Bukit Tandak','T03','kprbtdk@yahoo.com','2018-03-01 00:00:00','2018-02-28 16:00:00'),(379,'AU Venture Sdn. Bhd','BHPetrol Taman UK Raya','T2','auventure@hotmail.com','0000-00-00 00:00:00','2018-07-31 09:38:40'),(380,'Mega Sira Resources Sdn Bhd','BHPetrol Sg Dua North','T1','mega_sira_resources@yahoo.com','0000-00-00 00:00:00','2018-07-31 09:27:57'),(381,'Jiwa Kurnia Sdn Bhd','BHPetrol Sik','T1','jiwa.kurnia.sb@gmail.com','0000-00-00 00:00:00','2018-07-31 09:35:37'),(382,'Highway Station PLT','BHPetrol Sg Dua South','T1','highwaybhp@gmail.com','0000-00-00 00:00:00','2018-07-31 09:36:18');

--
-- Table structure for table `sub_categories`
--

CREATE TABLE `sub_categories` (
  `id` smallint(11) NOT NULL AUTO_INCREMENT,
  `category_id` smallint(11) NOT NULL,
  `file_id` int(11) DEFAULT NULL,
  `title` text,
  `description` longtext,
  `position` tinyint(4) NOT NULL,
  `created` datetime NOT NULL,
  `updated` timestamp NOT NULL DEFAULT CURRENT_TIMESTAMP ON UPDATE CURRENT_TIMESTAMP,
  PRIMARY KEY (`id`),
  KEY `sub_categories_fk_1` (`category_id`),
  KEY `sub_categories_fk_2` (`file_id`),
  CONSTRAINT `sub_categories_fk_1` FOREIGN KEY (`category_id`) REFERENCES `categories` (`id`),
  CONSTRAINT `sub_categories_fk_2` FOREIGN KEY (`file_id`) REFERENCES `files` (`id`)
) ENGINE=InnoDB AUTO_INCREMENT=93 DEFAULT CHARSET=latin1;

--
-- Dumping data for table `sub_categories`
--

INSERT INTO `sub_categories` VALUES (1,1,NULL,'GPM - Planogram',NULL,1,'2018-01-22 00:00:00','2018-02-22 20:23:16'),(2,1,NULL,'GPM - In Stock',NULL,2,'2018-01-22 00:00:00','2018-02-22 20:23:22'),(3,1,NULL,'Cigarettes Dispenser Unit (CDU) Lighting',NULL,5,'2018-01-22 00:00:00','2018-02-22 20:23:40'),(4,1,NULL,'\'Out of stock card\'',NULL,6,'2018-01-22 00:00:00','2018-02-22 20:23:46'),(7,1,NULL,'Product Educational Unit',NULL,7,'2018-01-22 00:00:00','2018-03-04 15:01:25'),(8,1,NULL,'Auxilary Unit/Gray Slap',NULL,8,'2018-01-22 00:00:00','2018-02-22 20:23:55'),(9,1,NULL,'Price Label',NULL,9,'2018-01-22 00:00:00','2018-02-22 20:23:59'),(10,1,NULL,'Frontal Facing & Forwarding',NULL,10,'2018-01-22 00:00:00','2018-02-22 20:24:08'),(11,2,NULL,'Planogram',NULL,0,'2018-01-22 00:00:00','2018-01-22 14:54:39'),(12,2,NULL,'In Stock','i) Chiller. ii) Arctic Standee. iii) Promo Bin',0,'2018-01-22 00:00:00','2018-01-22 15:29:39'),(13,2,NULL,'\'Out of stock card\'',NULL,0,'2018-01-22 00:00:00','2018-01-22 15:21:06'),(14,2,NULL,'Price Label',NULL,0,'2018-01-22 00:00:00','2018-01-22 15:21:06'),(15,2,NULL,'Frontal Facing & Forwarding',NULL,0,'2018-01-22 00:00:00','2018-01-22 15:21:38'),(16,2,NULL,'Product Gaps',NULL,0,'2018-01-22 00:00:00','2018-01-22 15:21:38'),(17,3,NULL,'Planogram',NULL,0,'2018-01-22 00:00:00','2018-01-22 15:22:26'),(18,3,NULL,'In Stock',NULL,0,'2018-01-22 00:00:00','2018-01-22 15:22:26'),(19,3,NULL,'\'Out of stock card\'',NULL,0,'2018-01-22 00:00:00','2018-01-22 15:23:03'),(20,3,NULL,'Price Label',NULL,0,'2018-01-22 00:00:00','2018-01-22 15:23:03'),(21,3,NULL,'Frontal Facing & Forwarding',NULL,0,'2018-01-22 00:00:00','2018-01-22 15:24:02'),(22,3,NULL,'Product Gaps',NULL,0,'2018-01-22 00:00:00','2018-01-22 15:23:34'),(23,3,NULL,'Unauthorised product',NULL,0,'2018-01-22 00:00:00','2018-01-22 15:23:50'),(24,4,NULL,'Planogram',NULL,0,'2018-01-22 00:00:00','2018-01-22 15:26:15'),(25,4,NULL,'In Stock',NULL,0,'2018-01-22 00:00:00','2018-01-22 15:26:15'),(26,4,NULL,'\'Out of stock card\'',NULL,0,'2018-01-22 00:00:00','2018-01-22 15:26:15'),(27,4,NULL,'Price Label',NULL,0,'2018-01-22 00:00:00','2018-01-22 15:26:15'),(28,4,NULL,'Frontal Facing & Forwarding',NULL,0,'2018-01-22 00:00:00','2018-01-22 15:26:15'),(29,4,NULL,'Product Gaps',NULL,0,'2018-01-22 00:00:00','2018-01-22 15:26:43'),(30,4,NULL,'Unauthorised product',NULL,0,'2018-01-22 00:00:00','2018-01-22 15:26:43'),(31,5,NULL,'Planogram',NULL,0,'2018-01-22 00:00:00','2018-01-22 15:28:52'),(32,5,NULL,'In Stock',NULL,0,'2018-01-22 00:00:00','2018-01-22 15:28:52'),(33,5,NULL,'\'Out of stock card\'',NULL,0,'2018-01-22 00:00:00','2018-01-22 15:28:52'),(34,5,NULL,'Price Label',NULL,0,'2018-01-22 00:00:00','2018-01-22 15:28:52'),(35,5,NULL,'Frontal Facing & Forwarding',NULL,0,'2018-01-22 00:00:00','2018-01-22 15:28:52'),(36,5,NULL,'Product Gaps',NULL,0,'2018-01-22 00:00:00','2018-01-22 15:29:25'),(37,5,NULL,'Unauthorised product',NULL,0,'2018-01-22 00:00:00','2018-01-22 15:29:25'),(38,6,NULL,'Nestle',NULL,0,'2018-01-22 00:00:00','2018-02-22 19:49:33'),(40,7,NULL,'Planogram',NULL,0,'2018-01-22 00:00:00','2018-01-22 15:34:00'),(41,7,NULL,'In Stock',NULL,0,'2018-01-22 00:00:00','2018-01-22 15:34:00'),(42,7,NULL,'\'Out of stock card\'',NULL,0,'2018-01-22 00:00:00','2018-01-22 15:34:00'),(43,7,NULL,'Price Label',NULL,0,'2018-01-22 00:00:00','2018-01-22 15:34:00'),(44,7,NULL,'Frontal Facing & Forwarding',NULL,0,'2018-01-22 00:00:00','2018-01-22 15:34:00'),(45,7,NULL,'Product Gaps',NULL,0,'2018-01-22 00:00:00','2018-01-22 15:34:40'),(46,7,NULL,'Unauthorised product',NULL,0,'2018-01-22 00:00:00','2018-01-22 15:34:40'),(51,8,NULL,'Planogram',NULL,0,'2018-01-22 00:00:00','2018-01-22 15:37:56'),(52,8,NULL,'In Stock',NULL,0,'2018-01-22 00:00:00','2018-01-22 15:37:56'),(53,8,NULL,'\'Out of stock card\'',NULL,0,'2018-01-22 00:00:00','2018-01-22 15:38:34'),(54,8,NULL,'Price Label',NULL,0,'2018-01-22 00:00:00','2018-01-22 15:38:34'),(55,8,NULL,'Frontal Facing & Forwarding',NULL,0,'2018-01-22 00:00:00','2018-01-22 15:39:22'),(56,8,NULL,'Product Gaps',NULL,0,'2018-01-22 00:00:00','2018-01-22 15:39:22'),(57,8,NULL,'Unauthorised product',NULL,0,'2018-01-22 00:00:00','2018-01-22 15:39:34'),(58,9,NULL,'Planogram',NULL,0,'2018-01-22 00:00:00','2018-01-22 15:42:17'),(59,9,NULL,'In Stock',NULL,0,'2018-01-22 00:00:00','2018-01-22 15:42:17'),(60,9,NULL,'\'Out of stock card\'',NULL,0,'2018-01-22 00:00:00','2018-01-22 15:42:17'),(61,9,NULL,'Price Label',NULL,0,'2018-01-22 00:00:00','2018-01-22 15:42:17'),(62,9,NULL,'Frontal Facing & Forwarding',NULL,0,'2018-01-22 00:00:00','2018-01-22 15:42:17'),(63,9,NULL,'Product Gaps',NULL,0,'2018-01-22 00:00:00','2018-01-22 15:43:34'),(64,9,NULL,'Unauthorised product',NULL,0,'2018-01-22 00:00:00','2018-01-22 15:43:34'),(65,10,NULL,NULL,NULL,0,'2018-01-22 00:00:00','2018-02-22 16:39:47'),(66,11,NULL,NULL,NULL,0,'2018-01-22 00:00:00','2018-02-22 16:42:07'),(67,12,NULL,'\'Never out of stock items\' (NOOS) are audited to ensure they are in stock.',NULL,0,'2018-01-22 00:00:00','2018-01-22 15:54:55'),(68,12,NULL,'Maximum OOS cards allowed is 15 cards (exclude tobacco).',NULL,0,'2018-01-22 00:00:00','2018-01-22 15:54:58'),(69,13,NULL,NULL,NULL,0,'2018-01-22 00:00:00','2018-02-22 16:46:09'),(70,14,NULL,NULL,NULL,0,'2018-01-22 00:00:00','2018-02-22 16:54:40'),(71,15,NULL,NULL,NULL,0,'2018-01-22 00:00:00','2018-02-22 16:56:08'),(72,16,NULL,NULL,NULL,0,'2018-01-22 00:00:00','2018-02-22 17:16:10'),(73,17,NULL,NULL,NULL,0,'2018-01-22 00:00:00','2018-02-22 17:25:01'),(74,18,NULL,NULL,NULL,0,'2018-01-22 00:00:00','2018-02-22 17:28:58'),(75,19,NULL,NULL,NULL,0,'2018-01-22 00:00:00','2018-02-22 17:30:13'),(76,20,NULL,NULL,NULL,0,'2018-01-22 00:00:00','2018-02-22 17:35:19'),(77,21,NULL,NULL,NULL,0,'2018-01-22 00:00:00','2018-02-22 17:39:18'),(78,22,NULL,NULL,NULL,0,'2018-01-22 00:00:00','2018-02-22 17:43:30'),(79,23,NULL,NULL,NULL,0,'2018-01-22 00:00:00','2018-02-22 17:46:57'),(80,24,NULL,NULL,NULL,0,'2018-01-22 00:00:00','2018-01-22 16:02:45'),(81,25,NULL,NULL,NULL,0,'2018-01-22 00:00:00','2018-01-22 16:04:07'),(82,26,NULL,NULL,NULL,0,'2018-01-22 00:00:00','2018-01-22 16:04:07'),(84,28,NULL,NULL,NULL,0,'2018-01-22 00:00:00','2018-01-22 16:06:49'),(85,29,NULL,NULL,NULL,0,'2018-01-22 00:00:00','2018-01-22 16:06:49'),(86,30,NULL,NULL,NULL,0,'2018-01-22 00:00:00','2018-01-22 16:06:49'),(87,31,NULL,NULL,NULL,0,'2018-01-22 00:00:00','2018-01-22 16:06:49'),(88,32,NULL,NULL,NULL,0,'2018-01-22 00:00:00','2018-01-22 16:06:49'),(89,33,NULL,NULL,NULL,0,'2018-01-22 00:00:00','2018-01-22 16:07:17'),(90,34,NULL,NULL,NULL,0,'2018-01-22 00:00:00','2018-01-22 16:07:17'),(91,1,NULL,'CMD & JTI - Planogram',NULL,3,'2018-02-23 00:00:00','2018-03-04 15:00:11'),(92,1,NULL,'CMD & JTI - In Stock',NULL,4,'2018-02-23 00:00:00','2018-03-04 15:00:04');

--
-- Table structure for table `sub_category_tag`
--

CREATE TABLE `sub_category_tag` (
  `id` int(11) NOT NULL AUTO_INCREMENT,
  `sub_category_id` smallint(11) NOT NULL,
  `tag_id` tinyint(4) NOT NULL,
  `created` datetime NOT NULL,
  `updated` timestamp NOT NULL DEFAULT CURRENT_TIMESTAMP ON UPDATE CURRENT_TIMESTAMP,
  PRIMARY KEY (`id`),
  KEY `compliance_tag_fk_1` (`sub_category_id`),
  KEY `compliance_tag_fk_2` (`tag_id`),
  CONSTRAINT `compliance_tag_fk_1` FOREIGN KEY (`sub_category_id`) REFERENCES `sub_categories` (`id`) ON DELETE CASCADE,
  CONSTRAINT `compliance_tag_fk_2` FOREIGN KEY (`tag_id`) REFERENCES `tags` (`id`) ON DELETE CASCADE
) ENGINE=InnoDB AUTO_INCREMENT=106 DEFAULT CHARSET=latin1;

--
-- Dumping data for table `sub_category_tag`
--

INSERT INTO `sub_category_tag` VALUES (9,1,1,'2018-02-05 00:00:00','2018-02-05 07:54:14'),(11,2,3,'2018-02-05 00:00:00','2018-02-22 20:31:23'),(12,92,3,'2018-02-05 00:00:00','2018-02-22 20:31:35'),(17,38,3,'2018-02-06 00:00:00','2018-02-05 08:15:09'),(19,40,1,'2018-02-13 00:00:00','2018-02-12 09:37:38'),(20,41,3,'2018-02-13 00:00:00','2018-02-12 09:37:38'),(21,42,3,'2018-02-13 00:00:00','2018-02-12 09:41:04'),(22,43,3,'2018-02-13 00:00:00','2018-02-12 09:41:04'),(23,44,1,'2018-02-13 00:00:00','2018-02-12 09:41:04'),(24,44,3,'2018-02-13 00:00:00','2018-02-12 09:41:04'),(25,45,2,'2018-02-13 00:00:00','2018-02-12 09:41:04'),(26,46,3,'2018-02-13 00:00:00','2018-02-12 09:41:37'),(27,51,1,'2018-02-13 00:00:00','2018-02-12 09:44:58'),(28,52,3,'2018-02-13 00:00:00','2018-02-12 09:44:58'),(29,53,3,'2018-02-13 00:00:00','2018-02-12 09:46:20'),(30,54,3,'2018-02-13 00:00:00','2018-02-12 09:46:20'),(31,55,1,'2018-02-13 00:00:00','2018-02-12 09:46:20'),(32,55,3,'2018-02-13 00:00:00','2018-02-12 09:46:20'),(33,56,2,'2018-02-13 00:00:00','2018-02-12 09:46:20'),(34,57,3,'2018-02-13 00:00:00','2018-02-12 09:46:36'),(35,58,1,'2018-02-13 00:00:00','2018-02-12 09:49:26'),(36,59,3,'2018-02-13 00:00:00','2018-02-12 09:49:26'),(37,60,3,'2018-02-13 00:00:00','2018-02-12 09:49:26'),(38,61,3,'2018-02-13 00:00:00','2018-02-12 09:49:26'),(39,62,1,'2018-02-13 00:00:00','2018-02-12 09:49:26'),(40,62,3,'2018-02-13 00:00:00','2018-02-12 09:50:48'),(41,63,1,'2018-02-13 00:00:00','2018-02-12 09:50:48'),(42,64,3,'2018-02-13 00:00:00','2018-02-12 09:50:48'),(43,65,1,'2018-02-13 00:00:00','2018-02-12 10:00:59'),(44,66,3,'2018-02-13 00:00:00','2018-02-12 10:02:26'),(45,67,3,'2018-02-13 10:58:28','2018-02-12 18:58:39'),(46,68,3,'2018-02-13 10:58:28','2018-02-12 18:58:39'),(47,69,2,'2018-02-13 00:00:00','2018-02-12 19:02:11'),(48,70,1,'2018-02-13 00:00:00','2018-02-12 19:02:11'),(49,70,3,'2018-02-13 00:00:00','2018-02-12 19:02:11'),(50,71,1,'2018-02-13 00:00:00','2018-02-12 19:02:11'),(51,71,3,'2018-02-13 00:00:00','2018-02-12 19:02:11'),(52,72,3,'2018-02-13 00:00:00','2018-02-12 19:05:26'),(53,73,3,'2018-02-13 00:00:00','2018-02-12 19:05:26'),(54,74,3,'2018-02-13 00:00:00','2018-02-12 19:05:26'),(55,75,1,'2018-02-13 00:00:00','2018-02-12 19:05:26'),(56,76,2,'2018-02-13 00:00:00','2018-02-12 19:06:36'),(57,77,2,'2018-02-13 00:00:00','2018-02-12 19:06:36'),(58,78,2,'2018-02-13 00:00:00','2018-02-12 19:09:14'),(59,79,2,'2018-02-13 00:00:00','2018-02-12 19:09:14'),(60,80,2,'2018-02-13 00:00:00','2018-02-12 19:09:14'),(62,82,3,'2018-02-13 00:00:00','2018-02-12 19:10:19'),(64,81,3,'2018-02-23 00:00:00','2018-02-22 18:00:11'),(65,11,1,'2018-02-23 00:00:00','2018-02-22 18:26:13'),(66,12,3,'2018-02-23 00:00:00','2018-02-22 18:39:18'),(67,13,3,'2018-02-23 00:00:00','2018-02-22 18:40:52'),(68,14,1,'2018-02-23 00:00:00','2018-02-22 18:42:31'),(69,14,3,'2018-02-23 00:00:00','2018-02-22 18:42:31'),(70,15,1,'2018-02-23 00:00:00','2018-02-22 18:44:27'),(71,15,3,'2018-02-23 00:00:00','2018-02-22 18:44:27'),(72,16,2,'2018-02-23 00:00:00','2018-02-22 18:45:17'),(73,17,1,'2018-02-23 00:00:00','2018-02-22 19:00:19'),(74,18,3,'2018-02-23 00:00:00','2018-02-22 19:13:51'),(75,19,3,'2018-02-23 00:00:00','2018-02-22 19:13:51'),(76,20,3,'2018-02-23 00:00:00','2018-02-22 19:13:51'),(77,21,1,'2018-02-23 00:00:00','2018-02-22 19:13:51'),(78,21,3,'2018-02-23 00:00:00','2018-02-22 19:13:51'),(79,22,2,'2018-02-23 00:00:00','2018-02-22 19:14:29'),(80,23,3,'2018-02-23 00:00:00','2018-02-22 19:14:29'),(81,24,1,'2018-02-23 00:00:00','2018-02-22 19:28:16'),(82,25,3,'2018-02-23 00:00:00','2018-02-22 19:28:16'),(83,26,3,'2018-02-23 00:00:00','2018-02-22 19:28:16'),(84,27,3,'2018-02-23 00:00:00','2018-02-22 19:28:16'),(85,28,1,'2018-02-23 00:00:00','2018-02-22 19:28:16'),(86,28,3,'2018-02-23 00:00:00','2018-02-22 19:28:16'),(87,29,2,'2018-02-23 00:00:00','2018-02-22 19:28:16'),(88,30,3,'2018-02-23 00:00:00','2018-02-22 19:28:16'),(89,31,1,'2018-02-23 00:00:00','2018-02-22 19:33:32'),(90,32,3,'2018-02-23 00:00:00','2018-02-22 19:33:32'),(91,33,3,'2018-02-23 00:00:00','2018-02-22 19:33:32'),(92,34,3,'2018-02-23 00:00:00','2018-02-22 19:33:32'),(93,35,1,'2018-02-23 00:00:00','2018-02-22 19:33:32'),(94,35,3,'2018-02-23 00:00:00','2018-02-22 19:33:32'),(95,36,2,'2018-02-23 00:00:00','2018-02-22 19:33:32'),(96,37,3,'2018-02-23 00:00:00','2018-02-22 19:33:32'),(97,3,2,'2018-02-23 00:00:00','2018-02-22 20:07:30'),(98,4,3,'2018-02-23 00:00:00','2018-02-22 20:07:30'),(99,7,1,'2018-02-23 00:00:00','2018-02-22 20:07:30'),(100,7,3,'2018-02-23 00:00:00','2018-02-22 20:07:30'),(101,8,3,'2018-02-23 00:00:00','2018-02-22 20:07:30'),(102,9,3,'2018-02-23 00:00:00','2018-02-22 20:07:30'),(103,10,1,'2018-02-23 00:00:00','2018-02-22 20:07:30'),(104,10,3,'2018-02-23 00:00:00','2018-02-22 20:07:30'),(105,91,1,'2018-02-23 00:00:00','2018-02-22 20:32:01');

--
-- Table structure for table `tags`
--

CREATE TABLE `tags` (
  `id` tinyint(4) NOT NULL AUTO_INCREMENT,
  `name` tinytext NOT NULL,
  PRIMARY KEY (`id`)
) ENGINE=InnoDB AUTO_INCREMENT=4 DEFAULT CHARSET=latin1;

--
-- Dumping data for table `tags`
--

INSERT INTO `tags` VALUES (1,'Fast'),(2,'Clean'),(3,'Convenience');

--
-- Dumping routines for database 'cmccommy_audit'
--


